westclay - carmel IN - NOAA Style Historical Reports

Note: The data in these reports are collected by an automated weather station and are not checked for accuracy.
Select a Year or Month report
V/Λ2018 > Jan Feb Mar Apr May Jun Jul Aug Sep Oct Nov Dec
V/Λ2017 > Jan Feb Mar Apr May Jun Jul Aug Sep Oct Nov Dec
V/Λ2016 > Jan Feb Mar Apr May Jun Jul Aug Sep Oct Nov Dec
V/Λ2015 > Jan Feb Mar Apr May Jun Jul Aug Sep Oct Nov Dec
V/Λ2014 > Jan Feb Mar Apr May Jun Jul Aug Sep Oct Nov Dec
V/Λ2013 > Jan Feb Mar Apr May Jun Jul Aug Sep Oct Nov Dec
V/Λ2012 > Jan Feb Mar Apr May Jun Jul Aug Sep Oct Nov Dec
V/Λ2011 > Jan Feb Mar Apr May Jun Jul Aug Sep Oct Nov Dec

Report for 2018 Feb
                   Monthly Climatological Summary for Feb 2018

Name: WestClay   City: Carmel   State: IN
Elevation: 915 ft  Lat: N 39 58' 30"   Lon: W 086 11' 57"

                  Temperature (F), Rain (in), Wind Speed (mph)

                                      Heat  Cool        Avg
    Mean                              Deg   Deg         Wind                 Dom
Day Temp  High   Time   Low    Time   Days  Days  Rain  Speed High   Time    Dir
----------------------------------------------------------------------------------
 1  31.1  42.7   00:00  13.9   23:57  33.9   0.0  0.00   3.6  16.0   11:41     W
 2  15.0  23.4   16:42   8.5   08:22  50.0   0.0  0.00   2.1  12.0   00:40     W
 3  28.4  36.7   23:59  19.3   00:00  36.6   0.0  0.00   4.6  17.0   11:33   SSW
 4  30.5  37.9   00:27  12.9   23:58  34.5   0.0  0.04   3.8  21.0   17:46     W
 5  15.4  24.3   22:13   3.1   08:19  49.6   0.0  0.00   1.2   9.0   00:24   WSW
 6  20.8  24.1   15:57  14.9   09:17  44.2   0.0  0.01   1.5  10.0   08:46    NE
 7  20.8  26.1   13:23  14.6   23:49  44.2   0.0  0.00   3.0  13.0   13:12     N
 8  20.2  28.9   23:00   9.2   05:18  44.8   0.0  0.00   1.1  10.0   09:55   WSW
 9  37.2  49.7   15:58  28.4   00:18  27.8   0.0  0.04   2.4  16.0   13:23    SW
10  28.7  32.7   00:00  26.5   19:02  36.3   0.0  0.01   3.7  14.0   07:03    NE
11  26.6  28.7   05:49  20.5   23:54  38.4   0.0  0.00   2.0  12.0   13:02   NNW
12  24.2  38.1   16:36  12.8   07:47  40.8   0.0  0.03   2.2  13.0   14:50    NE
13  32.0  45.3   15:55  19.9   04:10  33.0   0.0  0.00   2.0  12.0   21:06    SE
14  44.1  54.9   23:58  35.8   00:00  20.9   0.0  0.07   2.0  15.0   22:17    SW
15  58.0  61.8   19:35  52.7   23:59   6.9   0.0  0.36   2.7  15.0   00:16    SW
16  37.2  52.7   00:00  28.2   23:59  27.8   0.0  0.05   3.1  18.0   08:23   NNE
17  30.6  35.0   16:04  24.0   05:28  34.4   0.0  0.08   1.6  17.0   21:29   WSW
18  36.6  47.0   15:50  28.4   05:38  28.4   0.0  0.01   2.1  14.0   22:37   SSW
19  54.2  62.7   23:32  43.0   00:40  10.8   0.0  0.57   3.2  26.0   13:13   SSW
20  68.4  75.2   16:11  62.2   00:00   0.4   3.8  0.00   5.7  31.0   10:37   SSW
21  40.8  67.9   00:08  35.9   09:39  24.3   0.1  1.00   4.2  19.0   01:36    NE
22  40.4  46.0   15:01  34.6   09:20  24.6   0.0  0.27   3.2  16.0   06:18   ENE
23  48.3  54.2   13:22  43.3   23:54  16.7   0.0  0.09   2.3  15.0   09:33   WSW
24  45.5  54.3   23:53  39.7   04:36  19.5   0.0  1.17   2.0  14.0   15:29   ENE
25  43.6  56.8   02:23  36.4   09:13  21.4   0.0  0.04   4.8  26.0   02:29   WSW
26  42.6  58.6   16:12  29.0   06:26  22.4   0.0  0.00   0.7   9.0   15:24    SW
27  48.5  63.7   16:41  32.8   04:02  16.5   0.0  0.00   2.2  17.0   13:48   SSW
28  54.8  62.8   14:19  49.8   02:04  10.2   0.0  0.06   1.5  12.0   10:46   SSW
----------------------------------------------------------------------------------
    36.6  75.2    20     3.1     5   799.3   3.9  3.90   2.7  31.0    20     WSW

Max >=  80.0:  0
Max <=  32.0:  6
Min <=  32.0: 17
Min <=   0.0:  0
Max Rain: 1.17 on day 24
Days of Rain: 17 (>= 0.01 in)  5 (>= 0.10 in)  2 (>= 1.00 in)
Heat Base: 65.0  Cool Base: 65.0  Method: Integration