westclay - carmel IN - NOAA Style Historical Reports

Note: The data in these reports are collected by an automated weather station and are not checked for accuracy.
Select a Year or Month report
V/Λ2018 > Jan Feb Mar Apr May Jun Jul Aug Sep Oct Nov Dec
V/Λ2017 > Jan Feb Mar Apr May Jun Jul Aug Sep Oct Nov Dec
V/Λ2016 > Jan Feb Mar Apr May Jun Jul Aug Sep Oct Nov Dec
V/Λ2015 > Jan Feb Mar Apr May Jun Jul Aug Sep Oct Nov Dec
V/Λ2014 > Jan Feb Mar Apr May Jun Jul Aug Sep Oct Nov Dec
V/Λ2013 > Jan Feb Mar Apr May Jun Jul Aug Sep Oct Nov Dec
V/Λ2012 > Jan Feb Mar Apr May Jun Jul Aug Sep Oct Nov Dec
V/Λ2011 > Jan Feb Mar Apr May Jun Jul Aug Sep Oct Nov Dec

Report for 2017 Dec
                   Monthly Climatological Summary for Dec 2017

Name: WestClay   City: Carmel   State: IN
Elevation: 915 ft  Lat: N 39 58' 30"   Lon: W 086 11' 57"

                  Temperature (F), Rain (in), Wind Speed (mph)

                                      Heat  Cool        Avg
    Mean                              Deg   Deg         Wind                 Dom
Day Temp  High   Time   Low    Time   Days  Days  Rain  Speed High   Time    Dir
----------------------------------------------------------------------------------
 1  39.4  54.8   16:38  29.0   08:24  25.6   0.0  0.00   0.2   7.0   13:00    SW
 2  41.1  56.9   15:54  30.7   03:24  23.9   0.0  0.00   0.6   9.0   13:06   SSW
 3  43.8  58.9   15:39  30.2   07:23  21.2   0.0  0.00   0.5   8.0   13:40   SSW
 4  54.6  64.1   15:28  45.4   03:53  10.4   0.0  0.00   4.2  23.0   13:44   SSW
 5  39.6  61.1   00:38  29.2   23:56  25.4   0.0  0.22   5.3  22.0   00:22   WSW
 6  33.9  40.8   15:07  27.9   07:49  31.2   0.0  0.00   3.9  19.0   13:38   WSW
 7  25.7  35.7   00:12  21.7   23:58  39.3   0.0  0.00   3.5  16.0   09:02     W
 8  23.9  34.4   15:54  15.7   07:59  41.0   0.0  0.00   2.3  13.0   11:02    SW
 9  27.6  32.0   13:47  23.9   23:56  37.4   0.0  0.00   4.2  19.0   18:01   WSW
10  27.9  38.3   15:58  19.4   04:40  37.1   0.0  0.01   3.1  18.0   11:00    SW
11  33.5  44.1   15:27  21.6   04:20  31.5   0.0  0.00   2.2  18.0   22:36    SW
12  25.3  34.6   00:44  17.0   23:39  39.7   0.0  0.00   4.0  19.0   06:33   WNW
13  29.2  41.2   18:23  17.2   00:00  35.8   0.0  0.01   4.9  26.0   14:38    SW
14  26.8  31.4   15:19  20.9   08:53  38.2   0.0  0.00   2.3  22.0   00:09   NNE
15  28.4  33.5   23:54  24.3   00:23  36.5   0.0  0.00   3.1  19.0   12:53   WSW
16  40.2  50.3   15:58  32.6   08:16  24.8   0.0  0.00   3.8  21.0   11:02    SW
17  41.0  44.5   13:35  38.4   08:14  24.0   0.0  0.00   1.6  11.0   12:32   SSW
18  43.2  46.0   16:29  40.9   03:46  21.8   0.0  0.01   3.0  15.0   15:18    SW
19  43.0  47.2   15:50  39.7   06:07  22.0   0.0  0.00   2.7  17.0   13:55    SW
20  37.3  44.8   16:10  31.4   06:46  27.7   0.0  0.00   1.5  11.0   10:07   ENE
21  38.8  50.6   16:14  27.2   07:42  26.2   0.0  0.00   0.7  10.0   11:17   ESE
22  46.1  52.0   12:12  37.3   23:48  18.8   0.0  0.03   2.1  11.0   00:47   WSW
23  33.2  37.3   00:00  30.2   20:04  31.8   0.0  0.56   2.2  13.0   02:24   NNE
24  26.8  30.7   14:28  18.3   22:28  38.2   0.0  0.00   2.7  18.0   19:32     W
25  18.8  21.2   15:33  15.2   08:33  46.2   0.0  0.00   4.7  19.0   00:12     W
26   9.4  15.5   00:00   1.9   23:55  55.6   0.0  0.00   1.4  10.0   06:16   WNW
27   3.1   9.4   16:05  -2.2   08:34  61.9   0.0  0.00   1.3  11.0   12:40     N
28  11.7  19.7   15:41   1.5   00:00  53.3   0.0  0.00   1.1  10.0   13:16     E
29  16.2  18.2   02:12  13.6   08:57  48.8   0.0  0.00   1.6  13.0   07:31     W
30   9.9  15.7   02:21  -0.3   21:33  55.1   0.0  0.00   2.1  14.0   13:08   WNW
31   4.0  10.3   15:04  -0.6   23:50  61.0   0.0  0.00   1.8   9.0   10:37   NNW
----------------------------------------------------------------------------------
    29.8  64.1     4    -2.2    27  1091.4   0.0  0.84   2.5  26.0    13     WSW

Max >=  80.0:  0
Max <=  32.0: 10
Min <=  32.0: 25
Min <=   0.0:  3
Max Rain: 0.56 on day 23
Days of Rain: 6 (>= 0.01 in)  2 (>= 0.10 in)  0 (>= 1.00 in)
Heat Base: 65.0  Cool Base: 65.0  Method: Integration