westclay - carmel IN - NOAA Style Historical Reports

Note: The data in these reports are collected by an automated weather station and are not checked for accuracy.
Select a Year or Month report
V/Λ2018 > Jan Feb Mar Apr May Jun Jul Aug Sep Oct Nov Dec
V/Λ2017 > Jan Feb Mar Apr May Jun Jul Aug Sep Oct Nov Dec
V/Λ2016 > Jan Feb Mar Apr May Jun Jul Aug Sep Oct Nov Dec
V/Λ2015 > Jan Feb Mar Apr May Jun Jul Aug Sep Oct Nov Dec
V/Λ2014 > Jan Feb Mar Apr May Jun Jul Aug Sep Oct Nov Dec
V/Λ2013 > Jan Feb Mar Apr May Jun Jul Aug Sep Oct Nov Dec
V/Λ2012 > Jan Feb Mar Apr May Jun Jul Aug Sep Oct Nov Dec
V/Λ2011 > Jan Feb Mar Apr May Jun Jul Aug Sep Oct Nov Dec

Report for 2017 Oct
                   Monthly Climatological Summary for Oct 2017

Name: WestClay   City: Carmel   State: IN
Elevation: 915 ft  Lat: N 39 58' 30"   Lon: W 086 11' 57"

                  Temperature (F), Rain (in), Wind Speed (mph)

                                      Heat  Cool        Avg
    Mean                              Deg   Deg         Wind                 Dom
Day Temp  High   Time   Low    Time   Days  Days  Rain  Speed High   Time    Dir
----------------------------------------------------------------------------------
 1  59.9  75.3   16:26  45.8   06:22   7.2   2.2  0.00   0.9  11.0   15:47   ESE
 2  66.8  81.7   15:41  55.8   08:03   3.2   5.0  0.00   1.0  12.0   14:50     S
 3  70.9  83.4   15:17  60.5   07:00   1.0   6.9  0.00   1.7  15.0   10:43    SW
 4  71.7  80.5   17:08  66.1   09:07   0.0   6.7  0.26   1.7  11.0   13:17    SW
 5  68.3  71.3   16:48  65.9   09:04   0.0   3.3  0.71   0.8  11.0   12:24    SW
 6  69.2  76.0   17:16  65.2   08:39   0.0   4.2  0.04   0.6   8.0   03:22   SSW
 7  71.9  84.5   16:01  62.0   23:20   0.4   7.3  0.29   4.2  25.0   17:50   SSW
 8  62.6  72.0   11:58  54.7   08:03   3.4   1.0  0.14   1.1  12.0   00:46     E
 9  66.2  75.6   17:50  62.7   00:00   1.0   2.2  0.00   0.5   8.0   15:47   SSW
10  66.0  73.6   17:13  61.0   03:23   1.1   2.1  0.78   0.5  10.0   18:12     E
11  60.0  67.2   05:50  56.4   09:57   5.3   0.3  0.08   2.0  15.0   06:54   WSW
12  59.2  64.7   17:00  55.1   08:46   5.8   0.0  0.02   0.5   7.0   04:39   ENE
13  64.4  76.0   17:21  58.0   06:34   2.8   2.2  0.00   0.8  12.0   15:48   SSW
14  70.1  83.3   16:23  59.7   08:14   1.7   6.8  0.00   2.0  15.0   15:42   SSW
15  61.5  73.6   05:43  51.1   23:47   5.8   2.4  0.17   3.9  21.0   07:52   WSW
16  52.5  63.4   17:10  44.2   08:27  12.5   0.0  0.00   1.1  11.0   00:35   NNW
17  54.6  69.8   17:06  42.5   06:54  10.9   0.5  0.00   1.5  16.0   13:06    SW
18  55.9  71.9   16:58  42.4   08:12  10.0   0.9  0.00   1.6  17.0   13:09   SSW
19  61.1  78.4   17:12  50.2   08:16   6.6   2.7  0.00   1.2  11.0   15:52    SW
20  62.2  79.3   16:44  50.1   07:14   6.0   3.2  0.00   0.7  12.0   14:58   SSW
21  63.5  77.2   16:19  52.2   08:01   4.1   2.6  0.00   1.2  11.0   15:07   SSW
22  67.5  79.0   15:35  58.0   08:03   1.8   4.3  0.00   2.4  19.0   18:03   SSW
23  58.8  68.4   00:00  47.8   19:41   6.6   0.4  0.65   2.0  15.0   13:10   WSW
24  46.0  49.7   02:39  41.2   23:34  19.0   0.0  0.13   3.9  18.0   15:27   WSW
25  42.4  49.7   17:10  36.1   23:55  22.6   0.0  0.01   1.8  11.0   00:56   WSW
26  46.8  63.7   16:56  32.5   05:53  18.2   0.0  0.00   1.6  13.0   22:23     S
27  43.6  54.4   00:37  35.1   23:56  21.4   0.0  0.21   2.0  11.0   00:44   WSW
28  37.3  40.0   15:52  35.0   00:06  27.7   0.0  0.01   2.1  12.0   11:04   WSW
29  36.9  41.1   15:05  33.3   21:29  28.1   0.0  0.00   1.2   9.0   14:25     W
30  39.5  45.1   18:02  31.2   02:01  25.5   0.0  0.09   2.9  16.0   16:09    SW
31  38.3  43.8   16:30  34.4   02:40  26.7   0.0  0.00   2.4  14.0   08:09   WSW
----------------------------------------------------------------------------------
    57.9  84.5     7    31.2    30   286.4  67.2  3.59   1.7  25.0     7      SW

Max >=  80.0:  5
Max <=  32.0:  0
Min <=  32.0:  1
Min <=   0.0:  0
Max Rain: 0.78 on day 10
Days of Rain: 15 (>= 0.01 in)  9 (>= 0.10 in)  0 (>= 1.00 in)
Heat Base: 65.0  Cool Base: 65.0  Method: Integration