westclay - carmel IN - NOAA Style Historical Reports

Note: The data in these reports are collected by an automated weather station and are not checked for accuracy.
Select a Year or Month report
V/Λ2018 > Jan Feb Mar Apr May Jun Jul Aug Sep Oct Nov Dec
V/Λ2017 > Jan Feb Mar Apr May Jun Jul Aug Sep Oct Nov Dec
V/Λ2016 > Jan Feb Mar Apr May Jun Jul Aug Sep Oct Nov Dec
V/Λ2015 > Jan Feb Mar Apr May Jun Jul Aug Sep Oct Nov Dec
V/Λ2014 > Jan Feb Mar Apr May Jun Jul Aug Sep Oct Nov Dec
V/Λ2013 > Jan Feb Mar Apr May Jun Jul Aug Sep Oct Nov Dec
V/Λ2012 > Jan Feb Mar Apr May Jun Jul Aug Sep Oct Nov Dec
V/Λ2011 > Jan Feb Mar Apr May Jun Jul Aug Sep Oct Nov Dec

Report for 2017 Sep
                   Monthly Climatological Summary for Sep 2017

Name: WestClay   City: Carmel   State: IN
Elevation: 915 ft  Lat: N 39 58' 30"   Lon: W 086 11' 57"

                  Temperature (F), Rain (in), Wind Speed (mph)

                                      Heat  Cool        Avg
    Mean                              Deg   Deg         Wind                 Dom
Day Temp  High   Time   Low    Time   Days  Days  Rain  Speed High   Time    Dir
----------------------------------------------------------------------------------
 1  61.3  65.8   13:28  56.3   08:04   3.8   0.1  0.00   6.3  21.0   14:25    NE
 2  63.2  77.6   17:05  51.7   07:28   4.6   2.8  0.00   2.8  15.0   01:26    NE
 3  70.4  83.5   15:48  60.6   00:43   1.2   6.6  0.00   1.3  11.0   14:59   WNW
 4  74.0  89.3   16:24  59.4   07:24   1.0  10.1  0.00   3.2  19.0   15:39    SW
 5  65.8  72.0   17:27  57.9   23:58   1.4   2.2  0.00   2.4  14.0   13:57   WNW
 6  57.8  68.4   17:14  49.6   07:19   7.4   0.2  0.09   1.5  13.0   13:34   WNW
 7  57.4  68.1   19:11  48.3   06:59   7.9   0.2  0.00   1.2  12.0   10:56     W
 8  64.2  80.8   17:59  49.4   07:37   5.4   4.6  0.00   1.2  10.0   20:47   NNW
 9  65.7  77.6   16:09  57.2   23:59   2.8   3.4  0.00   2.5  15.0   14:12   ENE
10  62.1  78.4   16:47  47.7   07:36   6.4   3.6  0.00   1.7  12.0   15:10   ENE
11  61.5  73.7   15:42  49.8   06:06   5.6   2.1  0.00   2.6  14.0   17:06    NE
12  64.8  76.9   15:55  55.0   06:33   3.4   3.1  0.00   3.3  15.0   10:37   ENE
13  64.1  69.1   16:20  61.1   23:28   1.4   0.5  0.07   0.6   9.0   13:23   ESE
14  67.5  80.8   17:15  58.7   07:23   1.7   4.2  0.00   0.4   7.0   16:32     S
15  71.2  87.8   18:00  58.0   07:36   1.9   8.1  0.00   0.5   8.0   15:03    SE
16  74.3  90.7   17:15  62.5   07:39   0.3   9.6  0.00   0.5   9.0   12:20     S
17  76.4  92.3   16:22  65.0   07:47   0.0  11.4  0.00   1.1  13.0   20:20    SW
18  74.9  87.9   16:11  69.1   08:00   0.0   9.7  0.07   0.9  10.0   16:38     E
19  72.4  80.9   16:07  67.6   07:58   0.0   7.4  0.25   0.9  10.0   16:02    SW
20  77.2  92.4   16:52  65.9   07:40   0.0  12.2  0.00   0.9  10.0   12:20   SSW
21  80.7  93.8   17:56  70.1   07:24   0.0  15.7  0.00   0.7   9.0   10:33   SSW
22  78.7  96.7   16:34  69.0   07:18   0.0  13.7  0.10   0.5  21.0   17:45    NE
23  79.4  95.5   17:12  67.0   08:00   0.0  14.4  0.00   0.6  11.0   14:46   ENE
24  78.5  94.9   16:41  64.9   08:00   0.0  13.5  0.00   0.5   9.0   14:16   ESE
25  77.0  93.7   17:34  62.2   07:50   0.4  12.3  0.00   0.4   7.0   16:05    SE
26  79.1  92.9   17:20  67.2   07:56   0.0  14.1  0.00   0.7   9.0   15:43    SW
27  71.8  79.8   15:34  60.2   23:59   0.2   7.0  0.00   2.5  16.0   15:09   NNE
28  62.3  75.7   16:37  51.5   08:04   5.0   2.2  0.00   2.4  13.0   11:30    NE
29  61.9  77.2   15:58  49.7   07:11   6.2   3.1  0.00   2.3  17.0   19:00     N
30  59.5  75.8   17:08  49.7   08:26   7.4   1.9  0.00   2.2  15.0   15:05   ENE
----------------------------------------------------------------------------------
    69.2  96.7    22    47.7    10    75.4 200.0  0.58   1.6  21.0     1      NE

Max >=  80.0: 16
Max <=  32.0:  0
Min <=  32.0:  0
Min <=   0.0:  0
Max Rain: 0.25 on day 19
Days of Rain: 5 (>= 0.01 in)  2 (>= 0.10 in)  0 (>= 1.00 in)
Heat Base: 65.0  Cool Base: 65.0  Method: Integration