westclay - carmel IN - NOAA Style Historical Reports

Note: The data in these reports are collected by an automated weather station and are not checked for accuracy.
Select a Year or Month report

Report for 2017 Aug
                   Monthly Climatological Summary for Aug 2017

Name: WestClay   City: Carmel   State: IN
Elevation: 915 ft  Lat: N 39 58' 30"   Lon: W 086 11' 57"

                  Temperature (F), Rain (in), Wind Speed (mph)

                                      Heat  Cool        Avg
    Mean                              Deg   Deg         Wind                 Dom
Day Temp  High   Time   Low    Time   Days  Days  Rain  Speed High   Time    Dir
----------------------------------------------------------------------------------
 1  74.0  88.8   15:26  66.7   07:02   0.0   9.0  0.88   0.7  22.0   15:52     S
 2  75.0  85.1   15:58  65.2   07:10   0.0  10.0  0.24   1.2  10.0   17:08   WSW
 3  76.8  89.1   17:24  67.4   07:12   0.0  11.8  0.00   1.8  16.0   14:47    SW
 4  66.2  76.4   00:00  59.2   23:55   1.4   2.6  0.06   3.8  18.0   15:57   WSW
 5  66.6  78.6   15:23  55.2   06:16   3.1   4.7  0.00   1.5  11.0   12:30   WSW
 6  68.1  73.5   18:53  64.4   06:48   0.0   3.2  0.00   0.3   7.0   17:28    SE
 7  70.9  80.7   15:39  64.0   06:55   0.1   6.0  0.00   2.2  13.0   12:59    NE
 8  70.5  84.9   18:08  56.9   06:55   1.8   7.3  0.00   2.3  14.0   14:45    NE
 9  72.5  87.5   18:16  57.8   07:05   1.6   9.1  0.00   0.7  10.0   12:26     E
10  74.2  87.3   17:25  61.6   06:41   0.6   9.8  0.00   1.0   9.0   14:00   WSW
11  75.6  84.1   17:00  69.0   06:36   0.0  10.6  0.00   1.7  10.0   05:45   WSW
12  70.0  80.8   17:48  59.6   07:16   1.0   5.9  0.00   1.9  14.0   17:48   NNE
13  71.2  87.3   17:13  57.2   07:12   1.9   8.1  0.00   0.7  11.0   12:40   ESE
14  75.3  87.3   15:57  63.5   07:23   0.1  10.4  0.00   0.8  10.0   15:21    SW
15  77.9  90.2   17:38  67.6   06:52   0.0  12.9  0.00   1.1  10.0   11:08     W
16  80.8  93.5   15:25  69.1   07:30   0.0  15.8  0.00   1.1  12.0   16:04   SSW
17  80.1  87.9   14:47  75.1   07:02   0.0  15.1  0.00   3.5  19.0   15:32    SW
18  75.7  85.9   17:20  66.6   07:12   0.0  10.7  0.00   2.4  14.0   13:10   WSW
19  77.2  89.7   17:20  67.0   07:35   0.0  12.2  0.01   1.4  11.0   16:53   NNE
20  79.4  92.7   16:45  66.3   07:18   0.0  14.4  0.00   0.8  10.0   13:32   WSW
21  79.0  89.5   13:03  71.9   16:12   0.0  14.0  0.50   1.4  24.0   15:43    SW
22  74.5  81.7   17:08  67.1   23:50   0.0   9.5  0.08   2.4  18.0   17:14   WSW
23  68.9  79.6   15:25  59.8   07:13   1.1   5.0  0.00   1.3  13.0   14:29     N
24  67.7  80.5   16:21  56.0   06:43   2.3   5.0  0.00   1.3  12.0   22:08   NNE
25  66.7  80.4   16:13  55.7   07:33   2.6   4.4  0.00   2.4  11.0   17:07    NE
26  68.0  83.0   16:46  53.6   07:22   3.2   6.2  0.00   1.1  10.0   13:03   ENE
27  71.2  86.3   17:07  57.3   07:40   1.3   7.5  0.00   0.8   9.0   16:18     E
28  71.0  83.3   15:02  62.0   07:59   0.5   6.5  0.51   0.9  13.0   23:26   ENE
29  71.1  84.1   17:28  62.8   07:27   0.6   6.7  0.04   1.0  11.0   12:52    NE
30  71.7  82.9   16:58  61.7   07:39   0.5   7.3  0.00   1.2  11.0   14:33    NE
31  69.7  81.8   14:23  60.7   07:10   0.8   5.5  0.00   2.7  19.0   20:22    NE
----------------------------------------------------------------------------------
    72.8  93.5    16    53.6    26    24.5 267.2  2.32   1.5  24.0    21       W

Max >=  80.0: 27
Max <=  32.0:  0
Min <=  32.0:  0
Min <=   0.0:  0
Max Rain: 0.88 on day 1
Days of Rain: 8 (>= 0.01 in)  4 (>= 0.10 in)  0 (>= 1.00 in)
Heat Base: 65.0  Cool Base: 65.0  Method: Integration