westclay - carmel IN - NOAA Style Historical Reports

Note: The data in these reports are collected by an automated weather station and are not checked for accuracy.
Select a Year or Month report

Report for 2017 Apr
                   Monthly Climatological Summary for Apr 2017

Name: WestClay   City: Carmel   State: IN
Elevation: 915 ft  Lat: N 39 58' 30"   Lon: W 086 11' 57"

                  Temperature (F), Rain (in), Wind Speed (mph)

                                      Heat  Cool        Avg
    Mean                              Deg   Deg         Wind                 Dom
Day Temp  High   Time   Low    Time   Days  Days  Rain  Speed High   Time    Dir
----------------------------------------------------------------------------------
 1  46.6  60.9   17:59  38.8   00:19  18.4   0.0  0.01   2.4  14.0   15:01    NE
 2  52.9  67.6   17:12  41.8   06:07  12.2   0.2  0.00   1.0  12.0   14:22     E
 3  58.7  69.2   15:59  50.6   06:02   6.8   0.6  0.59   1.9  20.0   21:39   SSW
 4  54.4  59.4   16:44  49.0   23:59  10.6   0.0  0.00   4.5  20.0   14:15     W
 5  50.0  57.9   13:42  45.5   07:48  15.0   0.0  0.46   3.3  17.0   08:23   ENE
 6  41.9  47.1   17:06  35.3   07:45  23.1   0.0  0.22   5.5  32.0   16:50   NNE
 7  42.9  55.3   17:31  34.5   04:40  22.1   0.0  0.00   3.5  21.0   09:59   NNW
 8  50.6  68.8   17:20  32.7   07:30  14.8   0.4  0.00   1.7  12.0   12:43   SSW
 9  64.3  78.7   17:28  49.7   06:55   5.3   4.5  0.00   4.4  25.0   14:12   SSW
10  67.0  74.9   15:47  59.2   18:40   0.7   2.7  0.69   5.2  24.0   08:41    SW
11  58.4  64.9   00:00  50.9   23:58   6.6   0.0  0.00   2.6  13.0   04:51     W
12  54.0  69.7   18:02  38.6   07:33  11.4   0.4  0.00   1.3  11.0   14:30    NE
13  61.2  79.1   17:24  46.6   06:36   6.9   3.0  0.00   1.1  11.0   19:57    SE
14  64.8  83.7   15:35  50.9   06:00   4.7   4.4  0.34   1.1  15.0   17:32    SE
15  72.0  82.9   17:35  59.0   06:46   0.6   7.7  0.01   3.4  26.0   16:48    SW
16  67.5  74.4   14:13  61.0   23:59   0.3   2.7  0.00   3.6  20.0   13:28   WSW
17  61.7  73.3   18:01  51.4   07:22   5.0   1.7  0.00   1.1  12.0   12:44   ENE
18  63.7  81.1   16:30  44.6   07:15   6.7   5.3  0.00   1.6  16.0   17:17     S
19  71.8  84.4   17:32  62.2   07:06   0.5   7.3  0.00   2.6  15.0   17:14    SW
20  70.0  79.2   15:43  58.9   23:59   0.2   5.2  0.54   3.4  21.0   15:49    SW
21  51.7  59.0   15:09  45.6   23:59  13.3   0.0  0.00   3.0  16.0   15:53     N
22  49.2  60.5   18:24  43.4   07:06  15.8   0.0  0.00   5.0  20.0   14:54    NE
23  56.0  74.5   17:11  39.1   07:20  10.7   1.7  0.00   3.7  20.0   17:22    NE
24  64.0  80.7   17:59  48.4   06:15   5.8   4.8  0.00   2.7  16.0   14:14   ENE
25  66.8  79.6   18:07  54.2   06:06   3.0   4.8  0.00   1.4  10.0   10:44     S
26  69.9  86.4   15:58  60.5   20:09   1.3   6.2  0.54   2.6  27.0   19:46   SSW
27  56.5  68.7   01:31  49.6   23:55   8.6   0.1  0.08   3.8  20.0   08:18   WSW
28  52.5  59.0   16:16  46.5   04:33  12.5   0.0  0.61   1.1  13.0   19:34     E
29  58.2  68.4   16:15  54.3   22:42   7.1   0.3  2.07   2.5  19.0   22:39    NE
30  62.0  70.6   11:13  53.9   04:00   3.9   0.9  0.66   1.9  20.0   10:08     S
----------------------------------------------------------------------------------
    58.7  86.4    26    32.7     8   253.9  64.9  6.82   2.8  32.0     6      SW

Max >=  80.0:  6
Max <=  32.0:  0
Min <=  32.0:  0
Min <=   0.0:  0
Max Rain: 2.07 on day 29
Days of Rain: 13 (>= 0.01 in)  10 (>= 0.10 in)  1 (>= 1.00 in)
Heat Base: 65.0  Cool Base: 65.0  Method: Integration