westclay - carmel IN - NOAA Style Historical Reports

Note: The data in these reports are collected by an automated weather station and are not checked for accuracy.
Select a Year or Month report

Report for 2017 Feb
                   Monthly Climatological Summary for Feb 2017

Name: WestClay   City: Carmel   State: IN
Elevation: 915 ft  Lat: N 39 58' 30"   Lon: W 086 11' 57"

                  Temperature (F), Rain (in), Wind Speed (mph)

                                      Heat  Cool        Avg
    Mean                              Deg   Deg         Wind                 Dom
Day Temp  High   Time   Low    Time   Days  Days  Rain  Speed High   Time    Dir
----------------------------------------------------------------------------------
 1  36.9  40.7   12:24  32.1   21:49  28.1   0.0  0.00   2.5  12.0   04:21     W
 2  25.0  32.2   00:00  20.2   09:33  39.8   0.0  0.00   2.9  13.0   00:24     W
 3  21.9  29.7   16:03  17.5   08:20  43.1   0.0  0.00   2.1  15.0   14:38   WNW
 4  25.0  36.3   16:01  12.1   07:15  40.0   0.0  0.00   2.1  15.0   16:45   SSW
 5  37.5  47.0   15:12  29.4   23:58  27.5   0.0  0.00   3.2  16.0   10:24   WSW
 6  40.8  55.0   13:23  26.8   04:07  24.2   0.0  0.01   1.8  16.0   12:56   SSW
 7  55.4  60.7   08:10  44.0   23:57   9.6   0.0  0.20   4.8  26.0   12:58    SW
 8  32.7  44.0   00:00  24.7   23:59  32.3   0.0  0.00   3.6  16.0   02:20   NNE
 9  18.6  25.3   01:12  12.9   23:27  46.4   0.0  0.01   3.1  16.0   11:47     W
10  33.9  51.5   23:17  13.2   00:00  31.1   0.0  0.01   4.0  21.0   15:38   SSW
11  56.8  66.8   16:23  48.4   08:14   8.3   0.1  0.10   2.9  17.0   01:08    SW
12  46.4  57.7   00:00  34.6   23:51  18.6   0.0  0.02   4.0  27.0   14:28   WNW
13  36.5  46.9   15:08  27.1   07:46  28.5   0.0  0.00   1.5  13.0   00:11     W
14  42.8  52.6   15:10  35.6   08:19  22.2   0.0  0.00   3.5  19.0   13:43   WSW
15  34.6  40.7   00:00  29.0   21:58  30.4   0.0  0.00   3.2  19.0   10:30    NW
16  37.5  48.2   15:40  29.5   00:00  27.5   0.0  0.00   1.5  11.0   15:37   SSW
17  53.2  67.9   16:32  41.5   07:43  12.0   0.2  0.00   3.3  16.0   16:03    SW
18  55.0  68.3   15:27  46.3   07:32  10.2   0.2  0.00   2.8  14.0   11:24    SW
19  54.0  68.8   16:09  47.4   23:35  11.3   0.3  0.00   1.3  12.0   02:07   WSW
20  53.3  69.4   16:34  40.6   05:58  12.1   0.4  0.00   1.0  11.0   15:47   SSE
21  58.1  64.7   14:37  52.4   07:29   6.9   0.0  0.00   1.3  11.0   11:33   SSW
22  58.8  68.4   15:35  51.7   08:07   6.5   0.3  0.00   1.8  12.0   13:43   SSW
23  59.4  68.0   15:27  53.2   07:16   5.9   0.3  0.00   0.8   7.0   00:05   SSW
24  60.3  70.8   12:20  44.4   23:59   5.6   0.9  0.30   4.0  21.0   11:30    SW
25  31.3  44.4   00:00  25.9   12:13  33.7   0.0  0.00   5.6  20.0   12:06     W
26  33.9  46.9   14:47  21.3   05:51  31.1   0.0  0.02   2.8  21.0   13:50    SW
27  45.7  53.7   14:44  38.6   00:01  19.3   0.0  0.00   1.5  12.0   12:05   SSW
28  52.3  64.2   22:31  44.8   00:00  12.6   0.0  0.28   3.0  33.0   22:18   SSW
----------------------------------------------------------------------------------
    42.8  70.8    24    12.1     4   624.8   2.7  0.95   2.7  33.0    28     WSW

Max >=  80.0:  0
Max <=  32.0:  2
Min <=  32.0: 13
Min <=   0.0:  0
Max Rain: 0.30 on day 24
Days of Rain: 9 (>= 0.01 in)  4 (>= 0.10 in)  0 (>= 1.00 in)
Heat Base: 65.0  Cool Base: 65.0  Method: Integration