westclay - carmel IN - NOAA Style Historical Reports

Note: The data in these reports are collected by an automated weather station and are not checked for accuracy.
Select a Year or Month report
V/Λ2018 > Jan Feb Mar Apr May Jun Jul Aug Sep Oct Nov Dec
V/Λ2017 > Jan Feb Mar Apr May Jun Jul Aug Sep Oct Nov Dec
V/Λ2016 > Jan Feb Mar Apr May Jun Jul Aug Sep Oct Nov Dec
V/Λ2015 > Jan Feb Mar Apr May Jun Jul Aug Sep Oct Nov Dec
V/Λ2014 > Jan Feb Mar Apr May Jun Jul Aug Sep Oct Nov Dec
V/Λ2013 > Jan Feb Mar Apr May Jun Jul Aug Sep Oct Nov Dec
V/Λ2012 > Jan Feb Mar Apr May Jun Jul Aug Sep Oct Nov Dec
V/Λ2011 > Jan Feb Mar Apr May Jun Jul Aug Sep Oct Nov Dec

Report for 2017
                   Annual Climatological Summary for 2017

Name: WestClay   City: Carmel   State: IN
Elevation: 915 ft  Lat: N 39 58' 30"   Lon: W 086 11' 57"

                  Temperature (F), Heat Base: 65.0  Cool Base: 65.0
                          Dep.  Heat  Cool                       Max  Max  Min  Min
        Mean  Mean        From  Deg   Deg                        >=   <=   <=   <=
 YR MO  Max   Min   Mean  Norm  Days  Days  Hi  Date  Low  Date 80.0 32.0 32.0   0.0
------------------------------------------------------------------------------------
 17  1  41.6  27.7  34.3   6.2   953     0  67.7  21  -1.2    7    0    7   17    1
 17  2  53.2  33.8  42.8  10.7   624     2  70.8  24  12.1    4    0    2   13    0
 17  3  52.8  35.1  43.3   1.1   678     6  75.1  24  17.4   14    0    2   14    0
 17  4  70.7  48.6  58.7   5.7   253    64  86.4  26  32.7    8    6    0    0    0
 17  5  73.9  53.2  62.8   0.1   185   119  89.5  18  34.7    8   11    0    0    0
 17  6  85.4  62.8  73.7   1.7    30   291  95.3  12  51.0   27   24    0    0    0
 17  7  87.5  67.1  76.4   1.0     6   359  92.9  12  57.7   29   31    0    0    0
 17  8  84.7  62.8  72.8  -1.4    24   267  93.5  16  53.6   26   27    0    0    0
 17  9  82.3  58.7  69.2   2.3    75   199  96.7  22  47.7   10   16    0    0    0
 17 10  68.2  49.9  57.9   2.9   286    67  84.5   7  31.2   30    5    0    1    0
 17 11  52.5  35.1  43.4  -0.2   650     0  70.1   5  24.3   22    0    0   11    0
 17 12  37.9  22.6  29.8  -1.8  1091     0  64.1   4  -2.2   27    0   10   25    3
------------------------------------------------------------------------------------
        65.9  46.4  55.4   2.3  4860  1378  96.7 Sep  -2.2  Dec  120   21   81    4

                                Precipitation (in)

              Dep.   Max        Days of Rain
              From   Obs.           >=
 YR MO Total  Norm   Day Date 0.01 0.10 1.00
---------------------------------------------
 17  1  3.65  0.99  0.78   2    13    8    0
 17  2  0.95 -1.37  0.30  24     9    4    0
 17  3  5.51  1.95  1.04  26    17    9    1
 17  4  6.82  3.01  2.07  29    13   10    1
 17  5  7.63  2.58  1.87   9    20   13    2
 17  6  7.82  3.57  2.31  23     9    7    4
 17  7  5.71  1.16  1.46  13    15    8    2
 17  8  2.32 -0.81  0.88   1     8    4    0
 17  9  0.58 -2.54  0.25  19     5    2    0
 17 10  3.59  0.47  0.78  10    15    9    0
 17 11  4.89  1.19  1.93  18    11    5    2
 17 12  0.84 -2.33  0.56  23     6    2    0
---------------------------------------------
       50.31  7.87  2.31  Jun  141   81   12

                                Wind Speed (mph)
                          Dom
 YR MO   Avg.  Hi   Date  Dir
------------------------------
 17  1   2.7  31.0   10   WSW
 17  2   2.7  33.0   28   WSW
 17  3   3.1  28.0    1     W
 17  4   2.8  32.0    6   SSW
 17  5   2.9  28.0   17     W
 17  6   2.5  24.0   18    SW
 17  7   1.8  38.0   11   WSW
 17  8   1.5  24.0   21     W
 17  9   1.6  21.0    1    NE
 17 10   1.7  25.0    7    SW
 17 11   2.3  33.0   18    SW
 17 12   2.5  26.0   13   WSW
------------------------------
         2.3  38.0  Jul   WSW