westclay - carmel IN - NOAA Style Historical Reports

Note: The data in these reports are collected by an automated weather station and are not checked for accuracy.
Select a Year or Month report
V/Λ2017 > Jan Feb Mar Apr May Jun Jul Aug Sep Oct Nov Dec
V/Λ2016 > Jan Feb Mar Apr May Jun Jul Aug Sep Oct Nov Dec
V/Λ2015 > Jan Feb Mar Apr May Jun Jul Aug Sep Oct Nov Dec
V/Λ2014 > Jan Feb Mar Apr May Jun Jul Aug Sep Oct Nov Dec
V/Λ2013 > Jan Feb Mar Apr May Jun Jul Aug Sep Oct Nov Dec
V/Λ2012 > Jan Feb Mar Apr May Jun Jul Aug Sep Oct Nov Dec
V/Λ2011 > Jan Feb Mar Apr May Jun Jul Aug Sep Oct Nov Dec

Report for 2016 Dec
                   Monthly Climatological Summary for Dec 2016

Name: WestClay   City: Carmel   State: IN
Elevation: 915 ft  Lat: N 39 58' 30"   Lon: W 086 11' 57"

                  Temperature (F), Rain (in), Wind Speed (mph)

                                      Heat  Cool        Avg
    Mean                              Deg   Deg         Wind                 Dom
Day Temp  High   Time   Low    Time   Days  Days  Rain  Speed High   Time    Dir
----------------------------------------------------------------------------------
 1  37.5  39.8   13:05  36.4   23:55  27.5   0.0  0.00   3.9  17.0   07:07   WSW
 2  37.2  40.0   14:08  35.4   07:20  27.8   0.0  0.00   2.3  14.0   18:02     W
 3  35.9  37.9   11:23  31.2   23:33  29.1   0.0  0.00   1.1  11.0   13:03     W
 4  36.4  40.5   13:16  31.4   00:00  28.6   0.0  0.25   1.4  16.0   22:22   WSW
 5  37.0  45.4   15:49  33.8   06:40  28.0   0.0  0.00   1.5  14.0   00:10   WSW
 6  36.2  41.9   14:44  32.5   23:58  28.8   0.0  0.02   2.6  17.0   16:08     W
 7  31.0  36.7   14:41  26.6   06:11  34.0   0.0  0.00   2.4  13.0   23:40   WSW
 8  22.7  27.9   00:00  20.4   22:55  42.3   0.0  0.01   5.3  18.0   08:28     W
 9  23.0  26.8   13:41  20.4   07:35  42.0   0.0  0.00   2.8  13.0   10:57     W
10  25.1  28.4   15:13  21.8   06:03  39.9   0.0  0.00   1.5  11.0   10:33   WSW
11  31.6  36.5   22:38  26.2   01:26  33.4   0.0  0.15   3.0  18.0   14:24   SSW
12  30.2  37.5   02:16  23.1   23:52  34.8   0.0  0.00   3.1  14.0   02:58   WSW
13  25.5  31.9   12:27  11.5   23:59  39.5   0.0  0.03   1.0  13.0   17:18     N
14  12.7  21.4   16:18   5.1   07:31  52.3   0.0  0.00   2.2  20.0   19:51   WSW
15   8.7  13.9   16:11   3.7   08:06  56.4   0.0  0.00   2.6  17.0   00:03     W
16  19.5  28.4   22:42  11.9   00:00  45.5   0.0  0.00   1.6  12.0   18:51   SSE
17  31.4  35.6   13:40  23.4   23:57  33.6   0.0  0.01   1.4  12.0   15:40   NNE
18  15.0  23.4   00:00   2.4   23:56  50.0   0.0  0.00   3.6  18.0   06:05     W
19   8.5  22.5   16:33  -2.0   07:32  56.5   0.0  0.00   0.5   8.0   14:03    SW
20  23.2  35.0   15:30  12.2   00:24  41.8   0.0  0.00   2.8  19.0   10:46   SSW
21  31.5  41.7   16:36  22.4   02:14  33.5   0.0  0.02   2.2  12.0   12:30   SSW
22  34.8  40.1   14:07  27.9   22:00  30.2   0.0  0.03   2.0  13.0   01:02     W
23  33.7  38.5   19:24  28.0   02:01  31.3   0.0  0.07   1.4  13.0   23:30   SSW
24  38.6  41.9   02:19  35.4   23:19  26.4   0.0  0.04   1.5  12.0   00:27     W
25  38.8  46.9   23:58  34.8   04:44  26.2   0.0  0.00   1.3  11.0   15:37   ENE
26  55.3  64.3   14:18  41.7   23:58   9.7   0.0  0.23   4.3  24.0   14:20    SW
27  33.7  41.7   00:00  27.9   23:58  31.4   0.0  0.00   3.5  18.0   13:57     W
28  35.2  46.0   15:35  24.0   06:41  29.8   0.0  0.04   2.0  16.0   13:10   SSW
29  35.5  40.4   00:00  32.8   07:42  29.5   0.0  0.00   6.2  24.0   15:49     W
30  31.7  36.7   16:04  27.1   09:07  33.3   0.0  0.00   4.2  20.0   00:12   WSW
31  39.4  44.7   14:27  28.3   23:56  25.6   0.0  0.01   5.1  25.0   03:44    SW
----------------------------------------------------------------------------------
    30.2  64.3    26    -2.0    19  1078.7   0.0  0.91   2.6  25.0    31     WSW

Max >=  80.0:  0
Max <=  32.0:  9
Min <=  32.0: 23
Min <=   0.0:  1
Max Rain: 0.25 on day 4
Days of Rain: 13 (>= 0.01 in)  3 (>= 0.10 in)  0 (>= 1.00 in)
Heat Base: 65.0  Cool Base: 65.0  Method: Integration