westclay - carmel IN - NOAA Style Historical Reports

Note: The data in these reports are collected by an automated weather station and are not checked for accuracy.
Select a Year or Month report
V/Λ2017 > Jan Feb Mar Apr May Jun Jul Aug Sep Oct Nov Dec
V/Λ2016 > Jan Feb Mar Apr May Jun Jul Aug Sep Oct Nov Dec
V/Λ2015 > Jan Feb Mar Apr May Jun Jul Aug Sep Oct Nov Dec
V/Λ2014 > Jan Feb Mar Apr May Jun Jul Aug Sep Oct Nov Dec
V/Λ2013 > Jan Feb Mar Apr May Jun Jul Aug Sep Oct Nov Dec
V/Λ2012 > Jan Feb Mar Apr May Jun Jul Aug Sep Oct Nov Dec
V/Λ2011 > Jan Feb Mar Apr May Jun Jul Aug Sep Oct Nov Dec

Report for 2016 Nov
                   Monthly Climatological Summary for Nov 2016

Name: WestClay   City: Carmel   State: IN
Elevation: 915 ft  Lat: N 39 58' 30"   Lon: W 086 11' 57"

                  Temperature (F), Rain (in), Wind Speed (mph)

                                      Heat  Cool        Avg
    Mean                              Deg   Deg         Wind                 Dom
Day Temp  High   Time   Low    Time   Days  Days  Rain  Speed High   Time    Dir
----------------------------------------------------------------------------------
 1  65.7  80.0   17:39  55.5   00:32   3.8   4.5  0.00   1.9  15.0   12:58   SSW
 2  68.3  78.5   15:02  62.1   08:43   1.0   4.3  0.18   2.3  17.0   20:17    SW
 3  60.8  65.8   17:28  51.1   23:58   4.2   0.0  0.01   1.4  12.0   21:18   NNE
 4  51.5  62.4   16:55  42.3   23:58  13.5   0.0  0.00   1.9  12.0   03:19    NE
 5  49.1  66.0   17:09  36.1   08:28  15.9   0.0  0.00   0.2   5.0   10:49    SW
 6  52.4  72.5   16:01  39.5   07:12  13.9   0.8  0.00   0.2   5.0   12:52     E
 7  53.9  71.0   15:16  41.6   07:00  11.8   0.7  0.00   0.4   9.0   15:15   SSW
 8  52.2  57.9   12:01  46.3   03:07  12.8   0.0  0.14   1.5  18.0   20:35    NW
 9  48.0  56.9   16:16  40.0   23:58  17.0   0.0  0.00   2.4  14.0   09:55    NE
10  48.3  62.2   15:32  37.5   05:01  16.6   0.0  0.00   2.4  15.0   13:12   WSW
11  48.6  57.1   12:44  38.5   23:56  16.4   0.0  0.00   3.1  18.0   14:15   NNE
12  39.3  55.4   15:35  27.6   07:28  25.7   0.0  0.00   0.4   7.0   10:12   ENE
13  42.6  60.4   15:43  28.1   07:48  22.4   0.0  0.00   0.9  10.0   10:58    SW
14  45.6  61.3   16:03  31.8   04:37  19.4   0.0  0.00   1.1  11.0   15:05   SSW
15  50.7  64.0   15:21  39.9   07:38  14.3   0.0  0.00   1.0   9.0   13:31   WSW
16  49.9  67.4   15:46  37.4   07:44  15.2   0.1  0.00   0.4   7.0   10:32    SW
17  58.0  72.5   14:58  43.5   06:20   8.4   1.4  0.00   1.7  13.0   13:03   SSW
18  60.5  74.6   14:55  43.0   23:57   6.5   2.0  1.03   3.9  22.0   17:55    SW
19  36.8  43.0   00:00  31.4   23:58  28.2   0.0  0.00   6.7  25.0   12:04     W
20  30.4  36.4   15:42  25.2   07:51  34.6   0.0  0.00   2.3  12.0   12:29     W
21  32.6  44.2   16:00  25.2   07:34  32.4   0.0  0.00   0.7   9.0   13:58     N
22  35.7  45.9   16:45  26.5   03:41  29.3   0.0  0.00   0.6   8.0   16:10     E
23  42.6  48.1   23:37  37.8   06:46  22.4   0.0  0.70   1.5  11.0   16:19     S
24  41.8  48.1   00:00  38.1   23:58  23.2   0.0  0.01   2.3  13.0   05:56     W
25  38.2  39.3   12:00  36.7   09:06  26.8   0.0  0.00   1.8  12.0   17:05     W
26  40.8  46.1   15:35  36.8   23:53  24.2   0.0  0.00   1.7  10.0   01:50   WSW
27  40.6  50.7   14:53  32.1   07:11  24.4   0.0  0.00   2.3  14.0   11:34   SSW
28  47.5  52.4   22:30  42.9   00:04  17.5   0.0  1.07   3.6  19.0   14:07   SSW
29  53.5  61.8   15:52  48.2   07:02  11.4   0.0  0.00   3.4  20.0   01:02   SSW
30  44.0  50.9   00:00  36.9   21:42  21.1   0.0  0.00   2.7  18.0   20:00     W
----------------------------------------------------------------------------------
    47.7  80.0     1    25.2    20   534.3  13.8  3.14   1.9  25.0    19     WSW

Max >=  80.0:  1
Max <=  32.0:  0
Min <=  32.0:  7
Min <=   0.0:  0
Max Rain: 1.07 on day 28
Days of Rain: 7 (>= 0.01 in)  5 (>= 0.10 in)  2 (>= 1.00 in)
Heat Base: 65.0  Cool Base: 65.0  Method: Integration