westclay - carmel IN - NOAA Style Historical Reports

Note: The data in these reports are collected by an automated weather station and are not checked for accuracy.
Select a Year or Month report

Report for 2016 Sep
                   Monthly Climatological Summary for Sep 2016

Name: WestClay   City: Carmel   State: IN
Elevation: 915 ft  Lat: N 39 58' 30"   Lon: W 086 11' 57"

                  Temperature (F), Rain (in), Wind Speed (mph)

                                      Heat  Cool        Avg
    Mean                              Deg   Deg         Wind                 Dom
Day Temp  High   Time   Low    Time   Days  Days  Rain  Speed High   Time    Dir
----------------------------------------------------------------------------------
 1  68.6  77.8   15:06  61.8   07:39   0.6   4.2  0.00   3.6  17.0   13:18    NE
 2  68.2  80.5   14:36  58.2   07:51   1.9   5.0  0.00   4.0  18.0   17:47    NE
 3  69.9  85.6   16:18  57.5   06:33   2.0   6.9  0.00   1.8  13.0   15:28   ENE
 4  71.5  85.6   17:22  57.5   07:50   1.7   8.2  0.00   0.6  10.0   11:54    SE
 5  77.3  93.1   16:17  65.2   07:09   0.0  12.3  0.00   1.7  13.0   16:38   SSW
 6  81.1  92.5   17:24  70.9   07:44   0.0  16.1  0.00   2.4  15.0   13:36    SW
 7  82.6  94.0   16:28  73.2   07:27   0.0  17.6  0.00   3.2  15.0   14:03    SW
 8  78.0  81.7   12:07  74.5   23:43   0.0  13.0  0.43   2.5  15.0   09:39    SW
 9  77.0  83.6   14:07  69.4   07:31   0.0  12.0  0.75   1.2  14.0   23:47   SSW
10  71.8  77.0   16:51  62.7   23:56   0.1   6.9  1.01   2.6  18.0   13:40   WSW
11  66.9  82.0   17:17  55.7   07:33   2.7   4.7  0.00   0.6  10.0   14:36    NE
12  68.5  83.7   17:48  55.3   07:22   2.9   6.3  0.00   0.6  10.0   14:56   SSE
13  71.1  86.6   17:55  56.6   06:59   2.2   8.4  0.00   1.0   9.0   12:16    SW
14  72.8  83.3   17:27  67.9   23:56   0.0   7.8  0.00   1.9  14.0   19:48    NE
15  71.5  85.5   17:20  61.4   07:46   0.6   7.2  0.00   1.2  10.0   10:57   ENE
16  70.7  88.6   14:26  61.9   05:43   0.6   6.3  0.72   0.9  20.0   15:49   SSW
17  72.9  83.2   16:29  68.4   06:22   0.0   7.9  1.28   1.4  11.0   15:19    SW
18  72.4  81.4   17:18  65.2   23:56   0.0   7.4  0.00   0.6   6.0   14:09    SW
19  71.6  89.1   16:48  57.0   07:40   2.0   8.5  0.00   0.3   6.0   13:31     S
20  73.5  91.0   17:16  59.3   07:25   1.2   9.7  0.00   0.3   7.0   13:05    SW
21  74.7  91.4   15:12  60.8   08:07   0.8  10.4  0.00   0.3   6.0   15:13   ENE
22  75.5  91.4   15:49  61.4   07:44   0.5  11.0  0.00   0.5   8.0   12:22   SSW
23  77.8  92.0   16:38  64.8   07:53   0.0  12.8  0.00   0.7   7.0   13:23   WSW
24  72.8  84.5   17:41  65.3   08:00   0.0   7.8  0.00   1.8  11.0   16:14   ENE
25  74.5  87.8   16:16  61.6   07:46   0.5  10.0  0.00   1.3  13.0   22:46     S
26  65.5  74.8   00:00  56.3   23:55   2.4   2.9  0.19   2.6  19.0   04:52     W
27  63.4  77.8   17:12  52.2   05:37   4.9   3.3  0.00   3.1  18.0   13:08   WSW
28  58.8  62.7   14:39  55.2   23:10   6.2   0.0  0.37   1.0  13.0   16:31   NNE
29  61.0  72.5   16:09  54.2   01:14   5.2   1.2  0.01   2.1  13.0   17:57    NE
30  61.0  67.0   15:18  58.0   23:16   4.1   0.1  0.68   1.1  12.0   19:00    NE
----------------------------------------------------------------------------------
    71.4  94.0     7    52.2    27    43.1 235.9  5.44   1.6  20.0    16     SSW

Max >=  80.0: 23
Max <=  32.0:  0
Min <=  32.0:  0
Min <=   0.0:  0
Max Rain: 1.28 on day 17
Days of Rain: 9 (>= 0.01 in)  8 (>= 0.10 in)  2 (>= 1.00 in)
Heat Base: 65.0  Cool Base: 65.0  Method: Integration