westclay - carmel IN - NOAA Style Historical Reports

Note: The data in these reports are collected by an automated weather station and are not checked for accuracy.
Select a Year or Month report
V/Λ2017 > Jan Feb Mar Apr May Jun Jul Aug Sep Oct Nov Dec
V/Λ2016 > Jan Feb Mar Apr May Jun Jul Aug Sep Oct Nov Dec
V/Λ2015 > Jan Feb Mar Apr May Jun Jul Aug Sep Oct Nov Dec
V/Λ2014 > Jan Feb Mar Apr May Jun Jul Aug Sep Oct Nov Dec
V/Λ2013 > Jan Feb Mar Apr May Jun Jul Aug Sep Oct Nov Dec
V/Λ2012 > Jan Feb Mar Apr May Jun Jul Aug Sep Oct Nov Dec
V/Λ2011 > Jan Feb Mar Apr May Jun Jul Aug Sep Oct Nov Dec

Report for 2016 Apr
                   Monthly Climatological Summary for Apr 2016

Name: WestClay   City: Carmel   State: IN
Elevation: 915 ft  Lat: N 39 58' 30"   Lon: W 086 11' 57"

                  Temperature (F), Rain (in), Wind Speed (mph)

                                      Heat  Cool        Avg
    Mean                              Deg   Deg         Wind                 Dom
Day Temp  High   Time   Low    Time   Days  Days  Rain  Speed High   Time    Dir
----------------------------------------------------------------------------------
 1  48.6  54.3   16:10  42.0   07:54  16.4   0.0  0.00   3.7  26.0   13:25   WSW
 2  39.7  47.9   13:16  31.8   23:53  25.3   0.0  0.00   5.8  31.0   15:40     W
 3  44.5  63.9   17:51  27.0   07:37  20.5   0.0  0.00   4.3  31.0   18:40   SSW
 4  43.6  58.5   00:00  32.0   23:57  21.5   0.0  0.00   5.3  24.0   00:00   NNE
 5  37.8  52.2   17:14  25.2   07:13  27.2   0.0  0.00   2.0  12.0   15:43   ENE
 6  49.9  64.1   14:24  40.9   03:55  15.0   0.0  0.21   5.2  30.0   15:22    SW
 7  40.4  45.9   02:02  34.4   23:58  24.6   0.0  0.04   4.5  21.0   12:23     W
 8  36.6  42.8   15:18  30.9   05:21  28.4   0.0  0.10   3.4  26.0   18:07   WSW
 9  33.4  42.5   18:20  27.5   09:05  31.6   0.0  0.00   3.4  21.0   05:13   NNW
10  43.7  62.1   16:15  30.7   01:13  21.2   0.0  0.38   3.8  21.0   15:35   SSW
11  49.8  53.7   07:59  39.5   23:57  15.2   0.0  0.82   2.5  15.0   16:49   WSW
12  43.4  57.2   18:16  33.2   07:11  21.6   0.0  0.00   2.4  18.0   10:48    NE
13  47.9  65.2   17:27  32.9   07:06  17.1   0.0  0.00   1.5  14.0   12:08   ENE
14  53.1  72.1   17:02  35.7   07:22  13.0   1.1  0.00   2.5  16.0   15:19   ENE
15  59.4  82.1   17:43  39.6   07:25   9.8   4.2  0.00   1.5  11.0   00:53   ENE
16  66.9  84.8   17:27  49.7   07:09   4.5   6.4  0.00   1.0  11.0   14:44   ENE
17  67.4  86.3   18:01  48.3   07:30   4.6   7.0  0.00   0.7  14.0   12:57   ENE
18  68.9  87.0   15:15  50.2   07:01   4.0   8.0  0.00   0.7   9.0   12:40    SW
19  68.5  84.7   17:07  54.6   06:58   2.7   6.1  0.00   1.6  13.0   18:22   ENE
20  65.1  80.0   16:19  52.6   07:10   4.2   4.3  0.01   1.7  11.0   21:28   ENE
21  60.8  70.9   16:01  54.2   23:59   4.8   0.6  0.77   1.4  16.0   16:53   SSW
22  57.2  67.4   17:24  50.3   23:56   7.8   0.1  0.24   2.4  15.0   17:15   NNE
23  56.8  71.4   17:55  46.7   05:15   9.0   0.8  0.00   2.4  12.0   13:24    NE
24  62.2  79.2   16:48  45.4   06:18   6.8   4.0  0.00   1.2  11.0   12:07   SSW
25  69.8  82.2   16:17  56.8   05:25   2.2   7.0  0.00   3.2  23.0   12:23   SSW
26  71.0  82.0   14:40  59.8   23:57   0.1   6.2  0.10   3.4  18.0   02:14   WSW
27  55.5  62.9   15:09  48.3   08:10   9.5   0.0  0.23   3.1  16.0   06:29   ENE
28  57.8  72.0   14:47  48.1   07:12   7.9   0.6  0.27   2.3  16.0   15:45    NE
29  57.1  64.8   16:58  51.2   07:24   7.9   0.0  0.00   2.0  12.0   22:31   NNE
30  54.2  61.5   23:51  50.0   10:14  10.8   0.0  0.67   2.0  17.0   14:11     E
----------------------------------------------------------------------------------
    53.7  87.0    18    25.2     5   395.2  56.4  3.84   2.7  31.0     2       W

Max >=  80.0:  8
Max <=  32.0:  0
Min <=  32.0:  7
Min <=   0.0:  0
Max Rain: 0.82 on day 11
Days of Rain: 12 (>= 0.01 in)  10 (>= 0.10 in)  0 (>= 1.00 in)
Heat Base: 65.0  Cool Base: 65.0  Method: Integration