westclay - carmel IN - NOAA Style Historical Reports

Note: The data in these reports are collected by an automated weather station and are not checked for accuracy.
Select a Year or Month report

Report for 2016 Mar
                   Monthly Climatological Summary for Mar 2016

Name: WestClay   City: Carmel   State: IN
Elevation: 915 ft  Lat: N 39 58' 30"   Lon: W 086 11' 57"

                  Temperature (F), Rain (in), Wind Speed (mph)

                                      Heat  Cool        Avg
    Mean                              Deg   Deg         Wind                 Dom
Day Temp  High   Time   Low    Time   Days  Days  Rain  Speed High   Time    Dir
----------------------------------------------------------------------------------
 1  38.1  47.4   14:31  24.5   23:59  26.9   0.0  0.22   3.4  24.0   19:59     W
 2  27.9  39.9   17:29  19.1   07:09  37.1   0.0  0.00   2.0  15.0   00:58     W
 3  35.6  41.7   15:02  30.3   02:46  29.4   0.0  0.13   1.2  12.0   14:22     S
 4  32.7  39.7   16:36  29.0   08:20  32.3   0.0  0.00   2.1  14.0   03:47   NNE
 5  36.9  43.1   16:22  31.6   00:00  28.0   0.0  0.01   2.6  14.0   16:55     W
 6  43.1  56.4   16:18  32.8   00:31  21.9   0.0  0.00   2.1  14.0   10:56   SSW
 7  54.7  68.8   17:05  45.0   06:06  10.6   0.3  0.01   3.2  21.0   16:37   SSW
 8  63.3  74.2   15:19  54.4   03:03   3.8   2.1  0.00   3.7  20.0   13:02   SSW
 9  61.0  67.7   12:04  57.4   23:47   4.1   0.2  0.26   3.1  18.0   12:05   SSW
10  52.8  57.6   11:13  42.9   23:57  12.2   0.0  0.48   1.7  14.0   15:20   NNE
11  48.5  62.8   16:54  39.0   07:01  16.5   0.0  0.00   2.1  12.0   14:57    NE
12  53.2  65.9   14:07  42.7   02:56  11.8   0.0  0.01   1.1   9.0   13:51   ENE
13  58.5  68.9   17:07  53.1   07:53   6.5   0.2  0.32   0.8  11.0   19:28   ESE
14  58.8  62.1   15:37  56.0   23:50   6.2   0.0  0.10   0.6   9.0   18:33   WSW
15  63.2  75.8   16:24  54.1   09:00   4.6   2.9  0.00   1.3  15.0   15:47     E
16  57.1  69.2   01:52  50.1   07:56   8.2   0.3  0.00   6.2  27.0   15:20   WSW
17  51.0  60.9   18:08  42.5   08:11  14.0   0.0  0.00   3.1  18.0   15:21   WSW
18  47.4  56.8   16:49  40.0   08:17  17.6   0.0  0.00   1.7  12.0   12:24     N
19  42.7  49.0   17:26  36.0   23:56  22.3   0.0  0.00   2.9  13.0   18:05    NE
20  36.8  45.8   15:04  27.2   08:07  28.2   0.0  0.00   2.3  15.0   11:43   NNE
21  40.0  52.0   18:13  29.2   04:07  25.0   0.0  0.00   2.2  16.0   15:31   WSW
22  52.8  68.4   16:57  39.9   06:26  12.4   0.2  0.00   4.8  26.0   16:21   SSW
23  59.3  64.1   12:17  55.1   06:12   5.7   0.0  0.00   4.9  24.0   12:22   SSW
24  56.6  62.8   08:19  40.4   23:58   8.4   0.0  1.15   4.4  21.0   18:14    SW
25  39.7  53.7   18:46  33.6   07:19  25.3   0.0  0.01   2.7  17.0   03:04   NNE
26  47.5  65.6   18:04  32.8   08:01  17.5   0.0  0.00   1.1  11.0   12:51     E
27  56.1  77.6   15:51  39.7   07:57  11.5   2.6  0.25   2.4  26.0   20:13    SW
28  45.4  49.2   17:51  41.6   23:58  19.6   0.0  0.00   3.9  19.0   01:00     W
29  46.2  63.1   17:26  31.0   07:44  18.8   0.0  0.00   1.4  14.0   15:06   ENE
30  52.3  69.7   16:31  41.6   05:19  13.1   0.4  0.69   2.0  19.0   15:25     S
31  59.3  64.9   15:29  53.9   23:58   5.7   0.0  0.16   5.4  26.0   08:31   SSW
----------------------------------------------------------------------------------
    49.0  77.6    27    19.1     2   505.2   9.2  3.80   2.7  27.0    16      SW

Max >=  80.0:  0
Max <=  32.0:  0
Min <=  32.0:  8
Min <=   0.0:  0
Max Rain: 1.15 on day 24
Days of Rain: 14 (>= 0.01 in)  10 (>= 0.10 in)  1 (>= 1.00 in)
Heat Base: 65.0  Cool Base: 65.0  Method: Integration