westclay - carmel IN - NOAA Style Historical Reports

Note: The data in these reports are collected by an automated weather station and are not checked for accuracy.
Select a Year or Month report

Report for 2016 Feb
                   Monthly Climatological Summary for Feb 2016

Name: WestClay   City: Carmel   State: IN
Elevation: 915 ft  Lat: N 39 58' 30"   Lon: W 086 11' 57"

                  Temperature (F), Rain (in), Wind Speed (mph)

                                      Heat  Cool        Avg
    Mean                              Deg   Deg         Wind                 Dom
Day Temp  High   Time   Low    Time   Days  Days  Rain  Speed High   Time    Dir
----------------------------------------------------------------------------------
 1  38.7  48.4   16:09  31.9   22:57  26.3   0.0  0.00   1.0  11.0   01:45   NNE
 2  44.2  60.9   23:47  30.7   01:21  20.8   0.0  0.13   2.7  19.0   21:42   SSE
 3  42.8  60.9   00:00  30.6   23:58  22.2   0.0  0.06   4.6  21.0   13:51   WSW
 4  27.6  31.5   16:01  22.7   23:15  37.4   0.0  0.00   2.9  15.0   00:24     W
 5  28.0  39.2   14:14  20.3   01:56  37.0   0.0  0.00   1.4  11.0   09:52   WSW
 6  32.5  48.5   17:24  19.9   05:27  32.5   0.0  0.00   1.1  10.0   13:37    SW
 7  42.2  53.6   16:28  34.3   02:34  22.8   0.0  0.00   3.5  25.0   16:11    SW
 8  31.4  38.6   00:49  22.3   20:21  33.6   0.0  0.03   2.8  17.0   15:59     W
 9  20.1  22.8   00:00  14.1   23:36  44.9   0.0  0.00   4.7  14.0   00:29     W
10  14.0  16.8   16:18  10.7   08:47  51.0   0.0  0.00   3.6  15.0   02:53     W
11  18.3  28.7   17:08  10.0   07:48  46.8   0.0  0.01   0.8   9.0   12:54   NNW
12  21.3  26.1   16:37  16.4   23:58  43.7   0.0  0.00   2.8  19.0   15:27     W
13  13.7  21.9   16:29   6.6   07:53  51.3   0.0  0.01   2.0  17.0   00:49    NW
14  16.5  19.9   23:46  12.3   00:52  48.5   0.0  0.00   1.8  12.0   10:31     E
15  27.3  34.7   17:05  19.9   00:00  37.7   0.0  0.07   0.7   7.0   02:33   SSW
16  30.5  35.2   16:02  27.9   10:14  34.5   0.0  0.01   1.1  10.0   08:43    NW
17  32.4  36.6   14:45  29.6   00:00  32.6   0.0  0.00   1.3  12.0   06:34   WNW
18  36.6  46.5   15:37  28.8   07:54  28.4   0.0  0.00   2.2  18.0   22:17   SSE
19  52.1  61.9   14:34  40.8   00:23  12.9   0.0  0.00   6.5  35.0   09:59    SW
20  56.6  72.7   16:14  45.6   23:59   9.7   1.2  0.00   2.9  18.0   12:53    SW
21  46.2  55.2   15:21  35.4   23:59  18.8   0.0  0.00   3.6  14.0   15:21    NE
22  39.5  53.0   16:17  30.8   07:33  25.5   0.0  0.00   2.9  14.0   16:25    NE
23  38.9  53.2   15:26  28.7   05:57  26.1   0.0  0.00   5.4  21.0   21:54    NE
24  33.9  36.0   00:00  32.9   16:53  31.2   0.0  0.53   8.3  28.0   10:36    NE
25  32.3  33.8   13:30  31.0   23:52  32.7   0.0  0.09   3.6  19.0   00:21   WNW
26  32.2  36.6   13:38  29.5   08:02  32.8   0.0  0.03   1.7  11.0   12:56     W
27  40.4  57.0   16:02  26.7   05:28  24.6   0.0  0.00   3.5  18.0   11:27   SSW
28  54.5  67.4   16:02  44.6   01:31  10.7   0.2  0.09   6.9  31.0   11:45    SW
29  44.9  58.4   16:07  35.9   06:58  20.1   0.0  0.00   4.1  23.0   00:27   WSW
----------------------------------------------------------------------------------
    34.1  72.7    20     6.6    13   897.1   1.4  1.06   3.1  35.0    19     WSW

Max >=  80.0:  0
Max <=  32.0:  7
Min <=  32.0: 22
Min <=   0.0:  0
Max Rain: 0.53 on day 24
Days of Rain: 11 (>= 0.01 in)  2 (>= 0.10 in)  0 (>= 1.00 in)
Heat Base: 65.0  Cool Base: 65.0  Method: Integration