westclay - carmel IN - NOAA Style Historical Reports

Note: The data in these reports are collected by an automated weather station and are not checked for accuracy.
Select a Year or Month report

Report for 2016 Jan
                   Monthly Climatological Summary for Jan 2016

Name: WestClay   City: Carmel   State: IN
Elevation: 915 ft  Lat: N 39 58' 30"   Lon: W 086 11' 57"

                  Temperature (F), Rain (in), Wind Speed (mph)

                                      Heat  Cool        Avg
    Mean                              Deg   Deg         Wind                 Dom
Day Temp  High   Time   Low    Time   Days  Days  Rain  Speed High   Time    Dir
----------------------------------------------------------------------------------
 1  26.7  28.7   00:00  24.8   05:56  38.3   0.0  0.00   3.6  17.0   11:12   WSW
 2  31.8  39.7   16:34  27.0   08:22  33.2   0.0  0.00   3.3  14.0   12:41    SW
 3  30.0  32.6   00:36  25.8   08:36  35.0   0.0  0.00   2.6  13.0   20:29   WNW
 4  28.9  35.0   15:03  22.6   23:45  36.0   0.0  0.00   2.5  14.0   12:58   NNE
 5  25.6  35.3   16:39  18.7   08:32  39.4   0.0  0.00   0.8  10.0   11:05   SSE
 6  29.9  42.1   15:49  20.1   04:53  35.0   0.0  0.00   0.7  11.0   15:28   SSW
 7  38.2  50.1   16:00  28.1   08:28  26.7   0.0  0.00   0.5  10.0   12:46     S
 8  44.9  48.7   22:12  40.6   00:00  20.1   0.0  0.21   1.7  15.0   21:31   SSW
 9  46.4  49.1   16:38  37.2   23:58  18.6   0.0  0.46   1.0  16.0   23:46    SW
10  20.4  37.2   00:00   8.4   23:54  44.6   0.0  0.06   5.3  21.0   04:21     W
11  15.8  29.6   23:58   7.1   06:01  49.2   0.0  0.00   3.0  16.0   21:00   SSW
12  18.4  31.0   01:09   6.8   23:57  46.6   0.0  0.00   4.5  22.0   05:04     W
13  12.9  25.0   22:23   2.6   06:15  52.1   0.0  0.00   2.5  14.0   14:02   SSW
14  37.2  50.2   16:31  24.4   00:00  27.8   0.0  0.29   3.0  20.0   15:56   SSW
15  40.6  44.1   05:48  30.5   21:30  24.4   0.0  0.22   3.1  18.0   19:46    SW
16  29.8  31.9   11:19  24.6   23:58  35.2   0.0  0.00   3.0  14.0   00:02     W
17  14.7  25.7   01:51   5.4   23:55  50.3   0.0  0.00   4.4  16.0   13:05     W
18   5.7  11.0   15:07   0.5   07:32  59.3   0.0  0.00   4.1  16.0   00:57     W
19  11.6  23.1   16:13   3.5   08:25  53.4   0.0  0.00   1.0   9.0   00:20   WSW
20  18.7  23.0   13:28  16.7   03:40  46.3   0.0  0.01   0.7  10.0   14:20    NE
21  19.4  28.0   15:37  12.7   05:29  45.6   0.0  0.00   1.2  12.0   15:07   ENE
22  23.2  27.9   13:52  19.1   00:48  41.8   0.0  0.00   5.9  20.0   13:38    NE
23  23.2  31.0   16:05  18.0   08:50  41.8   0.0  0.01   3.4  17.0   00:39   NNE
24  27.5  41.0   16:27  16.5   06:54  37.5   0.0  0.06   2.5  15.0   10:24   SSW
25  36.8  45.8   21:22  28.1   07:43  28.1   0.0  0.04   3.2  17.0   14:12   SSW
26  33.2  48.1   00:50  26.9   23:22  31.8   0.0  0.01   5.8  25.0   04:02     W
27  28.0  33.1   16:18  26.5   19:58  37.0   0.0  0.00   2.5  12.0   00:01    SW
28  36.4  45.3   14:34  27.7   00:00  28.6   0.0  0.00   4.3  18.0   12:54   WSW
29  33.4  42.2   16:58  26.7   08:19  31.6   0.0  0.00   2.0  12.0   01:54    NW
30  45.9  59.8   15:27  34.1   03:18  19.1   0.0  0.00   3.0  19.0   13:31   SSW
31  52.5  60.5   14:31  40.6   23:59  12.5   0.0  0.04   4.0  23.0   15:25    SW
----------------------------------------------------------------------------------
    28.6  60.5    31     0.5    18  1126.9   0.0  1.41   2.9  25.0    26     WSW

Max >=  80.0:  0
Max <=  32.0: 12
Min <=  32.0: 27
Min <=   0.0:  0
Max Rain: 0.46 on day 9
Days of Rain: 11 (>= 0.01 in)  4 (>= 0.10 in)  0 (>= 1.00 in)
Heat Base: 65.0  Cool Base: 65.0  Method: Integration