westclay - carmel IN - NOAA Style Historical Reports

Note: The data in these reports are collected by an automated weather station and are not checked for accuracy.
Select a Year or Month report

Report for 2016
                   Annual Climatological Summary for 2016

Name: WestClay   City: Carmel   State: IN
Elevation: 915 ft  Lat: N 39 58' 30"   Lon: W 086 11' 57"

                  Temperature (F), Heat Base: 65.0  Cool Base: 65.0
                          Dep.  Heat  Cool                       Max  Max  Min  Min
        Mean  Mean        From  Deg   Deg                        >=   <=   <=   <=
 YR MO  Max   Min   Mean  Norm  Days  Days  Hi  Date  Low  Date 80.0 32.0 32.0   0.0
------------------------------------------------------------------------------------
 16  1  37.3  21.0  28.6   0.5  1126     0  60.5  31   0.5   18    0   12   27    0
 16  2  43.3  26.6  34.1   2.0   897     1  72.7  20   6.6   13    0    7   22    0
 16  3  59.5  40.2  49.0   6.8   505     9  77.6  27  19.1    2    0    0    8    0
 16  4  66.7  42.3  53.7   0.7   395    56  87.0  18  25.2    5    8    0    7    0
 16  5  74.3  53.4  63.0   0.3   187   126  91.3  31  38.4   16   11    0    0    0
 16  6  86.6  64.4  74.9   2.9    15   313  95.5  26  51.6    8   24    0    0    0
 16  7  86.8  67.7  76.5   1.1     7   364  96.2  24  51.8    2   28    0    0    0
 16  8  87.8  69.4  77.2   3.0     3   383  95.9  11  57.3   22   28    0    0    0
 16  9  83.6  61.6  71.4   4.5    43   235  94.0   7  52.2   27   23    0    0    0
 16 10  71.4  51.0  60.1   5.1   217    66  86.4   6  38.0   22    6    0    0    0
 16 11  58.4  38.7  47.7   4.1   534    13  80.0   1  25.2   20    1    0    7    0
 16 12  36.6  23.8  30.2  -1.4  1078     0  64.3  26  -2.0   19    0    9   23    1
------------------------------------------------------------------------------------
        66.0  46.7  55.5   2.5  5012  1571  96.2 Jul  -2.0  Dec  129   28   94    1

                                Precipitation (in)

              Dep.   Max        Days of Rain
              From   Obs.           >=
 YR MO Total  Norm   Day Date 0.01 0.10 1.00
---------------------------------------------
 16  1  1.41 -1.25  0.46   9    11    4    0
 16  2  1.06 -1.26  0.53  24    11    2    0
 16  3  3.80  0.24  1.15  24    14   10    1
 16  4  3.84  0.03  0.82  11    12   10    0
 16  5  2.64 -2.41  0.63  21    18   10    0
 16  6  9.65  5.40  2.47  15    11    9    4
 16  7  3.56 -0.99  1.20  18     6    4    2
 16  8  4.58  1.45  0.83  24    17    8    0
 16  9  5.44  2.32  1.28  17     9    8    2
 16 10  2.25 -0.87  1.38  20    10    4    1
 16 11  3.14 -0.56  1.07  28     7    5    2
 16 12  0.91 -2.26  0.25   4    13    3    0
---------------------------------------------
       42.28 -0.16  2.47  Jun  139   77   12

                                Wind Speed (mph)
                          Dom
 YR MO   Avg.  Hi   Date  Dir
------------------------------
 16  1   2.9  25.0   26   WSW
 16  2   3.1  35.0   19   WSW
 16  3   2.7  27.0   16    SW
 16  4   2.7  31.0    2   WSW
 16  5   2.2  23.0   22   WSW
 16  6   2.1  25.0    6   WSW
 16  7   1.6  28.0   12   WSW
 16  8   1.4  18.0   20    SW
 16  9   1.6  20.0   16   SSW
 16 10   1.9  23.0   12   SSW
 16 11   1.9  25.0   19   WSW
 16 12   2.6  25.0   31   WSW
------------------------------
         2.2  35.0  Feb   WSW