westclay - carmel IN - NOAA Style Historical Reports

Note: The data in these reports are collected by an automated weather station and are not checked for accuracy.
Select a Year or Month report
V/Λ2017 > Jan Feb Mar Apr May Jun Jul Aug Sep Oct Nov Dec
V/Λ2016 > Jan Feb Mar Apr May Jun Jul Aug Sep Oct Nov Dec
V/Λ2015 > Jan Feb Mar Apr May Jun Jul Aug Sep Oct Nov Dec
V/Λ2014 > Jan Feb Mar Apr May Jun Jul Aug Sep Oct Nov Dec
V/Λ2013 > Jan Feb Mar Apr May Jun Jul Aug Sep Oct Nov Dec
V/Λ2012 > Jan Feb Mar Apr May Jun Jul Aug Sep Oct Nov Dec
V/Λ2011 > Jan Feb Mar Apr May Jun Jul Aug Sep Oct Nov Dec

Report for 2015 Nov
                   Monthly Climatological Summary for Nov 2015

Name: WestClay   City: Carmel   State: IN
Elevation: 915 ft  Lat: N 39 58' 30"   Lon: W 086 11' 57"

                  Temperature (F), Rain (in), Wind Speed (mph)

                                      Heat  Cool        Avg
    Mean                              Deg   Deg         Wind                 Dom
Day Temp  High   Time   Low    Time   Days  Days  Rain  Speed High   Time    Dir
----------------------------------------------------------------------------------
 1  56.7  69.5   15:53  48.1   07:28   9.0   0.4  0.01   1.9  14.0   00:09   WSW
 2  57.0  79.0   16:14  41.5   07:34  10.1   2.1  0.00   0.3  10.0   13:25    SE
 3  58.2  78.7   15:41  42.2   07:41   9.2   2.4  0.00   0.3   8.0   15:55   ESE
 4  62.7  79.6   15:31  48.5   06:45   5.7   3.4  0.00   0.7  11.0   12:57   SSW
 5  66.1  74.2   13:33  61.4   00:49   1.0   2.1  0.07   1.9  16.0   12:34   SSW
 6  56.8  64.9   00:00  46.5   23:56   8.2   0.0  0.35   3.6  18.0   03:01   WSW
 7  46.8  56.8   15:32  39.7   07:59  18.2   0.0  0.00   1.4  14.0   14:19     W
 8  43.2  60.6   16:34  31.0   07:46  21.8   0.0  0.00   0.4  10.0   12:00     E
 9  43.9  61.6   14:37  30.6   06:59  21.1   0.0  0.26   0.5  10.0   13:10   ENE
10  46.8  59.6   16:04  40.1   23:58  18.2   0.0  0.04   0.6   9.0   15:34   WSW
11  49.4  63.2   15:35  37.3   07:11  15.6   0.0  0.05   2.0  16.0   22:38     S
12  50.1  59.9   04:22  45.2   23:56  14.9   0.0  0.00   7.2  34.0   04:24   WSW
13  42.8  49.2   14:47  36.6   23:10  22.2   0.0  0.00   6.2  22.0   03:01     W
14  43.1  58.9   15:20  28.0   07:07  21.9   0.0  0.00   1.7  11.0   14:21   SSW
15  51.6  67.7   16:15  41.9   07:49  13.6   0.2  0.00   1.6  12.0   13:25   SSW
16  47.2  57.2   13:10  38.9   05:00  17.8   0.0  0.06   1.1  12.0   16:31   SSW
17  53.6  59.7   22:26  46.6   00:00  11.4   0.0  0.10   2.3  15.0   23:05    SE
18  59.2  61.6   06:12  54.6   23:59   5.8   0.0  0.23   4.3  20.0   12:20     S
19  47.1  54.7   00:00  36.5   23:49  17.9   0.0  0.00   4.4  22.0   14:57   WSW
20  40.8  49.1   14:56  31.5   06:45  24.2   0.0  0.00   1.3  12.0   12:16   WSW
21  35.9  43.7   00:00  27.5   23:51  29.1   0.0  0.08   3.2  17.0   20:06   WNW
22  23.3  32.9   15:41  14.4   08:07  41.7   0.0  0.07   1.7  14.0   00:59     W
23  34.6  43.1   16:33  27.4   00:00  30.3   0.0  0.10   3.3  18.0   09:50    SW
24  39.5  55.1   16:07  27.1   08:07  25.5   0.0  0.05   0.3   7.0   12:27     E
25  48.3  58.4   15:04  38.5   06:35  16.7   0.0  0.00   2.7  22.0   13:22   SSW
26  56.8  63.1   14:41  51.6   00:50   8.2   0.0  0.00   4.6  20.0   11:10   SSW
27  55.2  60.9   04:01  43.8   23:57   9.8   0.0  1.15   3.9  19.0   12:02   SSW
28  39.3  43.8   00:00  37.8   23:50  25.7   0.0  0.16   4.6  15.0   05:04    NE
29  37.7  41.5   13:56  34.3   23:58  27.3   0.0  0.01   3.7  16.0   19:28    NE
30  41.7  50.7   15:45  33.6   01:41  23.3   0.0  0.00   2.2  10.0   01:06   ENE
----------------------------------------------------------------------------------
    47.8  79.6     4    14.4    22   525.4  10.6  2.79   2.5  34.0    12      SW

Max >=  80.0:  0
Max <=  32.0:  0
Min <=  32.0:  8
Min <=   0.0:  0
Max Rain: 1.15 on day 27
Days of Rain: 16 (>= 0.01 in)  7 (>= 0.10 in)  1 (>= 1.00 in)
Heat Base: 65.0  Cool Base: 65.0  Method: Integration