westclay - carmel IN - NOAA Style Historical Reports

Note: The data in these reports are collected by an automated weather station and are not checked for accuracy.
Select a Year or Month report

Report for 2015 Oct
                   Monthly Climatological Summary for Oct 2015

Name: WestClay   City: Carmel   State: IN
Elevation: 915 ft  Lat: N 39 58' 30"   Lon: W 086 11' 57"

                  Temperature (F), Rain (in), Wind Speed (mph)

                                      Heat  Cool        Avg
    Mean                              Deg   Deg         Wind                 Dom
Day Temp  High   Time   Low    Time   Days  Days  Rain  Speed High   Time    Dir
----------------------------------------------------------------------------------
 1  56.7  66.3   16:07  49.4   08:02   8.3   0.1  0.00   6.0  25.0   14:14    NE
 2  54.6  62.1   14:01  48.5   23:57  10.4   0.0  0.06   8.1  27.0   18:48    NE
 3  48.5  50.1   11:49  47.0   01:23  16.5   0.0  0.06   6.3  23.0   03:00    NE
 4  61.4  81.1   17:22  49.2   00:00   6.5   2.9  0.00   4.1  14.0   14:57    NE
 5  63.9  82.1   17:45  54.9   06:08   4.0   3.0  0.00   2.2  11.0   09:33    NE
 6  63.2  78.5   16:51  55.7   07:38   4.1   2.3  0.00   1.5   9.0   16:54   NNE
 7  64.2  82.9   17:45  54.0   06:45   4.6   3.8  0.00   0.4   6.0   14:04    NE
 8  67.8  80.1   16:34  57.6   04:14   2.4   5.2  0.00   1.7  14.0   16:17    SW
 9  61.9  67.9   00:00  49.7   23:55   3.5   0.4  0.00   3.6  16.0   14:09   NNE
10  55.4  72.8   17:41  42.9   07:37  10.6   1.0  0.00   0.6   7.0   00:11    NE
11  60.6  77.8   16:32  46.8   08:29   7.0   2.6  0.00   1.9  16.0   13:33   SSW
12  65.5  76.1   15:38  55.9   05:18   3.1   3.6  0.00   3.3  17.0   14:43    SW
13  57.3  65.2   16:31  50.1   23:55   7.7   0.0  0.00   2.6  16.0   11:41     W
14  53.4  67.5   16:23  44.3   06:57  11.8   0.2  0.00   1.4  15.0   14:57    NW
15  57.0  74.1   16:32  41.8   04:21   9.6   1.6  0.00   2.3  15.0   16:39    SW
16  50.9  60.7   15:55  41.2   08:17  14.1   0.0  0.00   1.9  16.0   16:42     W
17  42.8  54.8   17:20  35.3   07:57  22.2   0.0  0.00   1.7  16.0   14:19   NNE
18  45.1  63.7   17:44  33.1   04:40  19.9   0.0  0.00   0.9  14.0   14:32    NW
19  52.8  70.7   16:46  37.3   05:01  12.9   0.7  0.00   2.7  20.0   13:03   SSW
20  61.2  75.8   16:49  49.2   08:26   5.9   2.0  0.00   2.8  15.0   11:17   SSW
21  63.8  77.4   17:00  53.1   06:25   4.2   2.9  0.00   2.5  17.0   14:37   SSW
22  66.3  80.1   15:33  58.9   04:18   2.3   3.6  0.00   1.8  11.0   19:12     W
23  63.1  74.0   15:49  52.8   08:38   4.4   2.6  0.00   0.9  11.0   15:23     E
24  64.6  70.8   12:49  55.0   23:55   1.7   1.3  0.07   3.6  16.0   17:14    SW
25  53.9  67.4   17:06  45.5   23:58  11.1   0.1  0.00   2.3  15.0   11:04   NNE
26  52.1  68.5   16:12  40.3   07:53  13.2   0.2  0.00   1.9  17.0   16:59   ENE
27  51.1  53.4   23:56  47.6   08:24  13.9   0.0  0.63   2.0  14.0   19:12   ENE
28  55.5  61.0   15:03  45.6   23:46   9.5   0.0  0.52   3.7  21.0   22:56    SW
29  42.8  47.8   14:22  38.5   08:33  22.2   0.0  0.00   4.4  21.0   13:58   WSW
30  46.7  51.7   13:53  42.8   00:10  18.3   0.0  0.00   0.7   9.0   00:05   WSW
31  50.0  57.1   17:48  45.2   03:39  15.0   0.0  0.06   1.9  15.0   15:07     S
----------------------------------------------------------------------------------
    56.6  82.9     7    33.1    18   300.9  40.1  1.40   2.6  27.0     2     NNE

Max >=  80.0:  5
Max <=  32.0:  0
Min <=  32.0:  0
Min <=   0.0:  0
Max Rain: 0.63 on day 27
Days of Rain: 6 (>= 0.01 in)  2 (>= 0.10 in)  0 (>= 1.00 in)
Heat Base: 65.0  Cool Base: 65.0  Method: Integration