westclay - carmel IN - NOAA Style Historical Reports

Note: The data in these reports are collected by an automated weather station and are not checked for accuracy.
Select a Year or Month report

Report for 2015 Sep
                   Monthly Climatological Summary for Sep 2015

Name: WestClay   City: Carmel   State: IN
Elevation: 915 ft  Lat: N 39 58' 30"   Lon: W 086 11' 57"

                  Temperature (F), Rain (in), Wind Speed (mph)

                                      Heat  Cool        Avg
    Mean                              Deg   Deg         Wind                 Dom
Day Temp  High   Time   Low    Time   Days  Days  Rain  Speed High   Time    Dir
----------------------------------------------------------------------------------
 1  78.1  89.0   17:34  71.3   07:17   0.0  13.1  0.26   1.1  11.0   11:31    SW
 2  80.3  92.7   15:48  70.2   06:42   0.0  15.3  0.00   1.3  12.0   15:34   WSW
 3  81.5  94.2   16:30  70.2   07:34   0.0  16.5  0.00   1.4  12.0   11:41    SW
 4  80.0  95.9   16:10  71.8   07:32   0.0  15.0  0.00   1.4  19.0   17:51   WSW
 5  76.9  92.0   16:15  66.6   07:33   0.0  11.9  0.00   1.2  18.0   15:06    NE
 6  80.3  97.6   16:40  66.4   07:28   0.0  15.3  0.00   0.6   9.0   17:44   SSW
 7  82.3  94.9   15:23  71.1   07:14   0.0  17.3  0.00   1.1   9.0   12:46    SW
 8  81.1  92.3   15:40  72.1   07:41   0.0  16.1  0.00   2.6  18.0   14:20    SW
 9  71.1  73.3   19:12  65.8   23:57   0.0   6.1  0.20   1.1   9.0   17:05    NE
10  71.5  87.5   16:53  60.4   07:34   0.8   7.3  0.00   1.2  16.0   19:40    NE
11  62.2  66.2   00:00  59.0   23:50   2.8   0.0  0.28   1.6  13.0   22:02    NE
12  58.5  69.8   16:29  51.0   07:37   6.9   0.4  0.00   2.9  20.0   14:04   NNE
13  59.0  72.8   17:24  47.6   07:39   7.3   1.3  0.00   1.1  12.0   11:04   WNW
14  64.9  80.8   17:01  49.9   07:17   4.9   4.8  0.00   1.9  15.0   17:20   SSW
15  69.5  86.2   17:08  54.1   08:03   2.5   7.0  0.00   1.2  12.0   17:36   SSW
16  70.1  86.1   15:42  56.0   07:43   2.5   7.6  0.00   1.1  12.0   15:47   SSW
17  72.0  88.2   16:58  56.9   07:40   1.7   8.7  0.00   1.3  13.0   13:19   SSW
18  73.7  85.3   15:55  65.5   09:30   0.0   8.7  0.31   2.1  19.0   08:09   SSW
19  68.1  76.4   00:00  56.1   23:59   1.0   4.1  1.25   2.9  16.0   08:12   NNW
20  63.1  79.5   17:45  51.1   07:02   5.4   3.5  0.00   1.8  13.0   09:00    NE
21  64.5  82.3   18:39  51.3   07:49   4.8   4.2  0.00   1.4  10.0   15:31    NE
22  66.5  87.4   18:21  49.9   07:31   5.0   6.5  0.00   0.5  10.0   12:56    NE
23  68.8  89.3   17:05  53.0   07:37   3.5   7.3  0.00   1.1  11.0   15:05    NE
24  70.5  89.0   18:06  55.9   07:35   2.3   7.8  0.00   1.2  13.0   12:16   ENE
25  70.2  87.5   16:32  57.8   07:33   1.6   6.9  0.00   2.4  15.0   14:02    NE
26  66.8  78.0   14:39  58.9   07:35   1.4   3.2  0.00   1.9  16.0   14:41   ENE
27  69.8  79.3   14:25  61.5   08:00   0.5   5.3  0.00   0.7  10.0   09:46   SSE
28  72.8  83.6   15:35  63.8   06:21   0.1   7.9  0.00   0.4   8.0   13:38    SW
29  69.4  73.2   13:06  60.0   23:26   0.3   4.7  0.05   1.6  16.0   21:13   NNE
30  61.3  70.1   14:43  53.9   08:52   4.6   0.9  0.00   4.8  19.0   15:22    NE
----------------------------------------------------------------------------------
    70.8  97.6     6    47.6    13    59.9 234.7  2.35   1.6  20.0    12      NE

Max >=  80.0: 20
Max <=  32.0:  0
Min <=  32.0:  0
Min <=   0.0:  0
Max Rain: 1.25 on day 19
Days of Rain: 6 (>= 0.01 in)  5 (>= 0.10 in)  1 (>= 1.00 in)
Heat Base: 65.0  Cool Base: 65.0  Method: Integration