westclay - carmel IN - NOAA Style Historical Reports

Note: The data in these reports are collected by an automated weather station and are not checked for accuracy.
Select a Year or Month report

Report for 2015 Jul
                   Monthly Climatological Summary for Jul 2015

Name: WestClay   City: Carmel   State: IN
Elevation: 915 ft  Lat: N 39 58' 30"   Lon: W 086 11' 57"

                  Temperature (F), Rain (in), Wind Speed (mph)

                                      Heat  Cool        Avg
    Mean                              Deg   Deg         Wind                 Dom
Day Temp  High   Time   Low    Time   Days  Days  Rain  Speed High   Time    Dir
----------------------------------------------------------------------------------
 1  69.9  79.6   15:16  60.4   07:00   0.7   5.6  0.00   1.0  12.0   23:08    NE
 2  70.5  82.3   15:02  61.1   04:56   1.0   6.4  0.00   3.6  13.0   15:12    NE
 3  69.1  76.9   17:18  61.9   06:53   0.4   4.5  0.06   2.6  13.0   19:20    NE
 4  72.4  84.8   17:24  60.3   06:54   0.6   8.1  0.00   0.9   8.0   17:55   NNE
 5  74.1  86.1   17:28  62.0   06:30   0.4   9.5  0.00   0.5   9.0   14:01   ESE
 6  77.0  89.4   16:45  64.0   06:13   0.1  12.0  0.00   2.1  14.0   11:57   SSW
 7  71.9  79.0   00:00  60.2   23:59   0.3   7.2  2.48   3.2  16.0   17:08     S
 8  62.5  67.0   23:48  57.7   04:24   2.9   0.4  0.32   0.5   5.0   00:00    NE
 9  68.4  72.6   04:32  65.7   23:35   0.0   3.4  0.23   2.8  17.0   09:10   WSW
10  69.7  80.0   18:42  64.8   23:58   0.0   4.6  0.01   1.1  10.0   12:33    NE
11  70.8  85.3   15:53  57.6   06:47   1.8   7.6  0.00   0.7   7.0   12:16     S
12  76.7  86.2   16:02  69.2   06:14   0.0  11.7  1.16   2.1  12.0   13:45     N
13  73.7  87.1   18:02  66.6   12:54   0.0   8.7  1.88   2.0  25.0   22:12   SSW
14  76.2  85.7   15:00  67.3   23:59   0.0  11.2  0.00   3.9  21.0   14:36   WNW
15  72.7  84.7   18:35  63.6   03:17   0.2   7.9  0.00   3.0  12.0   02:20    NE
16  73.5  86.8   17:00  61.0   06:29   0.5   9.0  0.00   0.9  11.0   17:56   SSE
17  76.9  91.0   14:02  68.3   18:53   0.0  11.9  0.22   3.1  16.0   18:14   SSW
18  81.6  95.5   15:59  69.3   02:11   0.0  16.6  0.00   2.3  14.0   12:27    SW
19  80.5  86.5   18:32  76.4   06:49   0.0  15.5  0.00   2.1  14.0   15:24   WSW
20  78.3  88.0   15:45  71.2   07:02   0.0  13.3  0.09   1.4  13.0   15:14     W
21  75.7  85.9   15:41  66.7   23:56   0.0  10.7  0.01   2.5  16.0   15:20   NNE
22  72.3  85.7   18:22  58.6   06:50   1.1   8.4  0.00   1.1  12.0   13:35    NE
23  75.8  90.5   17:32  62.3   07:00   0.3  11.1  0.00   1.3  11.0   17:34    NE
24  77.3  91.4   16:42  63.8   06:58   0.1  12.3  0.00   0.8   9.0   13:35   SSW
25  78.7  89.7   18:55  66.9   05:44   0.0  13.7  0.00   1.6  11.0   13:10    SW
26  78.7  89.3   15:55  69.8   20:46   0.0  13.7  0.68   1.0  20.0   20:08   ENE
27  78.5  90.0   18:36  70.7   00:38   0.0  13.5  0.00   1.1  10.0   19:40   ENE
28  82.6  96.3   16:52  71.9   07:08   0.0  17.6  0.00   0.8   9.0   16:19     E
29  81.9  90.7   14:17  73.7   23:58   0.0  16.9  0.00   1.9  12.0   12:25     W
30  76.5  87.1   16:54  65.8   07:08   0.0  11.5  0.00   2.0  13.0   13:52   WNW
31  78.4  89.9   16:42  69.2   07:14   0.0  13.5  0.00   2.7  18.0   17:07     W
----------------------------------------------------------------------------------
    74.9  96.3    28    57.6    11    10.4 318.0  7.14   1.8  25.0    13     WNW

Max >=  80.0: 26
Max <=  32.0:  0
Min <=  32.0:  0
Min <=   0.0:  0
Max Rain: 2.48 on day 7
Days of Rain: 11 (>= 0.01 in)  7 (>= 0.10 in)  3 (>= 1.00 in)
Heat Base: 65.0  Cool Base: 65.0  Method: Integration