westclay - carmel IN - NOAA Style Historical Reports

Note: The data in these reports are collected by an automated weather station and are not checked for accuracy.
Select a Year or Month report

Report for 2015 Jun
                   Monthly Climatological Summary for Jun 2015

Name: WestClay   City: Carmel   State: IN
Elevation: 915 ft  Lat: N 39 58' 30"   Lon: W 086 11' 57"

                  Temperature (F), Rain (in), Wind Speed (mph)

                                      Heat  Cool        Avg
    Mean                              Deg   Deg         Wind                 Dom
Day Temp  High   Time   Low    Time   Days  Days  Rain  Speed High   Time    Dir
----------------------------------------------------------------------------------
 1  56.2  66.3   18:11  51.2   05:38   8.9   0.0  0.00   3.7  13.0   00:54    NE
 2  60.3  73.5   16:21  48.6   06:26   6.4   1.7  0.00   2.0  13.0   16:32    NE
 3  63.4  76.2   16:13  51.2   06:43   4.6   3.0  0.00   0.6   9.0   12:48     E
 4  70.5  85.1   17:20  56.8   04:01   2.1   7.6  0.00   0.7   8.0   15:15   WSW
 5  76.0  89.2   16:25  64.0   23:57   0.0  11.0  0.00   2.5  16.0   17:32   NNE
 6  68.9  79.8   19:36  60.4   02:59   0.8   4.7  0.00   2.5  15.0   10:42    NE
 7  74.5  89.8   16:32  61.4   05:25   0.7  10.2  0.28   2.7  17.0   17:02   SSW
 8  69.8  80.5   18:17  60.3   23:49   0.4   5.2  1.25   3.5  22.0   21:39    SW
 9  71.1  83.9   18:25  58.2   04:39   2.1   8.2  0.01   1.1  12.0   01:06     W
10  79.9  92.9   16:42  66.5   06:27   0.0  14.9  0.00   3.4  19.0   17:51    SW
11  82.8  93.7   16:45  71.7   07:00   0.0  17.7  0.00   2.2  14.0   14:00   SSW
12  77.9  87.5   15:17  72.1   23:05   0.0  12.9  1.08   3.0  16.0   11:45   SSW
13  80.9  91.9   16:33  71.0   05:37   0.0  15.9  0.00   3.0  15.0   18:14    SW
14  78.7  88.5   15:49  73.1   23:41   0.0  13.7  0.04   3.7  20.0   14:37    SW
15  79.1  89.6   16:42  71.6   07:05   0.0  14.1  0.47   3.5  20.0   23:58    SW
16  76.3  85.6   19:14  70.2   04:08   0.0  11.3  0.36   2.0  15.0   00:00     N
17  73.5  80.8   13:15  68.0   05:49   0.0   8.5  0.41   1.8  13.0   16:51    SW
18  75.5  87.2   14:05  69.1   15:49   0.0  10.5  0.15   2.5  22.0   15:28    SW
19  72.1  81.0   17:17  67.8   10:24   0.0   7.1  1.26   1.2  12.0   17:34   ENE
20  73.5  79.0   17:34  69.3   06:53   0.0   8.5  0.15   2.1  11.0   12:09   NNE
21  74.2  85.6   17:16  65.6   06:01   0.0   9.2  0.15   2.0  25.0   02:18   WSW
22  78.7  89.2   16:51  69.3   04:10   0.0  13.7  0.00   3.2  21.0   18:41   SSW
23  78.3  83.8   17:51  67.9   23:59   0.0  13.3  0.00   3.3  14.0   03:52    NW
24  72.2  81.6   18:32  62.3   06:41   0.2   7.4  0.00   0.8   9.0   12:04    SW
25  73.1  84.0   18:15  66.0   08:15   0.0   8.1  0.64   1.4  14.0   05:59    SW
26  70.6  76.6   10:04  64.5   23:48   0.0   5.6  1.68   1.3  18.0   13:31    NE
27  65.3  71.7   17:53  59.8   05:50   1.5   1.8  0.01   5.8  25.0   05:09   NNE
28  68.6  80.9   17:40  56.2   07:10   2.1   5.7  0.00   2.0  12.0   12:56   WSW
29  68.8  76.4   17:24  62.8   05:38   0.4   4.2  0.08   0.8   9.0   02:58     S
30  72.0  82.4   15:37  63.5   06:15   0.2   7.2  0.00   1.8  18.0   15:32     W
----------------------------------------------------------------------------------
    72.8  93.7    11    48.6     2    30.4 262.9  8.02   2.3  25.0    21     WSW

Max >=  80.0: 22
Max <=  32.0:  0
Min <=  32.0:  0
Min <=   0.0:  0
Max Rain: 1.68 on day 26
Days of Rain: 16 (>= 0.01 in)  12 (>= 0.10 in)  4 (>= 1.00 in)
Heat Base: 65.0  Cool Base: 65.0  Method: Integration