westclay - carmel IN - NOAA Style Historical Reports

Note: The data in these reports are collected by an automated weather station and are not checked for accuracy.
Select a Year or Month report

Report for 2015 Feb
                   Monthly Climatological Summary for Feb 2015

Name: WestClay   City: Carmel   State: IN
Elevation: 915 ft  Lat: N 39 58' 30"   Lon: W 086 11' 57"

                  Temperature (F), Rain (in), Wind Speed (mph)

                                      Heat  Cool        Avg
    Mean                              Deg   Deg         Wind                 Dom
Day Temp  High   Time   Low    Time   Days  Days  Rain  Speed High   Time    Dir
----------------------------------------------------------------------------------
 1  33.6  36.0   19:57  27.1   23:59  31.4   0.0  0.34   1.0  15.0   23:55   NNE
 2  18.4  27.1   00:00  13.7   23:05  46.6   0.0  0.01   4.0  18.0   07:03     N
 3  26.3  37.5   16:58  14.3   00:12  38.7   0.0  0.06   3.3  18.0   14:41   SSW
 4  30.7  37.8   10:30  15.1   23:59  34.3   0.0  0.01   3.8  18.0   21:16     W
 5  13.9  25.5   16:38   5.7   07:49  51.1   0.0  0.08   1.4  13.0   00:31   NNE
 6  25.5  36.7   16:40  12.4   01:20  39.5   0.0  0.02   2.3  11.0   04:10   SSW
 7  42.0  55.2   17:05  29.2   00:00  23.0   0.0  0.01   3.3  17.0   11:03   SSW
 8  48.4  56.1   13:20  34.9   23:59  16.6   0.0  0.00   4.4  24.0   09:52    SW
 9  28.0  34.9   00:00  25.1   23:57  37.0   0.0  0.00   4.4  14.0   05:35   NNE
10  26.5  41.0   16:55  18.4   07:22  38.5   0.0  0.00   2.1  12.0   00:00    NE
11  30.9  37.7   12:58  23.6   00:00  34.0   0.0  0.01   3.3  17.0   19:56   WSW
12  19.4  26.8   00:00  13.3   23:56  45.6   0.0  0.00   4.3  23.0   11:03    NW
13  19.9  29.1   15:09   8.2   06:48  45.0   0.0  0.01   2.6  14.0   19:00    SW
14  20.5  30.1   04:38   6.3   23:55  44.5   0.0  0.00   6.3  25.0   11:15   WNW
15  10.5  21.4   16:37   4.2   06:52  54.5   0.0  0.00   3.3  16.0   13:05   NNE
16  12.2  17.6   15:42   8.7   23:57  52.8   0.0  0.00   2.0  11.0   01:33   ENE
17  16.4  27.6   16:13   5.7   04:55  48.6   0.0  0.00   2.2  16.0   17:35    SW
18  10.0  16.2   01:39   1.0   23:50  55.0   0.0  0.00   4.1  21.0   12:59     W
19   2.5  10.9   16:31  -2.9   07:20  62.3   0.0  0.00   3.2  17.0   12:17     W
20   7.9  18.0   22:49  -3.8   05:48  57.1   0.0  0.00   2.4  16.0   18:50   SSW
21  23.8  35.2   15:31  17.2   02:21  41.2   0.0  0.25   0.9   9.0   14:26    NE
22  24.3  29.7   14:55  14.7   23:58  40.7   0.0  0.01   1.7  13.0   14:50   NNW
23  10.6  22.2   15:49   3.2   07:54  54.4   0.0  0.01   2.0  13.0   00:13   NNE
24  15.3  28.0   16:23   1.9   06:00  49.7   0.0  0.01   3.4  21.0   12:57    SW
25  26.1  38.0   15:29  16.2   06:56  38.7   0.0  0.03   2.3  14.0   19:25    NE
26  17.5  22.3   00:00   7.8   23:57  47.5   0.0  0.00   3.7  15.0   00:06    NE
27  11.1  21.2   16:42   3.8   06:17  53.9   0.0  0.01   0.9  10.0   13:10   WNW
28  17.9  31.6   15:06   5.9   01:51  47.1   0.0  0.02   0.9  10.0   16:30     E
----------------------------------------------------------------------------------
    21.1  56.1     8    -3.8    20  1229.3   0.0  0.89   2.8  25.0    14     WNW

Max >=  80.0:  0
Max <=  32.0: 17
Min <=  32.0: 27
Min <=   0.0:  2
Max Rain: 0.34 on day 1
Days of Rain: 16 (>= 0.01 in)  2 (>= 0.10 in)  0 (>= 1.00 in)
Heat Base: 65.0  Cool Base: 65.0  Method: Integration