westclay - carmel IN - NOAA Style Historical Reports

Note: The data in these reports are collected by an automated weather station and are not checked for accuracy.
Select a Year or Month report
V/Λ2017 > Jan Feb Mar Apr May Jun Jul Aug Sep Oct Nov Dec
V/Λ2016 > Jan Feb Mar Apr May Jun Jul Aug Sep Oct Nov Dec
V/Λ2015 > Jan Feb Mar Apr May Jun Jul Aug Sep Oct Nov Dec
V/Λ2014 > Jan Feb Mar Apr May Jun Jul Aug Sep Oct Nov Dec
V/Λ2013 > Jan Feb Mar Apr May Jun Jul Aug Sep Oct Nov Dec
V/Λ2012 > Jan Feb Mar Apr May Jun Jul Aug Sep Oct Nov Dec
V/Λ2011 > Jan Feb Mar Apr May Jun Jul Aug Sep Oct Nov Dec

Report for 2015
                   Annual Climatological Summary for 2015

Name: WestClay   City: Carmel   State: IN
Elevation: 915 ft  Lat: N 39 58' 30"   Lon: W 086 11' 57"

                  Temperature (F), Heat Base: 65.0  Cool Base: 65.0
                          Dep.  Heat  Cool                       Max  Max  Min  Min
        Mean  Mean        From  Deg   Deg                        >=   <=   <=   <=
 YR MO  Max   Min   Mean  Norm  Days  Days  Hi  Date  Low  Date 80.0 32.0 32.0   0.0
------------------------------------------------------------------------------------
 15  1  34.6  18.0  26.1  -2.0  1206     0  52.5  17  -7.0    8    0    9   27    3
 15  2  30.4  11.8  21.1 -11.0  1229     0  56.1   8  -3.8   20    0   17   27    2
 15  3  49.8  30.2  39.4  -2.8   793     2  74.8  16   2.9    6    0    2   17    0
 15  4  66.5  44.1  54.7   1.7   332    22  82.5  18  29.9    4    3    0    2    0
 15  5  79.2  57.6  67.4   4.7   102   176  90.6   6  39.8    1   18    0    0    0
 15  6  83.1  64.0  72.8   0.8    30   262  93.7  11  48.6    2   22    0    0    0
 15  7  85.8  65.4  74.9  -0.5    10   318  96.3  28  57.6   11   26    0    0    0
 15  8  85.8  63.3  73.6  -0.6    21   286  93.1   2  54.8   25   27    0    0    0
 15  9  84.0  60.0  70.8   3.9    59   234  97.6   6  47.6   13   20    0    0    0
 15 10  68.4  47.4  56.6   1.6   300    40  82.9   7  33.1   18    5    0    0    0
 15 11  58.6  38.8  47.8   4.2   525    10  79.6   4  14.4   22    0    0    8    0
 15 12  49.5  36.8  42.5  10.9   698     0  68.8  12  20.1   19    0    1   12    0
------------------------------------------------------------------------------------
        64.6  44.8  54.0   0.9  5311  1355  97.6 Sep  -7.0  Jan  121   29   93    5

                                Precipitation (in)

              Dep.   Max        Days of Rain
              From   Obs.           >=
 YR MO Total  Norm   Day Date 0.01 0.10 1.00
---------------------------------------------
 15  1  1.59 -1.07  0.70   3    14    4    0
 15  2  0.89 -1.43  0.34   1    16    2    0
 15  3  3.50 -0.06  0.77  25    14    8    0
 15  4  5.96  2.15  1.36  19    14    9    2
 15  5  2.91 -2.14  1.15  30    13    6    1
 15  6  8.02  3.77  1.68  26    16   12    4
 15  7  7.14  2.59  2.48   7    11    7    3
 15  8  1.67 -1.46  0.63  19    10    4    0
 15  9  2.35 -0.77  1.25  19     6    5    1
 15 10  1.40 -1.72  0.63  27     6    2    0
 15 11  2.79 -0.91  1.15  27    16    7    1
 15 12  4.30  1.13  1.38  27    14    7    1
---------------------------------------------
       42.52  0.08  2.48  Jul  150   73   13

                                Wind Speed (mph)
                          Dom
 YR MO   Avg.  Hi   Date  Dir
------------------------------
 15  1   2.7  30.0   17   WSW
 15  2   2.8  25.0   14     W
 15  3   2.4  24.0   17   NNW
 15  4   2.7  29.0   21   WSW
 15  5   2.4  23.0   25   SSW
 15  6   2.3  25.0   21    SW
 15  7   1.8  25.0   13   WNW
 15  8   1.6  21.0   15   WSW
 15  9   1.6  20.0   12   ENE
 15 10   2.6  27.0    2    NE
 15 11   2.5  34.0   12    SW
 15 12   2.6  29.0   23    SW
------------------------------
         2.3  34.0  Nov   WSW