westclay - carmel IN - NOAA Style Historical Reports

Note: The data in these reports are collected by an automated weather station and are not checked for accuracy.
Select a Year or Month report
V/Λ2017 > Jan Feb Mar Apr May Jun Jul Aug Sep Oct Nov Dec
V/Λ2016 > Jan Feb Mar Apr May Jun Jul Aug Sep Oct Nov Dec
V/Λ2015 > Jan Feb Mar Apr May Jun Jul Aug Sep Oct Nov Dec
V/Λ2014 > Jan Feb Mar Apr May Jun Jul Aug Sep Oct Nov Dec
V/Λ2013 > Jan Feb Mar Apr May Jun Jul Aug Sep Oct Nov Dec
V/Λ2012 > Jan Feb Mar Apr May Jun Jul Aug Sep Oct Nov Dec
V/Λ2011 > Jan Feb Mar Apr May Jun Jul Aug Sep Oct Nov Dec

Report for 2014 Nov
                   Monthly Climatological Summary for Nov 2014

Name: WestClay   City: Carmel   State: IN
Elevation: 915 ft  Lat: N 39 58' 30"   Lon: W 086 11' 57"

                  Temperature (F), Rain (in), Wind Speed (mph)

                                      Heat  Cool        Avg
    Mean                              Deg   Deg         Wind                 Dom
Day Temp  High   Time   Low    Time   Days  Days  Rain  Speed High   Time    Dir
----------------------------------------------------------------------------------
 1  34.6  44.0   16:55  29.3   07:39  30.4   0.0  0.00   5.1  21.0   00:22   NNE
 2  37.4  52.9   14:49  22.4   07:22  28.8   0.0  0.00   0.9   9.0   15:29   SSW
 3  54.0  68.0   15:57  44.0   00:00  11.2   0.2  0.00   4.3  24.0   09:47   SSW
 4  52.0  57.0   02:20  44.9   23:52  13.1   0.0  0.19   4.0  21.0   12:21    SW
 5  47.7  61.8   16:07  41.0   07:25  17.3   0.0  0.00   0.9  11.0   15:15   SSW
 6  44.1  48.1   09:56  39.5   23:38  20.9   0.0  0.15   4.1  21.0   14:21     W
 7  40.3  50.1   15:53  35.4   05:31  24.7   0.0  0.00   1.4  12.0   00:04   WSW
 8  42.4  47.0   13:14  38.4   00:49  22.6   0.0  0.00   3.1  15.0   10:58    SW
 9  41.5  51.7   14:23  31.5   07:13  23.5   0.0  0.00   2.3  17.0   13:23   SSW
10  51.7  64.6   15:54  42.0   07:47  13.3   0.0  0.00   3.5  18.0   15:18   SSW
11  46.8  60.7   10:14  34.5   21:48  18.2   0.0  0.09   4.1  20.0   10:52   WSW
12  31.0  34.7   00:00  27.0   23:59  33.8   0.0  0.00   2.7  14.0   01:16     W
13  24.9  27.0   00:00  22.7   22:27  40.1   0.0  0.00   2.9  13.0   10:13     W
14  23.7  30.2   13:38  17.8   07:50  41.3   0.0  0.00   1.9  11.0   13:24     W
15  26.4  35.4   15:09  15.9   04:15  38.6   0.0  0.00   0.8  12.0   22:03   SSW
16  31.7  35.3   13:24  29.7   23:53  33.3   0.0  0.00   0.5   8.0   13:00   SSW
17  21.4  29.7   00:00  14.4   23:56  43.6   0.0  0.00   4.4  19.0   15:54     W
18  15.1  19.0   14:59   9.4   07:34  49.9   0.0  0.00   4.8  21.0   12:36   WSW
19  25.9  37.3   13:51  15.3   03:37  39.1   0.0  0.10   5.4  23.0   12:58    SW
20  24.4  30.5   16:15  19.3   08:06  40.4   0.0  0.00   3.9  17.0   14:29   WSW
21  24.2  36.7   16:06  12.2   07:50  40.8   0.0  0.02   0.9  10.0   13:50   SSE
22  45.7  56.3   15:14  31.1   00:00  19.2   0.0  0.10   4.1  22.0   13:51   SSW
23  51.0  56.3   11:23  46.7   03:00  14.0   0.0  1.70   2.1  18.0   23:15     S
24  44.5  56.7   06:34  35.7   22:28  20.6   0.0  0.53   6.4  27.0   11:01    SW
25  30.8  35.8   00:00  26.9   23:55  34.2   0.0  0.01   3.2  17.0   03:49     W
26  29.2  36.8   15:15  26.2   01:04  35.8   0.0  0.00   1.3   9.0   19:08   ENE
27  27.3  30.7   13:35  23.9   23:56  37.7   0.0  0.00   3.2  16.0   15:19     W
28  27.3  33.9   16:38  19.3   03:04  37.7   0.0  0.00   2.0  18.0   19:15   SSW
29  44.0  56.8   23:43  31.5   00:00  21.0   0.0  0.00   4.3  26.0   15:13   SSW
30  57.5  63.8   15:19  39.8   23:57   7.5   0.0  0.06   5.2  23.0   03:08    SW
----------------------------------------------------------------------------------
    36.6  68.0     3     9.4    18   852.6   0.2  2.95   3.1  27.0    24      SW

Max >=  80.0:  0
Max <=  32.0:  6
Min <=  32.0: 19
Min <=   0.0:  0
Max Rain: 1.70 on day 23
Days of Rain: 10 (>= 0.01 in)  6 (>= 0.10 in)  1 (>= 1.00 in)
Heat Base: 65.0  Cool Base: 65.0  Method: Integration