westclay - carmel IN - NOAA Style Historical Reports

Note: The data in these reports are collected by an automated weather station and are not checked for accuracy.
Select a Year or Month report

Report for 2014 Jun
                   Monthly Climatological Summary for Jun 2014

Name: WestClay   City: Carmel   State: IN
Elevation: 915 ft  Lat: N 39 58' 30"   Lon: W 086 11' 57"

                  Temperature (F), Rain (in), Wind Speed (mph)

                                      Heat  Cool        Avg
    Mean                              Deg   Deg         Wind                 Dom
Day Temp  High   Time   Low    Time   Days  Days  Rain  Speed High   Time    Dir
----------------------------------------------------------------------------------
 1  76.5  92.5   16:23  60.7   06:56   0.4  11.9  0.00   2.0  13.0   19:24   SSW
 2  73.1  80.1   12:54  68.0   23:54   0.0   8.1  0.71   4.1  22.0   12:49   SSW
 3  77.3  86.9   17:07  67.5   00:30   0.0  12.3  0.00   3.4  14.0   11:59   WSW
 4  68.1  78.3   15:40  61.5   23:58   0.5   3.6  0.76   2.6  19.0   15:24   NNE
 5  67.5  81.8   16:48  56.0   06:17   2.6   5.1  0.00   2.1  15.0   00:30    NE
 6  70.6  86.7   16:59  54.8   06:51   2.5   8.0  0.00   1.0   9.0   12:01     E
 7  72.6  86.3   15:20  57.8   06:35   1.4   9.0  0.00   1.3  14.0   13:45   SSE
 8  68.5  77.1   15:11  60.9   08:15   0.6   4.1  0.38   3.7  24.0   08:45    NE
 9  70.2  84.1   17:45  59.5   06:01   1.5   6.7  0.00   1.7  12.0   13:23   ENE
10  68.1  73.5   13:57  63.3   07:17   0.2   3.3  0.20   1.3  13.0   13:06   ENE
11  70.4  81.9   16:56  65.9   05:14   0.0   5.4  0.54   2.1  12.0   08:26   SSW
12  71.6  83.0   16:25  62.9   06:28   0.2   6.8  0.02   2.6  14.0   13:13   WSW
13  67.8  76.8   16:44  61.2   23:58   0.8   3.6  0.17   2.6  15.0   15:23   NNW
14  66.1  81.3   15:30  49.0   06:40   4.3   5.4  0.00   1.0  10.0   16:06   SSE
15  73.0  88.0   16:38  56.4   05:28   1.8   9.8  0.00   2.5  17.0   17:25   SSW
16  79.8  89.7   15:44  73.0   06:58   0.0  14.8  0.00   2.2  13.0   19:25    SW
17  82.6  92.5   16:29  74.0   07:55   0.0  17.6  0.00   4.1  25.0   09:21    SW
18  79.5  92.5   15:05  69.9   18:45   0.0  14.5  0.38   3.2  31.0   17:43    SW
19  73.1  86.8   13:42  67.3   00:58   0.0   8.1  3.09   1.4  27.0   17:37   ENE
20  75.6  85.8   19:30  68.4   05:49   0.0  10.6  0.10   1.5  18.0   20:32   WSW
21  76.9  91.8   17:00  67.5   06:43   0.0  11.9  0.02   1.4  11.0   23:16    NE
22  79.6  90.0   18:27  70.0   06:55   0.0  14.6  0.00   1.6  14.0   14:13   WSW
23  77.1  92.1   15:50  69.7   17:36   0.0  12.1  0.77   2.1  32.0   17:07   SSW
24  72.3  80.3   12:17  69.7   16:38   0.0   7.3  0.59   1.0  11.0   10:19   SSW
25  75.6  87.4   17:21  66.7   06:01   0.0  10.6  0.00   1.3  13.0   13:37   NNW
26  76.9  90.7   16:38  66.1   06:32   0.0  11.9  0.00   1.5  10.0   17:18    NE
27  76.8  90.2   14:56  67.9   06:46   0.0  11.8  0.32   1.0  12.0   19:08   SSE
28  76.7  88.8   17:35  70.4   06:03   0.0  11.7  0.11   1.5  13.0   19:33   SSW
29  78.0  86.0   14:10  71.9   06:31   0.0  13.0  0.13   3.3  16.0   12:15   SSW
30  77.0  89.5   17:55  69.8   13:29   0.0  12.0  0.06   2.3  18.0   13:12   SSW
----------------------------------------------------------------------------------
    74.0  92.5     1    49.0    14    16.8 285.6  8.35   2.1  32.0    23     SSW

Max >=  80.0: 26
Max <=  32.0:  0
Min <=  32.0:  0
Min <=   0.0:  0
Max Rain: 3.09 on day 19
Days of Rain: 17 (>= 0.01 in)  14 (>= 0.10 in)  1 (>= 1.00 in)
Heat Base: 65.0  Cool Base: 65.0  Method: Integration