westclay - carmel IN - NOAA Style Historical Reports

Note: The data in these reports are collected by an automated weather station and are not checked for accuracy.
Select a Year or Month report
V/Λ2017 > Jan Feb Mar Apr May Jun Jul Aug Sep Oct Nov Dec
V/Λ2016 > Jan Feb Mar Apr May Jun Jul Aug Sep Oct Nov Dec
V/Λ2015 > Jan Feb Mar Apr May Jun Jul Aug Sep Oct Nov Dec
V/Λ2014 > Jan Feb Mar Apr May Jun Jul Aug Sep Oct Nov Dec
V/Λ2013 > Jan Feb Mar Apr May Jun Jul Aug Sep Oct Nov Dec
V/Λ2012 > Jan Feb Mar Apr May Jun Jul Aug Sep Oct Nov Dec
V/Λ2011 > Jan Feb Mar Apr May Jun Jul Aug Sep Oct Nov Dec

Report for 2014
                   Annual Climatological Summary for 2014

Name: WestClay   City: Carmel   State: IN
Elevation: 915 ft  Lat: N 39 58' 30"   Lon: W 086 11' 57"

                  Temperature (F), Heat Base: 65.0  Cool Base: 65.0
                          Dep.  Heat  Cool                       Max  Max  Min  Min
        Mean  Mean        From  Deg   Deg                        >=   <=   <=   <=
 YR MO  Max   Min   Mean  Norm  Days  Days  Hi  Date  Low  Date 80.0 32.0 32.0   0.0
------------------------------------------------------------------------------------
 14  1
 14  2
 14  3
 14  4  68.4  40.6  58.0   5.0    33     5  77.4  27   0.0   26    0    0    1    1
 14  5  77.3  54.7  65.1   2.4   162   166  92.2  30  38.1   18   16    0    0    0
 14  6  85.7  64.9  74.0   2.0    16   285  92.5   1  49.0   14   26    0    0    0
 14  7  82.4  61.3  71.3  -4.1    36   232  92.0  22  51.9   17   22    0    0    0
 14  8  86.2  65.6  74.2   0.0    12   296  96.7  25  47.8   15   28    0    0    0
 14  9  79.7  55.0  66.0  -0.9   124   154  95.2   5  43.6   14   15    0    0    0
 14 10  64.8  45.9  54.6  -0.4   349    27  82.6   1  33.6   31    2    0    0    0
 14 11  45.0  28.9  36.6  -7.0   852     0  68.0   3   9.4   18    0    6   19    0
 14 12  39.6  28.6  34.3   2.7   950     0  55.2  23  10.9   31    0    5   20    0
------------------------------------------------------------------------------------
        69.9  49.5  59.3   0.0  2540  1168  96.7 Aug   0.0  Apr  109   11   40    1

                                Precipitation (in)

              Dep.   Max        Days of Rain
              From   Obs.           >=
 YR MO Total  Norm   Day Date 0.01 0.10 1.00
---------------------------------------------
 14  1
 14  2
 14  3
 14  4  1.02 -2.79  0.78  28     2    2    0
 14  5  4.99 -0.06  1.67  21    15    6    3
 14  6  8.35  4.10  3.09  19    17   14    1
 14  7  3.17 -1.38  0.72   8    12    7    0
 14  8  2.63 -0.50  0.89  19    14    9    0
 14  9  3.13  0.01  1.68  10     8    5    1
 14 10  3.49  0.37  0.71   3    15   10    0
 14 11  2.95 -0.75  1.70  23    10    6    1
 14 12  2.20 -0.97  0.67   5    13    6    0
---------------------------------------------
       31.93 -1.97  3.09  Jun  106   65    6

                                Wind Speed (mph)
                          Dom
 YR MO   Avg.  Hi   Date  Dir
------------------------------
 14  1
 14  2
 14  3
 14  4   3.3  28.0   29   ENE
 14  5   2.7  21.0    8     S
 14  6   2.1  32.0   23   SSW
 14  7   2.1  36.0    1   WSW
 14  8   1.5  26.0   26    NE
 14  9   1.7  23.0   10    NE
 14 10   2.3  27.0   31    SW
 14 11   3.1  27.0   24    SW
 14 12   2.3  22.0    1   WNW
------------------------------
         2.3  36.0  Jul    SW