westclay - carmel IN - NOAA Style Historical Reports

Note: The data in these reports are collected by an automated weather station and are not checked for accuracy.
Select a Year or Month report
V/Λ2017 > Jan Feb Mar Apr May Jun Jul Aug Sep Oct Nov Dec
V/Λ2016 > Jan Feb Mar Apr May Jun Jul Aug Sep Oct Nov Dec
V/Λ2015 > Jan Feb Mar Apr May Jun Jul Aug Sep Oct Nov Dec
V/Λ2014 > Jan Feb Mar Apr May Jun Jul Aug Sep Oct Nov Dec
V/Λ2013 > Jan Feb Mar Apr May Jun Jul Aug Sep Oct Nov Dec
V/Λ2012 > Jan Feb Mar Apr May Jun Jul Aug Sep Oct Nov Dec
V/Λ2011 > Jan Feb Mar Apr May Jun Jul Aug Sep Oct Nov Dec

Report for 2013 Nov
                   Monthly Climatological Summary for Nov 2013

Name: Timber Ridge   City: Prospect   State: KY
Elevation: 472 ft  Lat: N 38 19' 55"   Lon: W 085 36' 58"

                  Temperature (F), Rain (in), Wind Speed (mph)

                                      Heat  Cool        Avg
    Mean                              Deg   Deg         Wind                 Dom
Day Temp  High   Time   Low    Time   Days  Days  Rain  Speed High   Time    Dir
----------------------------------------------------------------------------------
 1  58.5  67.5   15:26  50.3   23:57   6.6   0.1  0.00   1.6  14.0   02:08   WNW
 2  50.0  58.3   15:54  40.8   08:44  15.0   0.0  0.00   1.2  11.0   18:12    NW
 3  44.4  56.3   14:21  35.0   07:23  21.5   0.0  0.00   0.3   6.0   13:32   ESE
 4  50.6  62.7   15:10  38.6   00:00  14.4   0.0  0.00   0.5  14.0   13:07   WSW
 5  53.8  62.9   15:48  46.7   23:45  11.2   0.0  0.00   0.1   9.0   12:21   SSW
 6  56.2  67.2   12:12  45.5   23:55   9.0   0.2  0.28   1.1  19.0   10:17     W
 7  43.1  51.6   15:12  36.2   22:27  21.9   0.0  0.06   1.4  11.0   13:05    NW
 8  41.1  55.1   15:23  30.5   07:26  23.9   0.0  0.00   0.6   8.0   13:35    NW
 9  48.5  64.5   15:20  32.2   07:16  16.5   0.0  0.00   1.5  20.0   12:43     W
10  45.7  57.6   15:11  33.4   23:56  19.3   0.0  0.00   1.0  13.0   13:12    NW
11  46.0  63.2   14:28  30.6   05:44  19.0   0.0  0.01   0.9  13.0   23:58   WNW
12  34.8  43.9   00:00  28.9   23:58  30.2   0.0  0.05   2.4  17.0   11:17   NNE
13  31.4  43.5   16:03  22.9   07:24  33.4   0.0  0.00   0.7  10.0   14:42   WNW
14  38.8  57.7   16:05  25.5   07:08  26.2   0.0  0.00   0.9  17.0   13:04     W
15  43.8  55.0   14:35  32.2   06:53  21.2   0.0  0.14   0.4  14.0   11:46   WSW
16  54.9  62.8   23:44  46.0   00:00  10.1   0.0  0.00   0.7  16.0   23:57   SSW
17  61.6  67.4   17:32  48.9   23:58   3.6   0.2  2.82   1.9  17.0   14:51     W
18  48.8  56.2   15:24  37.0   23:56  16.2   0.0  0.00   2.7  18.0   14:27    NW
19  36.8  44.6   16:00  30.6   07:42  28.2   0.0  0.00   0.8  10.0   11:18     E
20  40.0  56.2   16:02  28.6   06:37  25.0   0.0  0.00   0.4   9.0   10:05   SSE
21  50.7  61.9   15:47  39.1   01:23  14.3   0.0  0.09   0.3   8.0   13:36   SSW
22  51.2  56.6   10:00  41.8   23:56  13.8   0.0  0.08   1.6  13.0   15:50   NNW
23  35.6  42.6   12:55  25.5   23:59  29.4   0.0  0.00   2.8  15.0   20:06   NNW
24  24.8  29.9   15:06  20.0   08:07  40.2   0.0  0.00   1.5  11.0   01:43   NNE
25  33.1  41.1   12:41  22.5   00:00  31.8   0.0  0.00   1.0  18.0   12:45     W
26  34.8  35.9   12:57  33.2   03:35  30.2   0.0  0.08   0.8   8.0   20:05   NNW
27  29.3  35.6   00:00  21.8   23:56  35.8   0.0  0.00   3.1  15.0   02:06    NW
28  27.4  39.6   15:38  18.8   04:53  37.6   0.0  0.01   0.8  14.0   12:15     W
29  29.7  44.6   15:30  19.6   07:46  35.3   0.0  0.00   0.6   6.0   11:36    SE
30  36.5  56.2   15:28  24.8   08:02  28.5   0.0  0.00   0.7  13.0   14:21     W
----------------------------------------------------------------------------------
    42.7  67.5     1    18.8    28   669.3   0.5  3.62   1.1  20.0     9      NW

Max >=  80.0:  0
Max <=  32.0:  1
Min <=  32.0: 14
Min <=   0.0:  0
Max Rain: 2.82 on day 17
Days of Rain: 10 (>= 0.01 in)  3 (>= 0.10 in)  1 (>= 1.00 in)
Heat Base: 65.0  Cool Base: 65.0  Method: Integration