westclay - carmel IN - NOAA Style Historical Reports

Note: The data in these reports are collected by an automated weather station and are not checked for accuracy.
Select a Year or Month report

Report for 2013 Oct
                   Monthly Climatological Summary for Oct 2013

Name: Timber Ridge   City: Prospect   State: KY
Elevation: 472 ft  Lat: N 38 19' 55"   Lon: W 085 36' 58"

                  Temperature (F), Rain (in), Wind Speed (mph)

                                      Heat  Cool        Avg
    Mean                              Deg   Deg         Wind                 Dom
Day Temp  High   Time   Low    Time   Days  Days  Rain  Speed High   Time    Dir
----------------------------------------------------------------------------------
 1  66.9  80.2   15:37  58.1   06:39   2.0   3.9  0.00   0.3   9.0   10:42   WNW
 2  69.0  80.2   15:09  60.5   05:19   1.2   5.2  0.00   0.0   8.0   16:05   WSW
 3  72.4  81.8   15:45  68.0   08:07   0.0   7.4  0.04   0.1   6.0   16:10   WNW
 4  72.4  84.7   15:52  63.5   07:57   0.1   7.6  0.01   0.3   9.0   19:56     W
 5  69.9  73.7   10:43  67.1   08:11   0.0   4.9  2.26   0.0   6.0   21:35   SSW
 6  63.7  71.1   13:06  55.2   20:01   2.9   1.6  1.55   0.3  12.0   11:45   WNW
 7  54.5  63.2   15:18  47.5   04:32  10.5   0.0  0.00   0.4   9.0   10:08   NNW
 8  54.1  67.3   15:45  43.5   07:33  11.2   0.3  0.01   0.5   9.0   12:48   ESE
 9  57.4  75.9   15:48  45.2   08:05   9.4   1.8  0.00   0.0   0.0   00:00     E
10  58.3  74.5   15:41  46.8   07:56   8.5   1.8  0.00   0.0   5.0   14:07   ESE
11  59.4  76.6   15:43  47.9   08:04   7.8   2.2  0.00   0.0   5.0   15:27    NW
12  61.3  80.3   15:48  49.0   08:04   6.6   2.9  0.00   0.1   7.0   15:31     W
13  63.9  75.7   15:54  54.0   23:58   3.6   2.6  0.00   0.0   0.0   00:00     E
14  57.8  71.9   16:09  46.6   08:17   8.4   1.2  0.00   0.2   5.0   11:32   ESE
15  63.0  72.5   14:42  53.9   01:28   3.7   1.8  0.01   0.4  10.0   14:12   WSW
16  61.7  65.9   00:08  51.2   23:55   3.4   0.1  0.02   0.2   7.0   15:37   WNW
17  51.4  60.0   16:12  45.5   23:58  13.6   0.0  0.05   0.3   8.0   14:07   NNW
18  51.9  67.7   16:03  41.3   08:06  13.2   0.1  0.01   0.4   9.0   11:56     W
19  48.1  51.3   17:26  40.8   23:38  16.9   0.0  0.22   0.2   9.0   14:30   NNW
20  48.6  64.3   15:39  38.6   04:00  16.3   0.0  0.00   0.7  15.0   12:31     W
21  53.3  67.1   14:52  39.9   07:50  11.9   0.2  0.00   0.7  13.0   13:44     W
22  47.8  55.5   15:50  36.5   08:26  17.2   0.0  0.02   0.4   8.0   14:20    NW
23  45.8  50.0   03:06  41.4   09:36  19.3   0.0  0.00   1.3  12.0   07:04   NNW
24  41.6  46.0   13:38  35.1   23:57  23.4   0.0  0.00   0.6  15.0   15:18    NW
25  37.2  49.1   15:56  28.4   08:17  27.8   0.0  0.01   0.3   6.0   15:09    NW
26  42.7  56.8   17:34  30.1   04:51  22.3   0.0  0.00   1.2  21.0   14:34     W
27  44.4  60.9   15:30  32.5   08:07  20.6   0.0  0.00   0.2   7.0   15:30   WNW
28  46.2  65.3   15:52  35.0   08:44  18.8   0.0  0.00   0.2   5.0   12:51    SW
29  46.8  56.5   16:13  36.3   07:48  18.2   0.0  0.13   0.0   3.0   14:31     W
30  61.5  69.5   15:19  54.5   00:00   4.1   0.6  0.92   0.3   9.0   12:33   WSW
31  64.2  66.5   22:45  58.9   23:58   1.0   0.2  0.74   1.9  20.0   14:57     W
----------------------------------------------------------------------------------
    56.0  84.7     4    28.4    25   323.9  46.4  6.00   0.4  21.0    26     WNW

Max >=  80.0:  5
Max <=  32.0:  0
Min <=  32.0:  2
Min <=   0.0:  0
Max Rain: 2.26 on day 5
Days of Rain: 15 (>= 0.01 in)  6 (>= 0.10 in)  2 (>= 1.00 in)
Heat Base: 65.0  Cool Base: 65.0  Method: Integration