westclay - carmel IN - NOAA Style Historical Reports

Note: The data in these reports are collected by an automated weather station and are not checked for accuracy.
Select a Year or Month report

Report for 2013 Sep
                   Monthly Climatological Summary for Sep 2013

Name: Timber Ridge   City: Prospect   State: KY
Elevation: 472 ft  Lat: N 38 19' 55"   Lon: W 085 36' 58"

                  Temperature (F), Rain (in), Wind Speed (mph)

                                      Heat  Cool        Avg
    Mean                              Deg   Deg         Wind                 Dom
Day Temp  High   Time   Low    Time   Days  Days  Rain  Speed High   Time    Dir
----------------------------------------------------------------------------------
 1  76.0  86.5   16:01  69.1   04:11   0.0  11.0  0.22   0.5  12.0   01:35     W
 2  76.8  85.6   13:28  68.9   07:24   0.0  11.8  0.00   0.3  11.0   16:24     W
 3  69.4  78.2   15:27  61.4   23:58   0.4   4.7  0.00   0.4   9.0   14:49     N
 4  67.5  81.3   16:05  56.1   07:10   2.7   5.2  0.00   0.1   4.0   12:26   NNW
 5  70.4  84.5   15:29  59.3   07:19   1.5   7.0  0.00   0.1   4.0   12:16   NNW
 6  70.8  82.6   16:16  61.2   07:40   0.6   6.5  0.00   0.2   4.0   09:52   ESE
 7  72.7  87.3   15:35  60.6   07:42   0.9   8.6  0.00   0.2   8.0   15:44    NW
 8  76.1  88.8   14:47  68.4   06:13   0.0  11.1  0.00   0.0   7.0   17:47   NNW
 9  78.6  92.2   15:58  67.9   07:26   0.0  13.6  0.01   0.3   9.0   14:05     W
10  79.8  93.3   15:47  71.4   07:33   0.0  14.8  0.00   0.4  10.0   14:26     W
11  78.5  90.3   16:39  70.1   07:26   0.0  13.5  0.09   0.3   8.0   14:09     W
12  74.1  80.1   16:32  68.0   23:06   0.0   9.1  0.01   0.3   7.0   10:34   NNW
13  63.9  70.4   15:02  53.5   23:57   2.4   1.3  0.00   0.7  14.0   11:15   NNE
14  58.4  71.2   15:44  47.9   07:43   7.8   1.2  0.00   0.3   7.0   13:15   ESE
15  62.9  80.5   16:34  48.2   07:34   6.2   4.0  0.00   0.4  10.0   17:58   WNW
16  66.7  71.5   15:09  60.9   23:58   0.3   1.9  0.01   0.3   8.0   12:35   ESE
17  64.0  76.4   15:12  53.6   07:26   3.9   2.9  0.00   0.4   8.0   13:44   ESE
18  67.3  77.4   17:29  58.4   01:17   2.2   4.5  0.00   0.1   5.0   12:49     W
19  70.0  79.4   17:48  64.4   05:53   0.0   5.1  0.21   0.0   7.0   17:36   WSW
20  72.9  84.1   13:31  66.5   04:13   0.0   7.9  1.10   0.4  11.0   10:54     W
21  65.0  72.8   16:09  55.6   23:59   2.0   2.0  0.59   0.4   8.0   09:44     N
22  58.8  70.8   16:02  49.8   07:47   7.1   0.9  0.00   0.3   7.0   16:08     E
23  58.4  71.4   16:34  47.4   07:09   7.9   1.3  0.00   0.4   8.0   12:27   ESE
24  63.2  79.2   14:53  51.2   06:34   5.2   3.4  0.00   0.1   4.0   12:51    SE
25  67.0  76.2   16:14  61.2   23:56   0.9   2.9  0.00   0.2   7.0   15:13   ESE
26  63.4  78.0   15:52  52.2   07:58   4.6   3.1  0.00   0.2   7.0   12:07   ESE
27  64.1  79.3   15:23  52.8   08:01   4.9   4.0  0.00   0.1   5.0   12:30    SE
28  65.2  82.8   15:05  52.4   07:55   4.6   4.8  0.00   0.3   8.0   14:28     W
29  61.5  66.8   12:14  56.2   06:08   3.6   0.1  0.09   0.1  10.0   11:32   WSW
30  66.9  75.6   16:36  62.0   02:52   1.2   3.1  0.01   0.3  10.0   12:27     W
----------------------------------------------------------------------------------
    68.3  93.3    10    47.4    23    70.9 171.3  2.34   0.3  14.0    13      NW

Max >=  80.0: 14
Max <=  32.0:  0
Min <=  32.0:  0
Min <=   0.0:  0
Max Rain: 1.10 on day 20
Days of Rain: 10 (>= 0.01 in)  4 (>= 0.10 in)  1 (>= 1.00 in)
Heat Base: 65.0  Cool Base: 65.0  Method: Integration