westclay - carmel IN - NOAA Style Historical Reports

Note: The data in these reports are collected by an automated weather station and are not checked for accuracy.
Select a Year or Month report
V/Λ2017 > Jan Feb Mar Apr May Jun Jul Aug Sep Oct Nov Dec
V/Λ2016 > Jan Feb Mar Apr May Jun Jul Aug Sep Oct Nov Dec
V/Λ2015 > Jan Feb Mar Apr May Jun Jul Aug Sep Oct Nov Dec
V/Λ2014 > Jan Feb Mar Apr May Jun Jul Aug Sep Oct Nov Dec
V/Λ2013 > Jan Feb Mar Apr May Jun Jul Aug Sep Oct Nov Dec
V/Λ2012 > Jan Feb Mar Apr May Jun Jul Aug Sep Oct Nov Dec
V/Λ2011 > Jan Feb Mar Apr May Jun Jul Aug Sep Oct Nov Dec

Report for 2013 Aug
                   Monthly Climatological Summary for Aug 2013

Name: Timber Ridge   City: Prospect   State: KY
Elevation: 472 ft  Lat: N 38 19' 55"   Lon: W 085 36' 58"

                  Temperature (F), Rain (in), Wind Speed (mph)

                                      Heat  Cool        Avg
    Mean                              Deg   Deg         Wind                 Dom
Day Temp  High   Time   Low    Time   Days  Days  Rain  Speed High   Time    Dir
----------------------------------------------------------------------------------
 1  73.2  83.1   16:08  65.7   23:58   0.0   8.2  0.00   0.3   7.0   17:10     N
 2  71.9  84.7   15:25  60.5   07:17   0.9   7.8  0.00   0.1   7.0   13:16   WNW
 3  75.3  85.4   16:12  68.1   07:10   0.0  10.3  0.01   0.3   8.0   18:25   NNW
 4  70.6  79.5   15:22  62.6   07:29   0.2   5.8  0.00   0.3   8.0   13:52   NNE
 5  69.5  83.2   15:47  57.0   07:04   2.2   6.7  0.00   0.1   5.0   13:10   SSW
 6  75.5  83.9   14:37  68.3   06:28   0.0  10.5  0.00   0.1   7.0   14:13     W
 7  77.3  85.5   16:08  70.2   04:10   0.0  12.3  0.00   0.2   8.0   10:24     W
 8  79.8  88.1   15:41  72.9   04:40   0.0  14.8  0.00   0.4   9.0   11:58   WSW
 9  77.7  82.7   18:20  74.4   05:52   0.0  12.7  0.12   0.2   7.0   00:06   WSW
10  76.5  82.5   15:30  73.4   07:23   0.0  11.5  0.11   0.0   4.0   02:04   NNE
11  78.3  88.0   15:22  70.5   23:59   0.0  13.3  0.00   0.3   8.0   16:12     N
12  72.9  81.2   11:33  66.0   05:56   0.0   7.9  0.13   0.1   6.0   12:34   WSW
13  73.2  79.8   15:44  64.1   23:59   0.0   8.2  0.09   0.4   8.0   14:19     N
14  63.6  72.5   16:42  53.9   07:23   3.6   2.2  0.00   0.4   8.0   12:38   ENE
15  63.6  74.9   15:43  52.1   07:06   4.4   3.0  0.00   0.4   9.0   14:57     E
16  67.0  79.4   16:03  55.0   07:27   3.1   5.1  0.00   0.3   8.0   16:03     E
17  71.4  81.9   15:53  63.6   01:19   0.2   6.6  0.00   0.2   6.0   14:36     E
18  71.4  82.7   15:23  60.8   07:27   0.7   7.1  0.00   0.1   5.0   12:54   ESE
19  73.1  85.3   15:59  63.2   07:29   0.2   8.2  0.00   0.1   4.0   14:43   NNE
20  72.7  85.3   14:40  63.3   06:56   0.2   7.9  0.04   0.1   6.0   15:13   ESE
21  74.8  89.3   16:05  66.1   07:10   0.0   9.8  0.02   0.2   9.0   18:30   NNW
22  76.5  90.2   16:00  67.7   06:22   0.0  11.5  0.01   0.2   8.0   10:52     N
23  75.8  86.7   15:14  69.0   05:41   0.0  10.8  0.00   0.3   8.0   16:24   ENE
24  74.3  88.1   15:53  63.2   07:28   0.2   9.5  0.00   0.2   6.0   15:05     E
25  73.8  88.4   15:49  60.7   07:25   0.6   9.5  0.00   0.2   6.0   11:14    NW
26  77.2  90.2   15:19  66.2   07:02   0.0  12.2  0.00   0.2   7.0   11:24   NNW
27  78.9  91.5   16:01  70.4   07:14   0.0  13.9  0.00   0.2   8.0   15:18     W
28  82.2  93.1   15:16  72.0   07:02   0.0  17.2  0.00   0.6  11.0   14:30   NNW
29  80.1  90.9   15:28  71.8   07:24   0.0  15.1  0.00   0.2   5.0   15:35     E
30  79.3  93.6   15:03  68.1   07:31   0.0  14.3  0.00   0.2   5.0   13:25   NNW
31  77.7  93.1   14:11  69.5   23:29   0.0  12.7  1.48   0.6  17.0   15:20   WNW
----------------------------------------------------------------------------------
    74.4  93.6    30    52.1    15    16.5 306.6  2.01   0.3  17.0    31       N

Max >=  80.0: 26
Max <=  32.0:  0
Min <=  32.0:  0
Min <=   0.0:  0
Max Rain: 1.48 on day 31
Days of Rain: 9 (>= 0.01 in)  4 (>= 0.10 in)  1 (>= 1.00 in)
Heat Base: 65.0  Cool Base: 65.0  Method: Integration