westclay - carmel IN - NOAA Style Historical Reports

Note: The data in these reports are collected by an automated weather station and are not checked for accuracy.
Select a Year or Month report

Report for 2013 Jul
                   Monthly Climatological Summary for Jul 2013

Name: Timber Ridge   City: Prospect   State: KY
Elevation: 472 ft  Lat: N 38 19' 55"   Lon: W 085 36' 58"

                  Temperature (F), Rain (in), Wind Speed (mph)

                                      Heat  Cool        Avg
    Mean                              Deg   Deg         Wind                 Dom
Day Temp  High   Time   Low    Time   Days  Days  Rain  Speed High   Time    Dir
----------------------------------------------------------------------------------
 1  68.4  79.5   16:14  63.3   04:56   0.3   3.7  0.08   0.1   5.0   16:01   SSE
 2  70.2  81.4   18:20  60.8   06:38   0.9   6.1  0.01   0.2   7.0   16:58   WSW
 3  72.0  82.1   13:19  62.6   06:47   0.3   7.3  0.00   0.3   9.0   12:36     W
 4  69.6  71.3   02:20  67.5   23:54   0.0   4.6  1.28   0.0   3.0   01:47     E
 5  71.3  78.0   17:32  66.0   03:58   0.0   6.3  0.04   0.0   4.0   23:20     W
 6  69.6  72.7   16:22  67.5   23:55   0.0   4.6  0.79   0.0   5.0   16:15     W
 7  73.3  84.9   16:17  64.7   05:14   0.0   8.3  0.01   0.2   6.0   13:10   NNW
 8  76.0  88.1   16:24  64.8   05:45   0.0  11.0  0.00   0.2   5.0   15:33     W
 9  80.2  90.0   14:10  72.1   00:25   0.0  15.2  0.02   0.3  11.0   13:08    NW
10  76.7  90.2   12:28  70.0   23:57   0.0  11.7  0.76   0.2  12.0   12:05     W
11  74.0  82.5   14:48  67.2   04:48   0.0   9.0  0.00   0.4   7.0   18:51     N
12  70.2  79.8   16:05  59.8   06:37   0.9   6.2  0.00   0.4   7.0   11:11     E
13  71.4  82.7   15:37  61.4   06:18   0.7   7.2  0.00   0.4  11.0   15:47   ESE
14  77.3  89.1   14:55  66.1   05:09   0.0  12.4  0.25   0.3   7.0   18:12   SSW
15  79.0  89.7   14:53  69.7   06:44   0.0  14.0  0.00   0.2   9.0   14:06   WSW
16  80.5  91.9   15:56  70.1   07:05   0.0  15.5  0.00   0.1   4.0   11:38    NE
17  81.3  91.0   14:12  71.9   06:57   0.0  16.3  0.00   0.1   5.0   11:19   NNW
18  80.6  89.9   13:58  73.6   06:36   0.0  15.6  0.03   0.0   4.0   12:52    NE
19  81.1  90.7   16:07  72.9   07:02   0.0  16.1  0.00   0.4   9.0   12:04   WNW
20  79.6  90.6   15:31  72.3   05:52   0.0  14.6  0.00   0.4  10.0   11:35    NW
21  78.2  87.7   16:27  72.6   07:00   0.0  13.2  0.09   0.1   8.0   20:34     W
22  74.3  79.4   19:32  71.1   06:24   0.0   9.3  1.23   0.1   7.0   19:58     W
23  77.8  87.8   15:17  69.6   05:03   0.0  12.8  0.05   0.3   9.0   13:50   WNW
24  70.7  77.8   16:14  63.2   07:58   0.2   5.9  0.00   0.3   7.0   03:01     N
25  69.1  79.4   16:12  59.8   06:53   1.0   5.1  0.00   0.3   5.0   09:53     N
26  70.5  82.3   16:05  59.0   06:52   1.3   6.9  0.00   0.1   5.0   13:51   NNW
27  70.0  77.9   16:33  63.8   23:41   0.0   5.0  0.09   0.4   9.0   16:33    NW
28  65.4  76.5   15:46  54.1   07:09   2.8   3.2  0.00   0.3   9.0   15:38   NNW
29  67.6  81.0   16:28  55.4   06:40   3.0   5.6  0.00   0.3   8.0   12:24     N
30  68.0  80.9   14:36  60.1   04:22   1.4   4.4  0.14   0.1   6.0   14:10   WSW
31  70.2  75.3   17:28  65.3   02:36   0.0   5.2  0.01   0.1   8.0   12:26   WSW
----------------------------------------------------------------------------------
    73.7  91.9    16    54.1    28    12.8 282.3  4.88   0.2  12.0    10      NW

Max >=  80.0: 20
Max <=  32.0:  0
Min <=  32.0:  0
Min <=   0.0:  0
Max Rain: 1.28 on day 4
Days of Rain: 16 (>= 0.01 in)  6 (>= 0.10 in)  2 (>= 1.00 in)
Heat Base: 65.0  Cool Base: 65.0  Method: Integration