westclay - carmel IN - NOAA Style Historical Reports

Note: The data in these reports are collected by an automated weather station and are not checked for accuracy.
Select a Year or Month report
V/Λ2017 > Jan Feb Mar Apr May Jun Jul Aug Sep Oct Nov Dec
V/Λ2016 > Jan Feb Mar Apr May Jun Jul Aug Sep Oct Nov Dec
V/Λ2015 > Jan Feb Mar Apr May Jun Jul Aug Sep Oct Nov Dec
V/Λ2014 > Jan Feb Mar Apr May Jun Jul Aug Sep Oct Nov Dec
V/Λ2013 > Jan Feb Mar Apr May Jun Jul Aug Sep Oct Nov Dec
V/Λ2012 > Jan Feb Mar Apr May Jun Jul Aug Sep Oct Nov Dec
V/Λ2011 > Jan Feb Mar Apr May Jun Jul Aug Sep Oct Nov Dec

Report for 2013 Jun
                   Monthly Climatological Summary for Jun 2013

Name: Timber Ridge   City: Prospect   State: KY
Elevation: 472 ft  Lat: N 38 19' 55"   Lon: W 085 36' 58"

                  Temperature (F), Rain (in), Wind Speed (mph)

                                      Heat  Cool        Avg
    Mean                              Deg   Deg         Wind                 Dom
Day Temp  High   Time   Low    Time   Days  Days  Rain  Speed High   Time    Dir
----------------------------------------------------------------------------------
 1  71.7  78.0   15:36  65.8   07:40   0.0   6.7  0.06   0.7  12.0   15:00     W
 2  70.7  79.1   15:13  63.2   23:55   0.1   5.7  0.00   0.5   8.0   12:34   NNW
 3  65.1  71.2   15:17  57.3   23:58   1.6   1.7  0.00   0.3   8.0   13:02     N
 4  64.5  75.9   16:38  52.2   06:16   4.2   3.7  0.00   0.4   6.0   09:12   ESE
 5  70.4  82.6   15:26  57.9   06:45   2.0   7.4  0.00   0.1   4.0   12:34   ENE
 6  71.9  78.4   16:32  65.3   23:53   0.0   6.9  0.01   0.3   7.0   11:44   NNW
 7  69.6  79.3   16:01  62.7   03:14   0.3   5.0  0.00   0.3   5.0   13:35   ENE
 8  71.1  81.6   16:07  63.4   05:52   0.2   6.3  0.00   0.1   5.0   11:25     W
 9  71.8  81.0   14:22  62.3   06:34   0.5   7.2  0.04   0.4   8.0   14:18   WSW
10  70.9  78.1   14:05  65.8   03:20   0.0   5.9  0.42   0.7  14.0   14:13   WNW
11  74.0  87.4   15:39  61.8   06:33   0.6   9.6  0.00   0.4  10.0   14:55    NW
12  81.4  93.4   15:54  68.3   06:21   0.0  16.3  0.00   1.0  17.0   17:09     W
13  78.3  84.3   00:00  68.1   23:59   0.0  13.3  0.20   1.5  18.0   09:42    NW
14  69.6  81.8   16:24  57.3   06:53   1.4   6.0  0.00   0.3   5.0   15:13   NNE
15  74.0  88.1   15:43  60.4   06:31   0.8   9.8  0.00   0.4   9.0   12:18     W
16  70.9  79.4   14:59  67.0   23:55   0.0   5.9  1.47   0.1   8.0   17:40     W
17  71.6  87.2   16:05  65.6   02:22   0.0   6.6  0.52   0.3  11.0   16:42   WNW
18  72.7  85.4   16:25  65.4   06:36   0.0   7.7  0.01   0.3  17.0   19:30     N
19  71.6  82.0   16:13  62.7   06:36   0.3   6.9  0.00   0.3   6.0   12:19   ESE
20  73.6  86.1   16:31  61.4   06:27   0.5   9.1  0.00   0.1   5.0   14:50   SSW
21  75.5  89.8   16:08  62.9   06:30   0.2  10.8  0.00   0.2   8.0   17:29     W
22  77.3  90.4   16:28  67.3   06:38   0.0  12.3  0.01   0.4  11.0   13:42     W
23  73.0  85.9   12:17  66.3   06:13   0.0   8.0  0.17   0.2  11.0   12:48     W
24  73.1  79.3   19:08  67.4   04:05   0.0   8.1  0.00   0.1   8.0   19:42   WNW
25  78.9  92.2   16:24  66.9   06:10   0.0  13.9  0.00   0.4   9.0   16:53   WNW
26  74.6  85.4   14:05  67.6   06:46   0.0   9.6  2.87   0.6  14.0   12:10     W
27  75.6  85.8   17:22  68.9   04:18   0.0  10.6  0.06   0.3   8.0   17:17   NNW
28  77.7  86.8   16:34  68.9   06:54   0.0  12.7  0.00   0.7  11.0   12:40   NNW
29  71.5  80.8   13:10  64.1   06:26   0.0   6.5  0.71   0.4   9.0   18:27   NNW
30  69.8  81.0   16:35  64.1   06:42   0.1   4.9  0.16   0.1   6.0   18:38   WNW
----------------------------------------------------------------------------------
    72.7  93.4    12    52.2     4    12.8 245.1  6.71   0.4  18.0    13     WNW

Max >=  80.0: 21
Max <=  32.0:  0
Min <=  32.0:  0
Min <=   0.0:  0
Max Rain: 2.87 on day 26
Days of Rain: 14 (>= 0.01 in)  8 (>= 0.10 in)  2 (>= 1.00 in)
Heat Base: 65.0  Cool Base: 65.0  Method: Integration