westclay - carmel IN - NOAA Style Historical Reports

Note: The data in these reports are collected by an automated weather station and are not checked for accuracy.
Select a Year or Month report

Report for 2013 Apr
                   Monthly Climatological Summary for Apr 2013

Name: Timber Ridge   City: Prospect   State: KY
Elevation: 472 ft  Lat: N 38 19' 55"   Lon: W 085 36' 58"

                  Temperature (F), Rain (in), Wind Speed (mph)

                                      Heat  Cool        Avg
    Mean                              Deg   Deg         Wind                 Dom
Day Temp  High   Time   Low    Time   Days  Days  Rain  Speed High   Time    Dir
----------------------------------------------------------------------------------
 1  44.7  52.3   16:41  38.3   23:58  20.3   0.0  0.00   2.0  13.0   14:52   WSW
 2  38.8  51.0   17:00  27.4   07:44  26.2   0.0  0.00   1.0  11.0   17:45   WSW
 3  39.4  51.0   15:37  26.5   07:16  25.6   0.0  0.00   1.5  14.0   16:43    NE
 4  45.7  55.1   17:50  37.6   23:58  19.3   0.0  0.00   1.2  10.0   08:56    NE
 5  47.4  65.0   15:10  30.1   07:27  17.6   0.0  0.00   1.0  14.0   15:31   WNW
 6  56.0  74.1   16:21  37.6   03:52  10.9   2.0  0.00   1.1  17.0   20:01   ESE
 7  66.5  74.0   15:51  58.3   23:48   1.0   2.5  0.00   2.3  17.0   16:05   SSW
 8  64.5  74.2   16:54  51.9   05:16   4.0   3.5  0.00   1.6  24.0   13:16     S
 9  69.1  83.1   16:49  54.4   04:53   3.2   7.3  0.00   1.5  21.0   12:54     S
10  74.7  86.2   16:15  63.0   06:35   0.1   9.7  0.00   1.6  16.0   16:14   SSW
11  65.5  74.0   00:00  56.6   23:59   1.6   2.1  1.38   0.9  17.0   05:14    SE
12  48.3  56.6   00:00  40.9   23:57  16.7   0.0  0.18   2.9  24.0   12:59    SW
13  48.8  62.5   16:12  36.5   07:13  16.2   0.0  0.00   1.6  16.0   10:59    SW
14  58.0  75.5   16:20  39.0   06:43   9.9   2.9  0.00   0.8  18.0   20:44     E
15  64.3  72.4   16:53  58.3   07:08   2.7   2.0  0.00   0.7  10.0   11:00   ESE
16  68.5  81.9   18:29  56.6   04:32   1.4   4.9  0.06   1.1  13.0   11:26   SSW
17  66.1  77.0   15:03  60.4   04:48   1.6   2.7  0.23   0.7   9.0   13:28   ENE
18  73.8  83.8   16:00  62.1   05:01   0.2   9.1  0.00   1.8  26.0   09:53    SE
19  48.7  75.5   00:28  40.7   10:48  17.1   0.8  1.05   2.7  18.0   11:51    SW
20  45.9  56.1   15:56  36.3   07:36  19.1   0.0  0.00   1.2  11.0   12:03   WSW
21  47.9  60.6   17:00  36.5   04:14  17.1   0.0  0.00   1.3  12.0   12:29    NE
22  54.5  71.9   16:49  36.6   07:18  12.1   1.6  0.00   0.5   8.0   13:01    SW
23  59.9  70.4   19:00  45.0   06:53   6.9   1.8  0.00   0.9  15.0   13:38     S
24  52.2  67.8   02:55  38.0   23:54  13.3   0.5  0.86   1.9  18.0   05:15    SW
25  47.6  62.1   16:36  32.9   07:10  17.4   0.0  0.00   1.1  15.0   10:56    SW
26  50.8  64.2   16:06  36.6   06:17  14.1   0.0  0.00   0.5   8.0   11:35    NE
27  54.6  60.3   15:20  48.5   05:24  10.4   0.0  0.04   0.3   9.0   20:35   ENE
28  59.0  67.4   14:03  54.6   06:52   6.0   0.1  0.03   1.0  13.0   13:17   WNW
29  60.1  67.9   16:33  53.0   23:56   5.3   0.4  0.00   0.6   8.0   15:42     W
30  63.6  80.0   16:25  46.6   06:56   6.5   5.1  0.00   0.5   9.0   11:04     S
----------------------------------------------------------------------------------
    56.2  86.2    10    26.5     3   323.8  59.0  3.83   1.3  26.0    18     SSW

Max >=  80.0:  5
Max <=  32.0:  0
Min <=  32.0:  3
Min <=   0.0:  0
Max Rain: 1.38 on day 11
Days of Rain: 8 (>= 0.01 in)  5 (>= 0.10 in)  2 (>= 1.00 in)
Heat Base: 65.0  Cool Base: 65.0  Method: Integration