westclay - carmel IN - NOAA Style Historical Reports

Note: The data in these reports are collected by an automated weather station and are not checked for accuracy.
Select a Year or Month report
V/Λ2017 > Jan Feb Mar Apr May Jun Jul Aug Sep Oct Nov Dec
V/Λ2016 > Jan Feb Mar Apr May Jun Jul Aug Sep Oct Nov Dec
V/Λ2015 > Jan Feb Mar Apr May Jun Jul Aug Sep Oct Nov Dec
V/Λ2014 > Jan Feb Mar Apr May Jun Jul Aug Sep Oct Nov Dec
V/Λ2013 > Jan Feb Mar Apr May Jun Jul Aug Sep Oct Nov Dec
V/Λ2012 > Jan Feb Mar Apr May Jun Jul Aug Sep Oct Nov Dec
V/Λ2011 > Jan Feb Mar Apr May Jun Jul Aug Sep Oct Nov Dec

Report for 2013 Mar
                   Monthly Climatological Summary for Mar 2013

Name: Timber Ridge   City: Prospect   State: KY
Elevation: 472 ft  Lat: N 38 19' 55"   Lon: W 085 36' 58"

                  Temperature (F), Rain (in), Wind Speed (mph)

                                      Heat  Cool        Avg
    Mean                              Deg   Deg         Wind                 Dom
Day Temp  High   Time   Low    Time   Days  Days  Rain  Speed High   Time    Dir
----------------------------------------------------------------------------------
 1  35.0  37.7   13:30  33.0   22:13  30.0   0.0  0.10   1.0  10.0   15:54    SW
 2  30.7  33.3   00:00  29.3   07:24  34.3   0.0  0.03   1.2  10.0   11:04   WNW
 3  31.4  38.4   15:50  25.6   23:52  33.6   0.0  0.01   1.7  10.0   09:33    SW
 4  34.1  44.6   16:39  20.7   06:48  30.9   0.0  0.00   0.9  10.0   16:57   ENE
 5  39.8  45.8   15:04  30.9   23:51  25.2   0.0  0.45   2.2  18.0   16:35    SW
 6  32.4  34.6   15:53  30.8   00:59  32.6   0.0  0.02   3.4  15.0   10:08   WSW
 7  34.5  37.6   16:20  31.8   04:55  30.5   0.0  0.00   0.7   5.0   12:24   WSW
 8  37.1  48.5   16:28  27.3   06:45  27.8   0.0  0.00   1.0  11.0   09:37    NE
 9  46.5  62.6   15:02  29.5   02:50  18.5   0.0  0.00   0.6  13.0   12:29     E
10  59.8  70.4   16:14  43.7   07:26   5.8   0.9  0.08   1.3  20.0   14:16   ESE
11  48.8  55.4   00:00  38.7   23:52  16.2   0.0  1.23   2.2  21.0   16:19   SSW
12  41.2  49.9   16:50  35.9   08:06  23.8   0.0  0.01   3.1  14.0   15:29    SW
13  32.8  36.8   00:00  28.8   09:16  32.2   0.0  0.01   3.7  17.0   08:54    SW
14  34.5  47.6   16:19  23.5   08:15  30.3   0.0  0.00   1.1  11.0   16:52   SSW
15  45.1  61.3   18:10  30.3   07:58  19.9   0.0  0.00   0.8  10.0   10:09   SSW
16  59.9  69.7   14:34  43.0   23:59   5.9   0.8  0.01   3.0  17.0   11:03    SW
17  37.1  43.0   00:00  33.9   13:09  27.9   0.0  1.02   1.6  11.0   16:49    NE
18  42.1  51.4   16:17  36.0   00:00  22.8   0.0  0.93   1.9  14.0   04:54    SW
19  39.9  48.2   16:15  31.9   08:05  25.1   0.0  0.01   2.9  18.0   13:58    SW
20  33.1  41.7   12:03  27.1   06:54  31.9   0.0  0.00   3.1  22.0   14:38    SW
21  27.7  35.5   17:24  22.1   08:01  37.3   0.0  0.00   1.9  12.0   13:06   WSW
22  33.0  45.7   15:26  19.2   07:41  32.0   0.0  0.00   0.7  10.0   14:29     E
23  44.5  55.0   17:02  37.3   04:44  20.5   0.0  0.00   1.2  11.0   13:13    NE
24  39.6  46.0   00:00  36.2   09:11  25.2   0.0  0.50   2.0  17.0   13:17    NE
25  34.2  37.3   00:00  32.2   06:27  30.8   0.0  0.01   4.0  18.0   00:00    SW
26  36.5  41.1   14:26  32.5   07:54  28.4   0.0  0.02   2.4  15.0   14:26    SW
27  37.0  46.2   18:05  27.0   07:36  28.0   0.0  0.00   1.2  12.0   16:00    SW
28  38.1  52.4   16:33  25.7   07:55  26.9   0.0  0.00   0.7   9.0   14:00   WSW
29  43.5  57.8   16:18  30.6   07:22  21.5   0.0  0.00   0.7  10.0   14:26   SSW
30  46.7  62.1   17:13  32.4   06:34  18.3   0.0  0.00   0.6   9.0   14:37     E
31  51.4  61.1   17:03  44.2   23:54  13.6   0.0  0.08   1.1  12.0   15:11    SW
----------------------------------------------------------------------------------
    39.6  70.4    10    19.2    22   787.7   1.7  4.52   1.7  22.0    20      SW

Max >=  80.0:  0
Max <=  32.0:  0
Min <=  32.0: 18
Min <=   0.0:  0
Max Rain: 1.23 on day 11
Days of Rain: 17 (>= 0.01 in)  6 (>= 0.10 in)  2 (>= 1.00 in)
Heat Base: 65.0  Cool Base: 65.0  Method: Integration