westclay - carmel IN - NOAA Style Historical Reports

Note: The data in these reports are collected by an automated weather station and are not checked for accuracy.
Select a Year or Month report

Report for 2013 Jan
                   Monthly Climatological Summary for Jan 2013

Name: Timber Ridge   City: Prospect   State: KY
Elevation: 472 ft  Lat: N 38 19' 55"   Lon: W 085 36' 58"

                  Temperature (F), Rain (in), Wind Speed (mph)

                                      Heat  Cool        Avg
    Mean                              Deg   Deg         Wind                 Dom
Day Temp  High   Time   Low    Time   Days  Days  Rain  Speed High   Time    Dir
----------------------------------------------------------------------------------
 1  33.7  35.7   11:28  30.7   23:45  31.0   0.0  0.15   0.5   6.0   20:33     W
 2  27.4  33.2   16:32  21.9   08:21  37.6   0.0  0.01   0.5   5.0   01:17   WSW
 3  28.2  38.6   15:42  19.1   08:08  36.8   0.0  0.01   0.8  11.0   14:51    SW
 4  32.4  38.9   15:33  25.7   23:47  32.6   0.0  0.02   1.2  13.0   15:22    SW
 5  32.9  44.4   14:25  21.3   08:00  32.1   0.0  0.00   0.4   8.0   12:06   SSW
 6  36.9  41.0   10:35  28.5   23:55  28.1   0.0  0.00   2.4  13.0   14:15    SW
 7  29.6  43.1   16:37  20.8   08:17  35.4   0.0  0.00   0.3   7.0   11:56     E
 8  35.0  53.8   16:43  23.3   04:23  30.0   0.0  0.00   0.4  13.0   14:04     S
 9  42.7  56.1   15:53  31.6   00:08  22.2   0.0  0.02   0.2   5.0   10:44   SSW
10  42.6  52.6   23:04  33.2   04:10  22.4   0.0  0.17   0.6   9.0   20:39   ENE
11  57.0  66.6   15:48  47.3   22:34   8.1   0.1  0.94   1.4  12.0   11:46     S
12  60.7  67.7   23:50  48.1   00:00   4.9   0.5  0.05   0.5  12.0   23:41   ESE
13  52.9  68.7   01:36  32.9   23:54  12.4   0.3  2.37   2.0  19.0   01:29    SW
14  28.5  32.9   00:00  25.6   08:54  36.5   0.0  0.00   1.6   9.0   01:36     W
15  28.8  32.9   18:20  24.7   06:08  35.8   0.0  0.01   1.4  11.0   10:20   NNE
16  32.5  34.7   15:07  30.9   02:33  32.5   0.0  0.06   0.3   6.0   14:22   SSW
17  35.7  46.2   15:57  29.4   23:59  29.3   0.0  0.12   0.8  12.0   13:38    NW
18  32.3  43.1   16:33  22.7   08:10  32.7   0.0  0.04   0.4   9.0   13:26   SSE
19  45.2  56.4   15:54  32.8   03:20  19.8   0.0  0.06   2.2  21.0   13:01     S
20  38.9  48.8   00:00  28.3   23:58  26.1   0.0  0.00   2.2  13.0   04:51    SW
21  25.1  28.9   12:27  15.9   23:59  39.9   0.0  0.00   3.5  17.0   11:51    SW
22  16.3  22.1   15:40  10.7   08:16  48.7   0.0  0.00   2.4  14.0   13:57    SW
23  24.6  36.4   17:01  14.5   04:33  40.4   0.0  0.00   0.7  10.0   16:54   SSW
24  24.9  31.7   00:24  20.1   08:03  40.1   0.0  0.00   2.2  14.0   02:06     N
25  25.6  29.2   18:35  23.2   01:14  39.4   0.0  0.00   1.0   8.0   00:40   ESE
26  26.6  38.2   15:50  18.1   07:54  38.4   0.0  0.00   0.5   8.0   11:00     W
27  33.8  43.5   15:31  23.1   00:50  31.2   0.0  0.15   0.5   8.0   02:45   ENE
28  50.3  54.3   21:33  42.4   00:00  14.7   0.0  0.26   0.9  12.0   13:20     S
29  59.5  66.7   20:48  51.3   07:45   5.7   0.2  0.00   1.3  25.0   20:09    SE
30  53.1  69.5   03:46  33.2   23:58  12.4   0.5  1.14   3.5  27.0   04:38   SSW
31  30.4  35.0   14:26  19.0   23:54  34.6   0.0  0.01   4.4  22.0   01:10    SW
----------------------------------------------------------------------------------
    36.3  69.5    30    10.7    22   891.8   1.6  5.59   1.3  27.0    30      SW

Max >=  80.0:  0
Max <=  32.0:  4
Min <=  32.0: 23
Min <=   0.0:  0
Max Rain: 2.37 on day 13
Days of Rain: 18 (>= 0.01 in)  8 (>= 0.10 in)  2 (>= 1.00 in)
Heat Base: 65.0  Cool Base: 65.0  Method: Integration