westclay - carmel IN - NOAA Style Historical Reports

Note: The data in these reports are collected by an automated weather station and are not checked for accuracy.
Select a Year or Month report

Report for 2013
                   Annual Climatological Summary for 2013

Name: Timber Ridge   City: Prospect   State: KY
Elevation: 472 ft  Lat: N 38 19' 55"   Lon: W 085 36' 58"

                  Temperature (F), Heat Base: 65.0  Cool Base: 65.0
                          Dep.  Heat  Cool                       Max  Max  Min  Min
        Mean  Mean        From  Deg   Deg                        >=   <=   <=   <=
 YR MO  Max   Min   Mean  Norm  Days  Days  Hi  Date  Low  Date 80.0 32.0 32.0   0.0
------------------------------------------------------------------------------------
 13  1  44.9  27.4  36.3   3.3   891     1  69.5  30  10.7   22    0    4   23    0
 13  2  45.7  27.5  36.0  -1.6   812     0  66.1   7   9.4    1    0    1   18    0
 13  3  48.3  31.3  39.6  -7.3   787     1  70.4  10  19.2   22    0    0   18    0
 13  4  68.5  44.7  56.2  -0.2   323    58  86.2  10  26.5    3    5    0    3    0
 13  5  76.4  57.2  66.4   0.6   109   154  89.3  29  37.8   13   12    0    0    0
 13  6  83.3  63.9  72.7  -1.5    12   245  93.4  12  52.2    4   21    0    0    0
 13  7  83.3  65.8  73.7  -4.7    12   282  91.9  16  54.1   28   20    0    0    0
 13  8  85.3  65.5  74.4  -2.6    16   306  93.6  30  52.1   15   26    0    0    0
 13  9  79.8  59.2  68.3  -1.8    70   171  93.3  10  47.4   23   14    0    0    0
 13 10  67.2  46.9  56.0  -2.5   323    46  84.7   4  28.4   25    5    0    2    0
 13 11  53.3  32.9  42.7  -4.9   669     0  67.5   1  18.8   28    0    1   14    0
 13 12  45.4  30.0  37.6   0.0   576     1  69.1   4  12.0   12    0    2   13    0
------------------------------------------------------------------------------------
        65.1  46.0  55.0  -1.9  4606  1270  93.6 Aug   9.4  Feb  103    8   91    0

                                Precipitation (in)

              Dep.   Max        Days of Rain
              From   Obs.           >=
 YR MO Total  Norm   Day Date 0.01 0.10 1.00
---------------------------------------------
 13  1  5.59  2.31  2.37  13    18    8    2
 13  2  2.27 -0.98  0.79  26    12    8    0
 13  3  4.52  0.11  1.23  11    17    6    2
 13  4  3.83 -0.08  1.38  11     8    5    2
 13  5  3.48 -1.40  0.74   5    17    8    0
 13  6  6.71  2.95  2.87  26    14    8    2
 13  7  4.88  0.58  1.28   4    16    6    2
 13  8  2.01 -1.40  1.48  31     9    4    1
 13  9  2.34 -0.71  1.10  20    10    4    1
 13 10  6.00  3.21  2.26   5    15    6    2
 13 11  3.62 -0.19  2.82  17    10    3    1
 13 12  2.27 -1.42  1.09  14    10    4    1
---------------------------------------------
       47.52  2.98  2.87  Jun  156   70   16

                                Wind Speed (mph)
                          Dom
 YR MO   Avg.  Hi   Date  Dir
------------------------------
 13  1   1.3  27.0   30    SW
 13  2   1.7  25.0   18    SW
 13  3   1.7  22.0   20    SW
 13  4   1.3  26.0   18   SSW
 13  5   0.7  20.0   15     W
 13  6   0.4  18.0   13   WNW
 13  7   0.2  12.0   10    NW
 13  8   0.3  17.0   31     N
 13  9   0.3  14.0   13   WNW
 13 10   0.4  21.0   26   WNW
 13 11   1.1  20.0    9    NW
 13 12   1.1  19.0   19   WNW
------------------------------
         0.9  27.0  Jan   WSW