westclay - carmel IN - NOAA Style Historical Reports

Note: The data in these reports are collected by an automated weather station and are not checked for accuracy.
Select a Year or Month report

Report for 2012 Dec
                   Monthly Climatological Summary for Dec 2012

Name: Timber Ridge   City: Prospect   State: KY
Elevation: 472 ft  Lat: N 38 19' 55"   Lon: W 085 36' 58"

                  Temperature (F), Rain (in), Wind Speed (mph)

                                      Heat  Cool        Avg
    Mean                              Deg   Deg         Wind                 Dom
Day Temp  High   Time   Low    Time   Days  Days  Rain  Speed High   Time    Dir
----------------------------------------------------------------------------------
 1  52.3  63.9   15:50  37.8   00:00  12.7   0.0  0.00   0.3   8.7   12:55   SSE
 2  59.7  62.8   23:52  53.8   00:11   5.3   0.0  0.28   0.6  12.3   10:23   SSW
 3  64.2  72.1   15:02  56.7   06:45   2.3   1.5  0.00   0.7  12.8   12:13    SW
 4  59.1  65.1   12:43  47.1   23:52   5.9   0.0  0.63   0.7   8.7   12:06    SW
 5  43.7  53.1   15:24  36.3   07:50  21.3   0.0  0.00   0.4   7.6   12:22     N
 6  42.2  52.0   15:04  31.3   08:12  22.8   0.0  0.12   0.2   6.7   13:09    NE
 7  53.2  56.8   22:22  48.9   00:00  11.8   0.0  1.02   0.0   5.8   21:08   SSW
 8  54.4  57.0   13:34  49.5   23:40  10.6   0.0  0.35   0.1   6.3   18:59     N
 9  56.5  64.0   15:05  49.3   00:14   8.5   0.0  1.26   0.3   9.6   22:05    SW
10  42.0  57.7   01:13  33.1   21:40  23.0   0.0  0.12   3.6  13.2   04:12   WSW
11  33.1  37.0   14:34  28.9   23:53  31.9   0.0  0.00   1.6   8.3   11:22   WSW
12  32.1  43.7   16:05  24.6   07:32  32.9   0.0  0.00   0.5   8.1   12:25    NE
13  36.0  47.3   15:41  25.9   02:22  19.6   0.0  0.00   0.4   6.3   14:07    SW
14  37.4  53.6   15:09  26.2   07:45  27.6   0.0  0.00   0.3   8.1   12:38   WSW
15  47.8  57.2   23:39  36.7   00:26  17.2   0.0  0.20   0.8  11.0   17:05   ESE
16  57.9  63.4   13:13  50.8   20:15   6.9   0.0  0.00   0.7  15.0   13:49     S
17  53.3  61.0   13:36  46.4   22:14  11.6   0.0  0.32   0.3  10.0   14:40   SSW
18  43.3  49.2   23:49  39.2   07:18  21.5   0.0  0.03   1.7  13.0   14:51    SW
19  44.7  50.2   15:58  35.9   08:32  20.0   0.0  0.01   1.0  10.0   22:48   ENE
20  47.1  56.4   06:13  32.9   23:29  17.8   0.0  0.91   3.5  26.0   15:26     S
21  30.7  34.7   16:32  27.9   23:56  34.1   0.0  0.00   5.1  19.0   06:47    SW
22  28.4  39.1   16:33  22.2   07:46  35.8   0.0  0.00   1.1  11.0   01:05    SW
23  36.3  54.5   15:58  24.9   02:27  28.3   0.0  0.00   0.4   8.0   11:47   SSW
24  41.8  49.5   15:16  33.9   23:15  23.0   0.0  0.06   1.0  10.0   20:36    SW
25  35.5  37.6   14:56  33.6   05:42  29.0   0.0  0.00   1.8  15.0   22:56   NNE
26  33.3  35.2   00:00  31.5   23:33  31.6   0.0  0.79   2.9  19.0   03:57    NW
27  31.8  34.0   14:33  28.6   07:21  32.4   0.0  0.08   1.0   9.0   01:11   WSW
28  33.6  36.6   16:19  31.5   05:24  31.0   0.0  0.08   0.4   7.0   04:40   ENE
29  31.0  33.1   13:49  26.9   23:47  32.9   0.0  0.08   1.4  15.0   16:53    SW
30  27.0  33.6   15:52  20.2   08:33  37.7   0.0  0.00   1.1  11.0   00:33    SW
31  32.7  37.9   15:12  25.2   00:00  32.3   0.0  0.26   0.3   9.0   12:09   SSW
----------------------------------------------------------------------------------
    42.6  72.1     3    20.2    30   679.3   1.5  6.60   1.1  26.0    20      SW

Max >=  80.0:  0
Max <=  32.0:  0
Min <=  32.0: 14
Min <=   0.0:  0
Max Rain: 1.26 on day 9
Days of Rain: 18 (>= 0.01 in)  12 (>= 0.10 in)  2 (>= 1.00 in)
Heat Base: 65.0  Cool Base: 65.0  Method: Integration