westclay - carmel IN - NOAA Style Historical Reports

Note: The data in these reports are collected by an automated weather station and are not checked for accuracy.
Select a Year or Month report

Report for 2012 Nov
                   Monthly Climatological Summary for Nov 2012

Name: Timber Ridge   City: Prospect   State: KY
Elevation: 472 ft  Lat: N 38 19' 55"   Lon: W 085 36' 58"

                  Temperature (F), Rain (in), Wind Speed (mph)

                                      Heat  Cool        Avg
    Mean                              Deg   Deg         Wind                 Dom
Day Temp  High   Time   Low    Time   Days  Days  Rain  Speed High   Time    Dir
----------------------------------------------------------------------------------
 1  46.3  56.8   17:24  33.4   08:37  18.7   0.0  0.00   0.0   0.0   00:00     E
 2  47.8  55.9   16:35  38.3   23:55  17.2   0.0  0.00   0.0   0.0   00:00     E
 3  40.0  47.7   15:34  33.3   07:18  25.0   0.0  0.04   0.0   0.0   00:00     E
 4  40.7  50.4   15:10  33.4   07:30  25.3   0.0  0.00   0.1   8.3   14:13   WSW
 5  38.5  49.3   16:32  28.2   08:10  26.5   0.0  0.00   0.0   7.6   13:17    NE
 6  44.2  53.1   15:03  34.0   07:51  20.8   0.0  0.04   0.0   5.4   14:02   WSW
 7  44.1  50.9   14:13  36.0   23:59  20.9   0.0  0.04   0.0   4.0   13:16     W
 8  40.1  52.5   15:40  31.3   07:39  24.9   0.0  0.00   0.0   5.4   11:19     W
 9  45.3  61.7   15:29  31.5   07:05  19.7   0.0  0.00   0.1   9.6   12:57   WSW
10  54.3  71.4   15:37  39.6   07:15  11.7   1.0  0.00   0.1   8.1   12:52    SW
11  57.8  68.9   13:22  42.6   07:20   7.8   0.6  0.00   0.3  12.3   13:26    SW
12  47.1  64.2   01:39  32.5   23:30  17.9   0.0  0.59   0.2  10.5   01:38    SW
13  35.0  45.1   15:39  28.2   07:26  30.0   0.0  0.00   0.0   5.8   12:16     W
14  35.9  45.9   13:56  27.9   06:49  29.1   0.0  0.00   0.2   9.2   13:24    NE
15  36.2  48.9   15:51  27.3   07:26  28.7   0.0  0.00   0.1   5.8   12:23   NNW
16  37.1  51.4   15:30  27.3   07:54  27.8   0.0  0.00   0.4   7.2   13:21     N
17  39.7  58.5   15:41  28.0   07:30  25.3   0.0  0.00   0.6   7.6   11:01   NNE
18  41.0  61.0   16:07  29.3   07:20  24.0   0.0  0.00   0.3   5.8   12:34   WNW
19  43.1  59.7   15:04  31.6   05:30  21.9   0.0  0.00   0.1   4.9   13:12     W
20  49.6  61.9   12:47  36.9   08:10  15.4   0.0  0.00   0.3   7.6   12:46   WSW
21  47.8  62.4   15:22  39.2   03:46  17.0   0.0  0.00   0.1   5.4   15:24     W
22  48.3  65.8   14:57  34.0   07:34  16.7   0.0  0.00   0.3   8.1   13:16    SW
23  47.7  58.1   02:20  32.7   23:37  17.3   0.0  0.00   4.6  17.0   14:05   WSW
24  30.5  35.8   15:25  25.9   07:41  34.5   0.0  0.00   1.2  10.1   11:26   WSW
25  38.9  53.2   15:43  27.9   00:00  26.1   0.0  0.00   0.5  10.5   13:10   WSW
26  40.4  50.0   15:31  29.5   08:16  24.6   0.0  0.04   0.0   5.8   23:52   WNW
27  36.7  43.2   15:13  28.0   23:33  28.3   0.0  0.00   0.9   8.7   10:34     N
28  32.1  44.1   14:40  23.9   07:17  32.9   0.0  0.00   0.4   6.7   14:03   WSW
29  34.7  50.2   15:59  23.5   07:15  30.3   0.0  0.00   0.2   7.6   11:57   SSW
30  42.7  58.1   14:18  30.7   07:22  22.3   0.0  0.00   0.6  10.1   11:30   SSW
----------------------------------------------------------------------------------
    42.1  71.4    10    23.5    29   688.6   1.6  0.75   0.4  17.0    23     WSW

Max >=  80.0:  0
Max <=  32.0:  0
Min <=  32.0: 17
Min <=   0.0:  0
Max Rain: 0.59 on day 12
Days of Rain: 5 (>= 0.01 in)  1 (>= 0.10 in)  0 (>= 1.00 in)
Heat Base: 65.0  Cool Base: 65.0  Method: Integration