westclay - carmel IN - NOAA Style Historical Reports

Note: The data in these reports are collected by an automated weather station and are not checked for accuracy.
Select a Year or Month report
V/Λ2017 > Jan Feb Mar Apr May Jun Jul Aug Sep Oct Nov Dec
V/Λ2016 > Jan Feb Mar Apr May Jun Jul Aug Sep Oct Nov Dec
V/Λ2015 > Jan Feb Mar Apr May Jun Jul Aug Sep Oct Nov Dec
V/Λ2014 > Jan Feb Mar Apr May Jun Jul Aug Sep Oct Nov Dec
V/Λ2013 > Jan Feb Mar Apr May Jun Jul Aug Sep Oct Nov Dec
V/Λ2012 > Jan Feb Mar Apr May Jun Jul Aug Sep Oct Nov Dec
V/Λ2011 > Jan Feb Mar Apr May Jun Jul Aug Sep Oct Nov Dec

Report for 2012 Sep
                   Monthly Climatological Summary for Sep 2012

Name: Timber Ridge   City: Prospect   State: KY
Elevation: 472 ft  Lat: N 38 19' 55"   Lon: W 085 36' 58"

                  Temperature (F), Rain (in), Wind Speed (mph)

                                      Heat  Cool        Avg
    Mean                              Deg   Deg         Wind                 Dom
Day Temp  High   Time   Low    Time   Days  Days  Rain  Speed High   Time    Dir
----------------------------------------------------------------------------------
 1  78.7  90.1   14:56  73.4   23:38   0.0  13.7  0.08   0.5   8.1   13:12   SSW
 2  74.9  79.3   12:01  72.9   01:13   0.0   9.9  0.98   0.2   5.8   11:06   NNE
 3  76.6  82.2   16:39  73.6   00:39   0.0  11.6  0.04   0.2   6.3   16:42    SW
 4  77.8  86.0   16:57  73.0   05:28   0.0  12.8  0.00   0.1   5.4   13:43   WNW
 5  75.4  89.4   14:40  68.9   23:24   0.0  10.4  1.18   0.3  13.6   15:59   WSW
 6  74.7  85.1   16:02  68.5   01:10   0.0   9.7  0.00   0.2   4.9   13:27     W
 7  78.0  89.4   16:04  68.4   06:00   0.0  13.0  0.59   0.5   8.7   23:41    SW
 8  67.4  73.6   15:39  59.4   23:52   0.8   3.2  0.87   0.6   7.6   00:05   WSW
 9  64.8  76.3   14:45  54.7   07:16   3.6   3.4  0.00   1.0   8.3   11:53    SW
10  64.9  76.3   16:01  55.6   07:53   3.4   3.3  0.00   1.7   2.7   00:00   SSW
11  65.9  79.9   15:49  54.0   07:48   3.6   4.5  0.00   1.7   2.7   00:00   SSW
12  68.7  83.1   15:44  58.1   07:33   2.0   5.7  0.00   0.7   2.7   00:00   SSW
13  71.4  82.6   16:08  62.8   07:23   0.2   6.5  0.00   0.0   0.0   00:00     E
14  67.2  78.8   12:32  60.6   07:55   1.1   3.3  0.00   0.0   0.0   00:00     E
15  63.8  75.6   14:45  54.0   07:23   3.8   2.6  0.00   0.0   0.0   00:00     E
16  66.7  78.1   15:05  57.0   07:49   2.4   4.1  0.00   0.0   0.0   00:00     E
17  67.1  70.9   12:33  63.9   02:17   0.2   2.3  0.08   0.0   0.0   00:00     E
18  63.9  68.0   15:04  52.2   23:55   2.2   1.1  0.16   0.0   0.0   00:00     E
19  56.1  68.5   16:19  45.1   06:43   9.3   0.5  0.00   0.0   0.0   00:00     E
20  62.8  77.5   15:30  47.8   05:31   6.1   3.9  0.00   0.0   0.0   00:00     E
21  66.6  76.3   16:24  55.9   07:53   2.2   3.8  0.00   0.0   0.0   00:00     E
22  65.9  73.9   15:16  51.1   23:55   1.8   2.7  0.00   0.0   0.0   00:00     E
23  52.6  64.2   14:37  41.0   08:19  12.4   0.0  0.00   0.0   0.0   00:00     E
24  53.7  68.9   16:12  40.6   08:08  11.7   0.5  0.00   0.0   0.0   00:00     E
25  60.3  70.5   17:02  50.4   00:13   5.5   0.8  0.35   0.0   0.0   00:00     E
26  66.9  75.0   13:56  62.8   00:58   0.8   2.7  2.64   0.0   0.0   00:00     E
27  67.4  73.6   17:09  64.0   07:19   0.2   2.6  0.35   0.0   0.0   00:00     E
28  67.2  73.4   15:33  63.1   23:45   0.1   2.2  0.04   0.0   0.0   00:00     E
29  63.3  72.1   15:57  57.9   23:57   3.1   1.4  0.00   0.0   0.0   00:00     E
30  61.8  73.0   14:55  52.0   07:50   5.0   1.8  0.00   0.0   0.0   00:00     E
----------------------------------------------------------------------------------
    67.1  90.1     1    40.6    24    81.5 144.0  7.36   0.3  13.6     5      SW

Max >=  80.0:  8
Max <=  32.0:  0
Min <=  32.0:  0
Min <=   0.0:  0
Max Rain: 2.64 on day 26
Days of Rain: 12 (>= 0.01 in)  8 (>= 0.10 in)  2 (>= 1.00 in)
Heat Base: 65.0  Cool Base: 65.0  Method: Integration