westclay - carmel IN - NOAA Style Historical Reports

Note: The data in these reports are collected by an automated weather station and are not checked for accuracy.
Select a Year or Month report
V/Λ2017 > Jan Feb Mar Apr May Jun Jul Aug Sep Oct Nov Dec
V/Λ2016 > Jan Feb Mar Apr May Jun Jul Aug Sep Oct Nov Dec
V/Λ2015 > Jan Feb Mar Apr May Jun Jul Aug Sep Oct Nov Dec
V/Λ2014 > Jan Feb Mar Apr May Jun Jul Aug Sep Oct Nov Dec
V/Λ2013 > Jan Feb Mar Apr May Jun Jul Aug Sep Oct Nov Dec
V/Λ2012 > Jan Feb Mar Apr May Jun Jul Aug Sep Oct Nov Dec
V/Λ2011 > Jan Feb Mar Apr May Jun Jul Aug Sep Oct Nov Dec

Report for 2012 Aug
                   Monthly Climatological Summary for Aug 2012

Name: Timber Ridge   City: Prospect   State: KY
Elevation: 472 ft  Lat: N 38 19' 55"   Lon: W 085 36' 58"

                  Temperature (F), Rain (in), Wind Speed (mph)

                                      Heat  Cool        Avg
    Mean                              Deg   Deg         Wind                 Dom
Day Temp  High   Time   Low    Time   Days  Days  Rain  Speed High   Time    Dir
----------------------------------------------------------------------------------
 1  80.0  91.6   16:13  70.3   23:51   0.0  15.0  0.00   0.6   6.3   14:18     W
 2  77.6  92.8   15:49  63.9   07:36   0.0  12.7  0.00   0.6   5.8   15:15   NNE
 3  75.9  81.9   14:45  71.8   07:05   0.0  10.9  0.12   0.4  10.1   16:43   NNE
 4  80.4  90.9   14:58  74.8   05:42   0.0  15.4  0.00   0.5   6.7   11:18   SSW
 5  79.8  86.9   15:25  75.0   23:57   0.0  14.8  0.00   0.3   6.3   16:40   SSW
 6  77.9  88.3   14:54  70.0   07:05   0.0  12.9  0.00   0.6   6.3   10:21   NNE
 7  78.3  92.3   15:41  66.6   06:24   0.0  13.3  0.00   0.4   6.3   13:38   WNW
 8  80.9  95.7   15:44  67.6   06:10   0.0  15.9  0.00   0.4   6.3   14:25   WSW
 9  78.6  91.2   14:48  72.1   06:26   0.0  13.6  0.00   0.8   8.1   10:11     N
10  73.1  79.0   17:01  66.4   23:53   0.0   8.1  0.08   0.8   7.6   13:26     W
11  69.9  80.6   15:16  60.1   06:22   0.8   5.7  0.00   0.7   6.3   11:58     W
12  70.3  84.0   15:56  56.5   07:34   2.1   7.3  0.00   0.6   5.8   13:48     N
13  70.3  77.2   16:49  62.6   06:41   0.2   5.5  0.08   0.2   5.8   16:09   NNE
14  73.2  80.1   15:21  68.2   23:36   0.0   8.2  0.00   0.5   5.4   13:30    NW
15  74.1  85.6   16:24  65.7   07:44   0.0   9.1  0.00   0.5   6.3   14:10   NNE
16  75.0  90.1   15:32  62.2   07:29   0.2  10.2  0.79   0.8  10.1   20:44    SW
17  71.7  79.5   15:57  64.2   23:30   0.0   6.7  0.00   0.3   5.4   00:30   WSW
18  68.2  79.7   15:30  58.8   07:03   1.5   4.8  0.00   0.3   5.4   09:31     N
19  69.4  81.3   15:25  60.3   07:29   1.1   5.5  0.00   0.5   5.8   13:39     W
20  67.9  80.6   15:22  56.8   07:02   2.4   5.4  0.00   0.4   8.1   14:36   NNW
21  67.4  79.3   12:55  58.6   07:29   1.5   3.9  0.04   0.2   5.4   15:26     N
22  69.4  84.6   14:53  57.2   07:50   2.2   6.6  0.00   0.4   8.1   12:58     N
23  71.8  88.3   15:42  57.2   07:27   1.8   8.6  0.00   0.4   6.3   13:12     N
24  74.0  90.3   15:04  59.9   07:17   1.0  10.0  0.00   0.3   6.3   13:09     S
25  75.8  91.2   15:28  63.5   07:22   0.1  10.9  0.00   0.4   6.3   12:23   WSW
26  76.7  89.6   15:29  65.1   07:26   0.0  11.7  0.00   0.4   6.3   12:22   WSW
27  77.8  87.8   13:01  68.5   07:09   0.0  12.8  0.00   0.7   6.7   16:19   WSW
28  77.1  88.5   15:30  68.0   07:53   0.0  12.1  0.04   0.6   6.3   17:55     W
29  74.4  88.3   15:42  62.8   07:22   0.2   9.6  0.00   0.6   6.3   13:21     N
30  75.6  91.4   15:49  60.8   06:16   0.8  11.3  0.00   0.5   8.3   12:16   NNE
31  78.7  87.6   17:17  70.0   07:33   0.0  13.7  0.00   0.3   8.1   16:44   SSW
----------------------------------------------------------------------------------
    74.6  95.7     8    56.5    12    15.9 312.2  1.15   0.5  10.1     3     WNW

Max >=  80.0: 26
Max <=  32.0:  0
Min <=  32.0:  0
Min <=   0.0:  0
Max Rain: 0.79 on day 16
Days of Rain: 6 (>= 0.01 in)  2 (>= 0.10 in)  0 (>= 1.00 in)
Heat Base: 65.0  Cool Base: 65.0  Method: Integration