westclay - carmel IN - NOAA Style Historical Reports

Note: The data in these reports are collected by an automated weather station and are not checked for accuracy.
Select a Year or Month report
V/Λ2017 > Jan Feb Mar Apr May Jun Jul Aug Sep Oct Nov Dec
V/Λ2016 > Jan Feb Mar Apr May Jun Jul Aug Sep Oct Nov Dec
V/Λ2015 > Jan Feb Mar Apr May Jun Jul Aug Sep Oct Nov Dec
V/Λ2014 > Jan Feb Mar Apr May Jun Jul Aug Sep Oct Nov Dec
V/Λ2013 > Jan Feb Mar Apr May Jun Jul Aug Sep Oct Nov Dec
V/Λ2012 > Jan Feb Mar Apr May Jun Jul Aug Sep Oct Nov Dec
V/Λ2011 > Jan Feb Mar Apr May Jun Jul Aug Sep Oct Nov Dec

Report for 2012 Jul
                   Monthly Climatological Summary for Jul 2012

Name: Timber Ridge   City: Prospect   State: KY
Elevation: 472 ft  Lat: N 38 19' 55"   Lon: W 085 36' 58"

                  Temperature (F), Rain (in), Wind Speed (mph)

                                      Heat  Cool        Avg
    Mean                              Deg   Deg         Wind                 Dom
Day Temp  High   Time   Low    Time   Days  Days  Rain  Speed High   Time    Dir
----------------------------------------------------------------------------------
 1  83.3 100.0   16:08  71.2   23:21   0.0  18.3  0.39   0.0   0.0   00:00     E
 2  81.0  95.2   16:12  69.3   07:01   0.0  16.1  0.00   0.0   0.0   00:00     E
 3  81.6  93.7   16:27  70.9   06:20   0.0  16.6  0.00   0.0   0.0   00:00     E
 4  84.0  98.2   16:10  72.5   06:46   0.0  19.1  0.00   0.0   0.0   00:00     E
 5  85.6  99.7   15:36  74.8   06:51   0.0  20.6  0.00   0.0   0.0   00:00     E
 6  85.0  99.9   16:17  72.3   06:49   0.0  20.0  0.00   0.0   3.6   18:52   NNE
 7  87.1 102.4   15:10  75.2   06:36   0.0  22.1  0.00   0.3   5.4   11:03   NNW
 8  80.7  96.4   13:07  73.9   20:39   0.0  15.7  0.00   0.6   8.3   13:52     W
 9  75.8  82.6   17:37  69.4   23:58   0.0  10.8  0.00   0.5   7.6   17:11   NNE
10  79.2  91.6   15:57  66.9   06:40   0.0  14.2  0.00   0.8   8.3   13:51   NNE
11  83.2  93.4   16:00  71.1   03:14   0.0  10.1  0.00   0.8   8.7   16:18   NNE
12  76.7  85.8   17:12  68.7   07:06   0.0  11.7  0.00   0.6   6.3   17:42    NE
13  76.1  82.4   14:09  70.2   05:42   0.0  11.1  0.00   0.5   8.1   12:21   NNE
14  75.7  83.5   12:05  70.3   13:31   0.0  10.7  0.79   0.2   7.6   12:48   WNW
15  78.5  87.6   15:14  72.3   02:48   0.0  13.5  0.00   0.4   6.3   14:43   WSW
16  80.5  90.7   16:35  71.6   06:26   0.0  15.5  0.16   0.3   6.3   13:25   WSW
17  83.0  93.7   15:28  72.9   06:46   0.0  18.0  0.00   0.5   7.6   14:19    SW
18  80.6  96.1   14:50  70.5   20:12   0.0  15.6  0.98   0.3  15.4   20:05   WSW
19  78.5  92.8   17:08  71.2   02:00   0.0  13.5  0.12   0.5   8.3   17:55     W
20  76.2  85.5   14:30  72.9   05:08   0.0  11.2  0.04   0.5   8.7   20:07   NNW
21  74.6  84.2   16:02  66.0   06:38   0.0   9.6  0.00   0.8   6.3   11:53   NNE
22  77.0  89.1   16:26  65.8   06:53   0.0  12.0  0.00   0.4   5.8   12:37   NNE
23  82.4  95.0   16:01  70.7   05:47   0.0  17.4  0.00   0.6   6.7   11:03    SW
24  85.1  94.8   16:30  75.9   22:46   0.0  20.1  0.35   0.5   7.2   22:28   WNW
25  84.7  96.6   15:53  73.9   06:18   0.0  19.7  0.00   0.4   6.7   16:18   WSW
26  86.0  95.4   14:48  77.4   23:52   0.0  21.0  0.20   1.1   9.6   14:26    SW
27  79.1  92.1   16:06  71.1   21:13   0.0  14.1  0.91   0.7   8.7   18:39   WSW
28  75.6  84.9   15:40  68.0   07:47   0.0  10.6  0.00   0.5   8.3   18:52   NNE
29  75.3  85.6   15:28  65.8   06:42   0.0  10.3  0.00   0.5   5.4   10:31   NNE
30  77.4  89.4   15:15  66.6   07:06   0.0  12.4  0.00   0.6   7.2   12:25   NNE
31  79.5  91.8   15:28  69.1   07:45   0.0  14.5  0.00   0.4   6.3   16:59   NNE
----------------------------------------------------------------------------------
    80.3 102.4     7    65.8    22     0.0 466.1  3.94   0.4  15.4    18     NNW

Max >=  80.0: 31
Max <=  32.0:  0
Min <=  32.0:  0
Min <=   0.0:  0
Max Rain: 0.98 on day 18
Days of Rain: 9 (>= 0.01 in)  8 (>= 0.10 in)  0 (>= 1.00 in)
Heat Base: 65.0  Cool Base: 65.0  Method: Integration