westclay - carmel IN - NOAA Style Historical Reports

Note: The data in these reports are collected by an automated weather station and are not checked for accuracy.
Select a Year or Month report
V/Λ2017 > Jan Feb Mar Apr May Jun Jul Aug Sep Oct Nov Dec
V/Λ2016 > Jan Feb Mar Apr May Jun Jul Aug Sep Oct Nov Dec
V/Λ2015 > Jan Feb Mar Apr May Jun Jul Aug Sep Oct Nov Dec
V/Λ2014 > Jan Feb Mar Apr May Jun Jul Aug Sep Oct Nov Dec
V/Λ2013 > Jan Feb Mar Apr May Jun Jul Aug Sep Oct Nov Dec
V/Λ2012 > Jan Feb Mar Apr May Jun Jul Aug Sep Oct Nov Dec
V/Λ2011 > Jan Feb Mar Apr May Jun Jul Aug Sep Oct Nov Dec

Report for 2012 Jun
                   Monthly Climatological Summary for Jun 2012

Name: Timber Ridge   City: Prospect   State: KY
Elevation: 472 ft  Lat: N 38 19' 55"   Lon: W 085 36' 58"

                  Temperature (F), Rain (in), Wind Speed (mph)

                                      Heat  Cool        Avg
    Mean                              Deg   Deg         Wind                 Dom
Day Temp  High   Time   Low    Time   Days  Days  Rain  Speed High   Time    Dir
----------------------------------------------------------------------------------
 1  61.1  65.8   02:46  55.9   23:53   3.9   0.0  0.71   1.2   8.3   17:23     W
 2  60.8  70.5   14:46  50.2   06:28   4.2   0.0  0.00   0.6   8.1   12:12   WSW
 3  68.1  80.8   14:51  56.3   06:41   0.0   3.1  0.00   0.5   6.3   10:11     W
 4  64.5  69.8   10:48  61.2   07:22   0.5   0.0  0.24   0.0   4.9   12:05   ENE
 5  65.3  75.7   15:30  56.3   06:44   0.0   0.3  0.00   0.5   6.3   12:32    NE
 6  63.3  72.9   17:12  53.4   05:48   0.4   2.2  0.00   0.6   8.1   11:49    NE
 7  66.6  79.9   15:52  53.1   06:22   3.5   5.1  0.00   0.4   5.8   13:34    NE
 8  69.6  84.2   15:30  55.9   06:27   2.4   6.9  0.00   0.1   4.0   13:35   WNW
 9  72.4  87.4   14:34  57.7   06:41   1.7   9.1  0.00   0.4   7.6   16:23   WSW
10  74.1  84.7   13:36  64.2   04:28   0.1   9.1  0.00   0.2   6.7   17:00     S
11  74.7  83.5   16:38  69.6   05:17   0.0   9.7  0.04   0.2   5.4   13:40   WNW
12  74.2  84.4   15:45  64.8   23:58   0.0   9.2  0.00   0.5   5.8   15:21     W
13  69.2  81.0   16:21  57.2   05:58   1.6   5.8  0.00   0.6   6.3   16:47    NE
14  69.6  81.5   16:39  57.0   06:33   1.8   6.4  0.00   0.6   6.3   11:16    NE
15  73.0  88.7   16:13  57.7   06:45   1.8   9.8  0.00   0.2   5.4   14:14   NNE
16  74.2  86.7   15:26  66.7   06:13   0.0   9.2  0.12   0.2   6.3   18:17   SSE
17  74.5  80.6   15:01  68.5   03:55   0.0   9.5  0.04   0.4   8.3   10:27    SW
18  78.2  89.1   15:21  68.5   03:49   0.0  13.2  0.00   0.8   8.7   10:32    SW
19  78.6  91.0   16:20  67.3   06:47   0.0  13.6  0.00   0.4   6.3   12:35   WSW
20  78.5  91.6   15:11  67.5   05:26   0.0  13.5  0.00   0.2   5.8   14:01     W
21  79.2  91.6   15:08  68.7   06:29   0.0  14.2  0.00   0.5   8.1   17:00   WSW
22  76.7  87.3   16:05  69.3   23:56   0.0  11.7  0.04   0.3   5.4   10:11    NW
23  75.3  88.0   15:39  63.1   06:59   0.1  10.4  0.00   0.2   5.4   18:04    NE
24  78.3  91.9   15:02  66.2   06:42   0.0  13.3  0.00   0.1   4.9   16:21     N
25  77.3  88.5   15:50  69.1   06:10   0.0  12.3  0.00   0.8   8.3   18:03    NE
26  70.0  80.2   15:40  58.5   06:52   0.7   5.8  0.00   1.1   8.7   10:35    NE
27  72.4  87.4   16:11  57.4   06:45   1.9   9.3  0.00   0.0   3.1   04:36    NE
28  80.8 100.2   16:15  62.4   06:30   0.2  16.0  0.00   0.0   0.0   00:00     E
29  83.0 101.1   16:29  68.5   06:01   0.0  18.0  0.00   0.0   0.0   00:00     E
30  83.6  99.7   16:06  70.2   06:06   0.0  18.6  0.00   0.0   0.0   00:00     E
----------------------------------------------------------------------------------
    72.9 101.1    29    50.2     2    24.8 265.3  1.19   0.4   8.7    18      NW

Max >=  80.0: 24
Max <=  32.0:  0
Min <=  32.0:  0
Min <=   0.0:  0
Max Rain: 0.71 on day 1
Days of Rain: 6 (>= 0.01 in)  3 (>= 0.10 in)  0 (>= 1.00 in)
Heat Base: 65.0  Cool Base: 65.0  Method: Integration