westclay - carmel IN - NOAA Style Historical Reports

Note: The data in these reports are collected by an automated weather station and are not checked for accuracy.
Select a Year or Month report
V/Λ2017 > Jan Feb Mar Apr May Jun Jul Aug Sep Oct Nov Dec
V/Λ2016 > Jan Feb Mar Apr May Jun Jul Aug Sep Oct Nov Dec
V/Λ2015 > Jan Feb Mar Apr May Jun Jul Aug Sep Oct Nov Dec
V/Λ2014 > Jan Feb Mar Apr May Jun Jul Aug Sep Oct Nov Dec
V/Λ2013 > Jan Feb Mar Apr May Jun Jul Aug Sep Oct Nov Dec
V/Λ2012 > Jan Feb Mar Apr May Jun Jul Aug Sep Oct Nov Dec
V/Λ2011 > Jan Feb Mar Apr May Jun Jul Aug Sep Oct Nov Dec

Report for 2012 May
                   Monthly Climatological Summary for May 2012

Name:  Timber Ridge   City:  Prospect   State:  KY
Elevation: 472 ft  Lat: N 38 19' 55"   Lon: W 085 36' 58"

                  Temperature (F), Rain (in), Wind Speed (mph)

                                      Heat  Cool        Avg
    Mean                              Deg   Deg         Wind                 Dom
Day Temp  High   Time   Low    Time   Days  Days  Rain  Speed High   Time    Dir
----------------------------------------------------------------------------------
 1  70.8  82.8   15:59  62.2   04:12   0.0   5.8  0.00   0.5   8.3   13:35    SW
 2  76.2  88.0   14:19  64.4   07:03   0.0  11.2  0.00   0.7  10.5   12:38   WSW
 3  73.6  84.2   15:59  63.9   06:34   0.0   8.6  0.00   0.6   9.2   16:08    SW
 4  73.0  84.7   15:58  65.3   03:22   0.0   8.0  0.00   0.5   7.6   17:15   WSW
 5  71.2  80.1   18:56  65.7   02:12   0.0   6.2  1.42   0.3   7.6   00:24     N
 6  73.6  84.6   16:03  64.9   07:00   0.0   8.6  0.00   0.5   6.3   10:07    NE
 7  73.3  85.1   15:05  63.7   06:45   0.0   8.3  0.08   0.6   6.3   12:50    SW
 8  68.0  74.1   14:52  59.4   23:53   0.0   3.0  0.08   0.6   5.8   17:58     W
 9  63.7  71.8   15:47  57.2   23:54   1.3   0.0  0.00   0.5   7.2   16:52   WSW
10  59.0  68.7   14:57  49.8   06:51   6.0   0.0  0.00   0.1   6.3   13:14   NNE
11  61.3  74.7   15:56  48.0   06:45   3.7   0.0  0.00   0.1   5.8   11:12     N
12  62.7  73.4   13:38  52.7   06:56   2.3   0.0  0.00   0.0   4.5   12:18    NE
13  61.4  63.9   16:48  59.7   03:12   3.6   0.0  2.87   0.1   6.3   10:45    NE
14  64.6  72.1   17:58  60.4   23:21   0.4   0.0  0.00   0.5   8.1   14:45    NE
15  66.2  78.4   14:23  55.0   06:34   0.0   1.2  0.00   0.2   4.9   18:21     W
16  67.6  83.5   15:38  55.8   06:12   0.0   2.6  0.04   0.3   5.8   11:38   WSW
17  64.0  73.8   16:13  55.9   06:46   1.0   0.0  0.00   1.1   8.1   13:35    NE
18  66.7  81.7   15:29  51.8   05:27   0.0   1.7  0.00   0.4   5.8   14:00    NE
19  71.2  85.6   15:02  58.5   06:32   0.0   6.2  0.00   0.3   4.9   11:14    NE
20  72.6  86.5   15:38  61.0   07:08   0.0   7.6  0.00   0.3   6.3   14:35    NE
21  70.4  77.0   16:49  63.9   07:23   0.0   5.4  0.00   0.4   5.4   17:14     W
22  66.4  75.7   16:15  58.8   07:14   0.0   1.4  0.00   0.3   4.5   14:55     W
23  68.8  81.9   15:13  57.4   06:30   0.0   3.8  0.00   0.3   5.4   12:19    NE
24  73.9  86.9   15:24  61.2   06:49   0.0   8.9  0.00   0.6  10.1   15:35   SSW
25  77.6  89.6   15:49  66.6   06:32   0.0  12.6  0.00   0.4   7.2   13:16   WSW
26  77.8  90.9   16:10  66.4   06:39   0.0  12.8  0.00   0.2   4.9   13:51   WNW
27  78.5  92.1   15:54  67.5   05:44   0.0  13.5  0.00   0.2   4.9   14:05     W
28  79.2  91.0   14:47  68.5   06:42   0.0  14.2  0.00   0.3   5.8   12:03   WSW
29  71.7  78.1   17:51  66.6   07:44   0.0   6.7  1.93   0.2   5.8   07:01   WSW
30  69.9  80.1   12:34  61.3   23:56   0.0   4.9  0.00   0.4   5.8   17:56     W
31  67.2  82.4   15:45  55.0   06:38   0.0   2.2  0.91   0.5   8.7   19:06    NE
----------------------------------------------------------------------------------
    69.7  92.1    27    48.0    11    18.3 165.4  7.33   0.4  10.5     2       W

Max >=  80.0: 19
Max <=  32.0:  0
Min <=  32.0:  0
Min <=   0.0:  0
Max Rain: 2.87 on day 13
Days of Rain: 7 (>= 0.01 in)  4 (>= 0.10 in)  3 (>= 1.00 in)
Heat Base: 65.0  Cool Base: 65.0  Method: Integration