westclay - carmel IN - NOAA Style Historical Reports

Note: The data in these reports are collected by an automated weather station and are not checked for accuracy.
Select a Year or Month report

Report for 2012 Apr
                   Monthly Climatological Summary for Apr 2012

Name:  Timber Ridge   City:  Prospect   State:  KY
Elevation: 472 ft  Lat: N 38 19' 55"   Lon: W 085 36' 58"

                  Temperature (F), Rain (in), Wind Speed (mph)

                                      Heat  Cool        Avg
    Mean                              Deg   Deg         Wind                 Dom
Day Temp  High   Time   Low    Time   Days  Days  Rain  Speed High   Time    Dir
----------------------------------------------------------------------------------
 1  58.1  73.6   17:49  47.7   04:45   6.9   0.0  1.26   0.6   8.7   17:32    SE
 2  62.0  69.3   16:43  57.6   06:46   3.0   0.0  0.00   1.8  11.4   09:56    NE
 3  67.5  83.8   15:11  53.8   07:34   0.0   2.5  0.00   0.7   9.2   15:30     W
 4  66.0  78.3   15:04  58.8   23:32   0.0   1.0  0.43   0.8   8.7   14:49    NW
 5  54.7  61.3   14:45  44.2   09:14  10.3   0.0  0.04   2.6  11.0   11:48    NE
 6  49.3  61.0   16:51  38.3   07:24  15.7   0.0  0.00   1.9   8.7   08:52    NE
 7  52.5  67.1   16:30  37.4   07:37  12.5   0.0  0.00   0.6   6.3   12:24    NE
 8  57.7  66.9   16:18  48.4   23:29   7.3   0.0  0.00   1.4   8.7   09:23     W
 9  55.0  68.0   16:04  40.8   07:23  10.0   0.0  0.00   2.1  17.0   14:25   WSW
10  50.0  59.2   14:41  42.1   23:49  15.0   0.0  0.00   2.4  15.0   09:33     W
11  43.9  53.6   15:56  33.8   06:36  21.1   0.0  0.00   1.1   8.7   13:23    NW
12  49.7  60.6   15:51  33.6   08:00  15.3   0.0  0.00   1.0   8.1   15:10     W
13  52.7  66.9   14:51  36.1   07:43  12.3   0.0  0.00   0.5   7.6   13:54    NE
14  59.4  68.9   21:18  49.1   03:26   5.6   0.0  0.43   0.3   6.3   16:44   ENE
15  70.7  80.8   15:21  59.2   07:55   0.0   5.7  0.00   1.7  15.0   17:35   SSW
16  67.6  72.3   00:42  55.8   23:59   0.0   2.6  0.16   2.4  14.1   05:44    SW
17  56.3  62.8   15:34  49.5   07:41   8.7   0.0  0.00   0.5   7.6   11:40    NE
18  58.0  69.1   16:03  46.4   07:36   7.0   0.0  0.00   0.8   8.3   10:30   WNW
19  60.0  75.6   15:25  45.0   07:02   5.0   0.0  0.00   0.4   6.3   14:45    NE
20  58.4  74.8   17:49  49.3   06:52   6.6   0.0  0.00   0.8   9.6   10:42   WSW
21  48.7  53.8   00:00  46.2   06:19  16.3   0.0  0.20   0.7   6.3   16:40    NW
22  49.1  56.5   16:17  42.3   07:46  15.9   0.0  0.00   1.2   8.7   14:13     N
23  50.1  61.0   15:49  39.6   07:00  14.9   0.0  0.00   2.0  15.0   13:03     W
24  51.2  64.9   15:05  37.2   06:57  13.8   0.0  0.00   1.2  12.3   16:54     W
25  61.4  75.7   15:28  50.2   05:42   3.6   0.0  0.08   0.5   6.3   10:40     E
26  68.1  80.1   15:45  55.2   23:54   0.0   3.1  0.00   1.4  11.0   22:59     W
27  53.5  63.0   15:47  41.0   07:23  11.5   0.0  0.00   1.4   8.7   13:46    NE
28  60.5  76.3   18:00  49.6   07:11   4.5   0.0  0.12   1.2   8.7   09:10    NE
29  62.3  75.2   16:58  49.6   07:34   2.7   0.0  0.59   1.3   7.6   11:51    NE
30  69.4  82.8   16:08  58.1   06:59   0.0   4.4  0.43   0.7   8.3   15:07    SW
----------------------------------------------------------------------------------
    57.5  83.8     3    33.6    12   245.5  19.3  3.74   1.2  17.0     9      NW

Max >=  80.0:  4
Max <=  32.0:  0
Min <=  32.0:  0
Min <=   0.0:  0
Max Rain: 1.26 on day 1
Days of Rain: 10 (>= 0.01 in)  8 (>= 0.10 in)  1 (>= 1.00 in)
Heat Base: 65.0  Cool Base: 65.0  Method: Integration