westclay - carmel IN - NOAA Style Historical Reports

Note: The data in these reports are collected by an automated weather station and are not checked for accuracy.
Select a Year or Month report

Report for 2012 Mar
                   Monthly Climatological Summary for Mar 2012

Name:  Timber Ridge   City:  Prospect   State:  KY
Elevation: 472 ft  Lat: N 38 19' 55"   Lon: W 085 36' 58"

                  Temperature (F), Rain (in), Wind Speed (mph)

                                      Heat  Cool        Avg
    Mean                              Deg   Deg         Wind                 Dom
Day Temp  High   Time   Low    Time   Days  Days  Rain  Speed High   Time    Dir
----------------------------------------------------------------------------------
 1  51.0  60.6   17:58  41.7   23:39  14.0   0.0  0.00   3.6  15.0   00:47   WSW
 2  53.1  72.3   15:59  39.6   04:09  11.9   0.0  0.16   3.6  34.2   16:21   WSW
 3  40.6  49.5   14:27  34.2   23:58  24.4   0.0  0.00   4.3  19.2   14:43   WSW
 4  36.9  46.6   15:38  29.5   04:20  28.1   0.0  0.00   3.3  17.0   11:33   WSW
 5  32.6  38.7   17:51  29.3   08:23  32.4   0.0  0.08   0.6   8.3   13:55     W
 6  47.0  67.6   17:55  29.1   05:52  18.0   0.0  0.31   1.3  10.1   23:10    SE
 7  60.3  69.8   15:06  50.2   06:45   4.7   0.0  0.00   3.1  17.4   13:02     S
 8  53.8  63.1   00:00  38.7   23:58  11.2   0.0  0.75   3.0  26.2   16:14    SW
 9  42.0  52.0   15:32  33.1   07:14  23.0   0.0  0.00   2.3  16.3   11:05     W
10  41.2  57.9   17:58  28.6   07:12  23.8   0.0  0.00   1.2   8.3   11:57   ENE
11  50.5  68.9   16:02  32.5   07:20  14.5   0.0  0.00   1.0  11.9   11:41    SE
12  60.0  65.7   17:07  54.9   09:03   5.0   0.0  0.20   1.4  13.2   17:19    SE
13  64.8  75.9   17:04  55.0   23:52   0.2   0.0  0.00   1.7  10.5   13:45   WSW
14  67.5  79.5   15:51  48.7   08:30   0.0   2.5  0.00   1.4  10.5   16:57   WSW
15  64.7  80.6   15:24  56.1   06:08   0.3   0.0  0.28   1.2  15.0   18:35   WSW
16  61.7  68.4   13:46  54.1   08:33   3.3   0.0  0.43   0.5  10.5   03:57    SE
17  64.3  77.4   15:50  53.1   08:11   0.7   0.0  0.43   0.8   9.6   19:24   SSW
18  68.1  80.6   15:41  57.4   08:12   0.0   3.1  0.00   1.1  12.8   13:53   WSW
19  69.3  82.9   16:45  57.9   07:20   0.0   4.3  0.00   1.0  11.0   16:10    SW
20  70.6  84.7   16:35  59.7   07:38   0.0   5.6  0.00   0.7  10.1   15:14     E
21  70.4  84.7   16:13  58.3   07:47   0.0   5.4  0.00   0.9   8.7   15:31     S
22  69.8  81.1   15:35  58.8   08:03   0.0   4.8  0.00   0.7  11.0   11:54    SE
23  65.3  72.5   17:16  58.5   22:57   0.0   0.3  1.54   0.6  13.6   21:05    SE
24  57.4  65.7   19:26  50.5   07:30   7.6   0.0  0.00   1.2  10.5   13:08     W
25  58.6  69.1   16:53  47.1   07:22   6.4   0.0  0.00   1.1   8.7   15:09   WNW
26  57.2  65.7   16:04  49.3   23:59   7.8   0.0  0.00   2.1  12.3   13:07   NNE
27  53.2  69.8   18:18  39.2   07:37  11.8   0.0  0.00   2.0  10.1   01:53   ENE
28  65.9  79.2   14:02  52.0   04:10   0.0   0.9  0.00   2.5  14.5   11:57   WSW
29  58.7  69.3   15:31  47.5   08:00   6.3   0.0  0.00   1.4   8.1   11:23    NE
30  66.4  81.5   16:03  53.1   08:34   0.0   1.4  0.00   1.9  17.0   16:27   WSW
31  59.2  64.9   16:22  51.6   23:42   5.8   0.0  0.12   1.2   7.6   16:23     N
----------------------------------------------------------------------------------
    57.5  84.7    20    28.6    10   261.2  28.3  4.30   1.7  34.2     2     WSW

Max >=  80.0:  7
Max <=  32.0:  0
Min <=  32.0:  4
Min <=   0.0:  0
Max Rain: 1.54 on day 23
Days of Rain: 10 (>= 0.01 in)  9 (>= 0.10 in)  1 (>= 1.00 in)
Heat Base: 65.0  Cool Base: 65.0  Method: Integration