westclay - carmel IN - NOAA Style Historical Reports

Note: The data in these reports are collected by an automated weather station and are not checked for accuracy.
Select a Year or Month report
V/Λ2017 > Jan Feb Mar Apr May Jun Jul Aug Sep Oct Nov Dec
V/Λ2016 > Jan Feb Mar Apr May Jun Jul Aug Sep Oct Nov Dec
V/Λ2015 > Jan Feb Mar Apr May Jun Jul Aug Sep Oct Nov Dec
V/Λ2014 > Jan Feb Mar Apr May Jun Jul Aug Sep Oct Nov Dec
V/Λ2013 > Jan Feb Mar Apr May Jun Jul Aug Sep Oct Nov Dec
V/Λ2012 > Jan Feb Mar Apr May Jun Jul Aug Sep Oct Nov Dec
V/Λ2011 > Jan Feb Mar Apr May Jun Jul Aug Sep Oct Nov Dec

Report for 2012 Feb
                   Monthly Climatological Summary for Feb 2012

Name:  Timber Ridge   City:  Prospect   State:  KY
Elevation: 472 ft  Lat: N 38 19' 55"   Lon: W 085 36' 58"

                  Temperature (F), Rain (in), Wind Speed (mph)

                                      Heat  Cool        Avg
    Mean                              Deg   Deg         Wind                 Dom
Day Temp  High   Time   Low    Time   Days  Days  Rain  Speed High   Time    Dir
----------------------------------------------------------------------------------
 1  56.0  63.0   15:41  49.8   08:00   9.0   0.0  0.16   1.4  11.4   03:20   WSW
 2  45.6  55.8   15:59  36.7   23:46  19.4   0.0  0.00   0.9   8.1   13:58   WNW
 3  43.9  56.8   14:53  32.9   07:17  21.1   0.0  0.00   0.9  10.1   13:02   ENE
 4  44.8  49.6   00:57  41.5   22:08  20.2   0.0  0.31   1.5   7.6   09:21   ENE
 5  40.8  46.8   16:35  32.5   23:59  24.2   0.0  0.00   1.0   7.6   13:01    NE
 6  36.6  49.6   15:57  27.0   08:28  28.4   0.0  0.00   0.9  11.4   15:07   WSW
 7  36.0  48.0   15:57  27.7   07:52  29.0   0.0  0.00   1.2   8.3   14:43    NW
 8  35.4  38.3   14:52  32.7   05:17  29.6   0.0  0.04   1.4   8.7   17:18     W
 9  34.4  38.5   14:54  32.4   06:08  30.6   0.0  0.00   2.9  10.5   13:02     W
10  34.5  36.3   15:12  32.9   02:02  30.5   0.0  0.04   0.6  17.4   23:57    SW
11  24.1  34.3   00:00  20.3   22:53  40.9   0.0  0.00   0.3  17.0   00:09   WSW
12  26.0  36.3   15:31  18.3   05:53  39.0   0.0  0.00   1.3  13.2   15:27   WSW
13  29.9  37.2   13:18  20.5   06:28  35.1   0.0  0.00   0.6   7.6   11:00     S
14  35.9  38.7   16:01  32.7   02:53  29.1   0.0  0.16   1.2  10.1   14:40   WSW
15  41.0  48.6   15:09  33.1   06:57  24.0   0.0  0.04   0.6   6.7   11:27     E
16  45.5  50.0   14:32  36.9   23:53  19.5   0.0  0.28   2.1  13.2   12:48   WSW
17  39.1  51.8   16:28  30.0   07:09  25.9   0.0  0.00   0.8   8.3   14:28     W
18  39.7  50.7   14:18  30.4   07:17  25.3   0.0  0.00   1.2   8.3   16:30     N
19  36.2  41.0   14:45  29.5   23:57  28.8   0.0  0.00   2.5  11.4   14:21   NNE
20  34.9  48.2   16:25  23.2   06:58  30.1   0.0  0.00   1.5   8.7   12:52   ENE
21  45.8  50.2   11:57  37.0   00:07  19.2   0.0  0.12   3.1  17.0   13:12    SW
22  47.2  59.4   15:32  34.0   07:56  17.8   0.0  0.16   2.0  20.1   17:21   WSW
23  50.7  66.7   15:39  37.6   07:47  14.3   0.0  0.04   0.9  13.2   13:41     E
24  43.5  54.0   04:13  34.9   23:59  21.5   0.0  0.00   5.4  26.2   10:58   WSW
25  34.1  39.4   16:12  27.5   23:51  30.9   0.0  0.00   4.1  15.4   11:58     W
26  36.9  56.7   17:59  22.8   07:42  28.1   0.0  0.00   1.1   8.7   13:14   ESE
27  47.1  61.0   15:50  33.1   02:25  17.9   0.0  0.00   2.4  15.4   14:58     W
28  47.5  64.4   15:57  30.6   07:52  17.5   0.0  0.00   1.1   8.3   15:18   ENE
29  62.4  67.8   13:51  54.7   01:28   2.6   0.0  0.55   3.2  17.0   23:46    SW
----------------------------------------------------------------------------------
    40.5  67.8    29    18.3    12   709.5   0.0  1.90   1.7  26.2    24       W

Max >=  80.0:  0
Max <=  32.0:  0
Min <=  32.0: 12
Min <=   0.0:  0
Max Rain: 0.55 on day 29
Days of Rain: 11 (>= 0.01 in)  7 (>= 0.10 in)  0 (>= 1.00 in)
Heat Base: 65.0  Cool Base: 65.0  Method: Integration