westclay - carmel IN - NOAA Style Historical Reports

Note: The data in these reports are collected by an automated weather station and are not checked for accuracy.
Select a Year or Month report

Report for 2012 Jan
                   Monthly Climatological Summary for Jan 2012

Name:  Timber Ridge   City:  Prospect   State:  KY
Elevation: 472 ft  Lat: N 38 19' 55"   Lon: W 085 36' 58"

                  Temperature (F), Rain (in), Wind Speed (mph)

                                      Heat  Cool        Avg
    Mean                              Deg   Deg         Wind                 Dom
Day Temp  High   Time   Low    Time   Days  Days  Rain  Speed High   Time    Dir
----------------------------------------------------------------------------------
 1  46.6  57.6   07:43  34.2   23:48  18.4   0.0  0.00   6.0  25.5   10:27   WSW
 2  28.3  34.3   00:15  21.2   23:22  36.7   0.0  0.00   6.9  22.8   12:39     W
 3  22.9  29.1   16:15  18.3   08:11  42.1   0.0  0.00   2.8  10.5   14:47   WSW
 4  34.1  44.8   15:49  23.7   00:00  30.9   0.0  0.00   1.7  12.8   10:56    SW
 5  39.6  52.9   15:43  25.7   08:01  25.4   0.0  0.00   1.3  11.0   15:04    SW
 6  49.9  61.0   15:28  40.1   08:29  15.1   0.0  0.00   1.8  12.8   16:16    SW
 7  47.2  55.4   02:28  32.2   23:55  17.8   0.0  0.00   2.0  10.1   06:02     W
 8  37.3  48.2   15:45  26.6   08:18  27.7   0.0  0.00   1.2   9.2   12:32   ENE
 9  40.2  50.2   15:02  31.5   23:56  24.8   0.0  0.00   0.5   6.7   13:55     W
10  37.0  53.2   15:56  27.1   08:33  28.0   0.0  0.00   0.4   6.3   15:29     E
11  45.6  50.4   16:48  33.8   00:06  19.4   0.0  0.94   1.1   8.3   23:28   WSW
12  35.4  45.3   08:41  18.9   23:51  29.6   0.0  0.12   4.3  21.9   17:57   WSW
13  20.7  23.9   14:35  17.6   02:56  44.3   0.0  0.00   5.4  17.4   00:32   WSW
14  25.4  33.3   15:51  17.8   08:47  39.6   0.0  0.00   1.3   8.7   01:22   WSW
15  28.2  35.1   14:53  20.3   08:51  36.8   0.0  0.00   1.0   7.6   12:32   ESE
16  43.5  57.4   23:30  27.7   02:18  21.5   0.0  0.00   2.1  15.4   11:49     S
17  49.5  61.7   10:57  32.0   23:56  15.5   0.0  0.43   5.3  21.5   16:02   WSW
18  30.1  33.8   16:18  26.6   21:24  34.9   0.0  0.00   2.4  12.3   00:09     W
19  32.6  41.2   13:38  26.1   03:24  32.4   0.0  0.00   1.7  11.0   14:23   WSW
20  29.4  34.5   22:06  23.5   08:38  35.6   0.0  0.00   2.8   9.6   14:47    NE
21  30.0  32.7   00:00  27.3   18:21  35.0   0.0  0.00   2.8  11.0   13:27   NNE
22  41.2  57.7   21:15  28.9   00:53  23.8   0.0  0.20   1.5   8.3   20:56   ENE
23  50.1  57.9   02:21  39.4   23:56  14.9   0.0  0.71   2.9  17.4   02:36    SW
24  36.5  43.5   15:01  28.6   23:24  28.5   0.0  0.00   1.4   8.7   11:18     W
25  34.1  38.8   23:52  27.3   03:01  30.9   0.0  0.20   1.1   8.7   08:22    NE
26  44.6  51.1   17:41  38.8   00:01  20.4   0.0  1.93   1.1  11.0   23:24     W
27  37.9  40.6   00:00  35.6   23:21  27.1   0.0  0.08   2.9  13.2   10:38   WSW
28  36.7  42.8   15:07  28.9   23:41  28.3   0.0  0.00   3.6  19.7   10:47     W
29  36.6  48.7   14:38  27.9   02:03  28.4   0.0  0.00   3.3  22.4   15:10   WSW
30  43.0  58.8   16:32  27.7   04:10  22.0   0.0  0.00   1.4  12.8   14:57   SSW
31  54.0  60.8   16:26  49.5   00:33  11.0   0.0  0.04   1.9  13.6   12:35   SSW
----------------------------------------------------------------------------------
    37.7  61.7    17    17.6    13   846.8   0.0  4.65   2.5  25.5     1     WSW

Max >=  80.0:  0
Max <=  32.0:  2
Min <=  32.0: 23
Min <=   0.0:  0
Max Rain: 1.93 on day 26
Days of Rain: 9 (>= 0.01 in)  7 (>= 0.10 in)  1 (>= 1.00 in)
Heat Base: 65.0  Cool Base: 65.0  Method: Integration