westclay - carmel IN - NOAA Style Historical Reports

Note: The data in these reports are collected by an automated weather station and are not checked for accuracy.
Select a Year or Month report
V/Λ2017 > Jan Feb Mar Apr May Jun Jul Aug Sep Oct Nov Dec
V/Λ2016 > Jan Feb Mar Apr May Jun Jul Aug Sep Oct Nov Dec
V/Λ2015 > Jan Feb Mar Apr May Jun Jul Aug Sep Oct Nov Dec
V/Λ2014 > Jan Feb Mar Apr May Jun Jul Aug Sep Oct Nov Dec
V/Λ2013 > Jan Feb Mar Apr May Jun Jul Aug Sep Oct Nov Dec
V/Λ2012 > Jan Feb Mar Apr May Jun Jul Aug Sep Oct Nov Dec
V/Λ2011 > Jan Feb Mar Apr May Jun Jul Aug Sep Oct Nov Dec

Report for 2012
                   Annual Climatological Summary for 2012

Name: Timber Ridge   City: Prospect   State: KY
Elevation: 472 ft  Lat: N 38 19' 55"   Lon: W 085 36' 58"

                  Temperature (F), Heat Base: 65.0  Cool Base: 65.0
                          Dep.  Heat  Cool                       Max  Max  Min  Min
        Mean  Mean        From  Deg   Deg                        >=   <=   <=   <=
 YR MO  Max   Min   Mean  Norm  Days  Days  Hi  Date  Low  Date 80.0 32.0 32.0   0.0
------------------------------------------------------------------------------------
 12  1  46.3  28.5  37.7   4.7   846     0  61.7  17  17.6   13    0    2   23    0
 12  2  49.6  32.2  40.5   2.9   709     0  67.8  29  18.3   12    0    0   12    0
 12  3  69.2  46.8  57.5  10.6   261    28  84.7  20  28.6   10    7    0    4    0
 12  4  68.8  46.5  57.5   1.1   245    19  83.8   3  33.6   12    4    0    0    0
 12  5  80.8  60.3  69.7   3.9    18   165  92.1  27  48.0   11   19    0    0    0
 12  6  84.9  62.1  72.9  -1.3    24   265 101.1  29  50.2    2   24    0    0    0
 12  7  91.9  70.9  80.3   1.9     0   466 102.4   7  65.8   22   31    0    0    0
 12  8  86.3  64.7  74.6  -2.4    15   312  95.7   8  56.5   12   26    0    0    0
 12  9  77.1  58.8  67.1  -3.0    81   144  90.1   1  40.6   24    8    0    0    0
 12 10  65.2  46.5  55.3  -3.2   335    33  79.3  23  34.3   11    0    0    0    0
 12 11  54.5  31.5  42.1  -5.5   688     1  71.4  10  23.5   29    0    0   17    0
 12 12  50.0  35.4  42.6   5.0   679     1  72.1   3  20.2   30    0    0   14    0
------------------------------------------------------------------------------------
        68.7  48.7  58.1   1.2  3906  1436 102.4 Jul  17.6  Jan  119    2   70    0

                                Precipitation (in)

              Dep.   Max        Days of Rain
              From   Obs.           >=
 YR MO Total  Norm   Day Date 0.01 0.10 1.00
---------------------------------------------
 12  1  4.65  1.37  1.93  26     9    7    1
 12  2  1.90 -1.35  0.55  29    11    7    0
 12  3  4.30 -0.11  1.54  23    10    9    1
 12  4  3.74 -0.17  1.26   1    10    8    1
 12  5  7.33  2.45  2.87  13     7    4    3
 12  6  1.19 -2.57  0.71   1     6    3    0
 12  7  3.94 -0.36  0.98  18     9    8    0
 12  8  1.15 -2.26  0.79  16     6    2    0
 12  9  7.36  4.31  2.64  26    12    8    2
 12 10  2.36 -0.43  0.94   1     7    4    0
 12 11  0.75 -3.06  0.59  12     5    1    0
 12 12  6.60  2.91  1.26   9    18   12    2
---------------------------------------------
       45.27  0.73  2.87  May  110   73   10

                                Wind Speed (mph)
                          Dom
 YR MO   Avg.  Hi   Date  Dir
------------------------------
 12  1   2.5  25.5    1   WSW
 12  2   1.7  26.2   24   WSW
 12  3   1.7  34.2    2   WSW
 12  4   1.2  17.0    9    NW
 12  5   0.4  10.5    2     W
 12  6   0.4   8.7   26    NW
 12  7   0.4  15.4   18    NW
 12  8   0.5  10.1    3   WNW
 12  9   0.3  13.6    5    SW
 12 10   0.0   0.0    0   ---
 12 11   0.4  17.0   23   WSW
 12 12   1.1  26.0   20    SW
------------------------------
         0.9  34.2  Mar     W