westclay - carmel IN - NOAA Style Historical Reports

Note: The data in these reports are collected by an automated weather station and are not checked for accuracy.
Select a Year or Month report

Report for 2011 Dec
                   Monthly Climatological Summary for Dec 2011

Name:  Timber Ridge   City:  Prospect   State:  KY
Elevation: 472 ft  Lat: N 38 19' 55"   Lon: W 085 36' 58"

                  Temperature (F), Rain (in), Wind Speed (mph)

                                      Heat  Cool        Avg
    Mean                              Deg   Deg         Wind                 Dom
Day Temp  High   Time   Low    Time   Days  Days  Rain  Speed High   Time    Dir
----------------------------------------------------------------------------------
 1  34.5  46.2   15:12  26.1   08:01  30.5   0.0  0.00   0.6   6.3   12:15   WSW
 2  37.7  50.5   14:51  29.3   07:04  27.3   0.0  0.00   0.3   5.4   11:43     N
 3  45.2  60.6   15:52  34.5   07:51  19.8   0.0  0.00   0.3   6.3   23:06     E
 4  51.9  57.9   11:33  45.3   01:48  13.1   0.0  0.63   1.0  12.8   05:05   SSW
 5  47.2  51.6   05:32  43.0   23:53  17.8   0.0  2.44   1.0   7.2   16:15     W
 6  38.9  43.0   00:00  36.1   23:16  26.1   0.0  0.04   1.5   8.7   00:52   NNW
 7  35.8  38.3   13:25  32.0   21:25  29.2   0.0  0.00   2.9  11.0   12:27   WNW
 8  34.1  44.1   15:44  28.0   06:27  30.9   0.0  0.00   1.1  10.1   13:19   WSW
 9  35.4  46.4   14:41  26.6   07:43  29.6   0.0  0.00   1.9  10.1   12:43     W
10  29.0  34.5   15:26  23.7   23:48  36.0   0.0  0.00   1.5   8.7   12:45     W
11  28.2  40.3   15:58  19.6   08:14  36.8   0.0  0.00   0.6   6.3   11:19   ENE
12  33.1  48.4   14:58  23.0   07:56  31.9   0.0  0.00   0.5   5.8   12:37     W
13  42.0  50.5   15:05  32.4   01:05  23.0   0.0  0.00   0.4   7.6   12:50   WSW
14  53.7  64.2   13:38  44.4   04:42  11.3   0.0  0.00   1.0  14.1   11:54   SSW
15  55.4  63.3   13:39  39.2   23:16   9.6   0.0  0.59   4.0  17.4   15:32   WSW
16  37.0  39.6   14:08  35.1   06:43  28.0   0.0  0.00   1.5  11.0   00:55   WNW
17  35.2  40.8   16:01  28.6   08:14  29.8   0.0  0.00   1.6   9.6   12:57   WSW
18  38.2  50.5   15:28  27.7   07:12  26.8   0.0  0.00   1.0   9.6   15:29   WSW
19  45.6  53.4   13:45  32.5   02:39  19.4   0.0  0.00   1.3  11.4   09:16    SW
20  48.4  58.3   22:37  39.0   05:42  16.6   0.0  0.12   0.3   8.7   22:47     E
21  54.7  58.8   04:25  49.3   23:54  10.3   0.0  0.63   2.0  13.2   11:35    SW
22  45.6  49.3   00:00  43.2   23:57  19.4   0.0  0.55   0.3   8.3   18:58   WSW
23  40.9  43.5   02:02  36.3   23:56  24.1   0.0  0.00   1.3   8.3   22:14     W
24  35.1  42.4   15:04  29.5   08:06  29.9   0.0  0.00   1.0  10.1   15:01    SW
25  38.9  53.1   16:09  28.8   08:12  26.1   0.0  0.00   2.1  17.9   16:09   WSW
26  36.6  44.6   14:58  27.5   08:30  28.4   0.0  0.00   0.7   9.6   13:49     E
27  38.5  41.2   10:21  35.6   13:17  26.5   0.0  0.79   3.6  19.7   12:38   WSW
28  36.6  41.2   14:56  32.2   08:33  28.4   0.0  0.00   2.8  13.2   05:22   WSW
29  43.1  54.5   16:05  31.8   03:44  21.9   0.0  0.00   1.5  13.2   15:19   SSW
30  50.8  58.5   14:37  43.0   00:29  14.2   0.0  0.00   2.7  19.2   16:05    SW
31  44.8  51.1   00:00  36.9   23:06  20.2   0.0  0.00   3.0  18.8   00:07   WSW
----------------------------------------------------------------------------------
    41.0  64.2    14    19.6    11   742.9   0.0  5.79   1.5  19.7    27     WSW

Max >=  80.0:  0
Max <=  32.0:  0
Min <=  32.0: 14
Min <=   0.0:  0
Max Rain: 2.44 on day 5
Days of Rain: 8 (>= 0.01 in)  7 (>= 0.10 in)  1 (>= 1.00 in)
Heat Base: 65.0  Cool Base: 65.0  Method: Integration