westclay - carmel IN - NOAA Style Historical Reports

Note: The data in these reports are collected by an automated weather station and are not checked for accuracy.
Select a Year or Month report
V/Λ2017 > Jan Feb Mar Apr May Jun Jul Aug Sep Oct Nov Dec V/Λ2016 > Jan Feb Mar Apr May Jun Jul Aug Sep Oct Nov Dec V/Λ2015 > Jan Feb Mar Apr May Jun Jul Aug Sep Oct Nov Dec V/Λ2014 > Jan Feb Mar Apr May Jun Jul Aug Sep Oct Nov Dec V/Λ2013 > Jan Feb Mar Apr May Jun Jul Aug Sep Oct Nov Dec V/Λ2012 > Jan Feb Mar Apr May Jun Jul Aug Sep Oct Nov Dec V/Λ2011 > Jan Feb Mar Apr May Jun Jul Aug Sep Oct Nov Dec

Report for 2011 Nov
                   Monthly Climatological Summary for Nov 2011

Name:  Timber Ridge   City:  Prospect   State:  KY
Elevation: 472 ft  Lat: N 38 19' 55"   Lon: W 085 36' 58"

                  Temperature (F), Rain (in), Wind Speed (mph)

                                      Heat  Cool        Avg
    Mean                              Deg   Deg         Wind                 Dom
Day Temp  High   Time   Low    Time   Days  Days  Rain  Speed High   Time    Dir
----------------------------------------------------------------------------------
 1  47.4  66.7   16:40  33.6   08:11  17.6   0.0  0.00   0.4   8.1   14:56    SW
 2  51.0  67.8   15:33  37.0   08:25  14.0   0.0  0.00   0.6   8.7   14:29   SSW
 3  48.0  54.0   17:14  43.0   04:26  17.0   0.0  0.47   0.4   8.3   20:03    SW
 4  49.3  58.8   16:59  39.2   23:53  15.7   0.0  0.04   1.1   9.6   05:57    NE
 5  43.6  60.4   16:54  32.2   08:07  21.4   0.0  0.00   0.5   8.1   14:03   ENE
 6  46.6  62.1   16:00  35.6   07:28  18.4   0.0  0.00   0.8  10.1   11:13   SSW
 7  53.7  70.2   16:01  41.7   01:04  11.3   0.0  0.00   0.4   7.6   10:53    SW
 8  57.8  71.6   15:35  43.5   07:08   7.2   0.0  0.00   0.9  11.0   15:08   SSW
 9  56.9  65.1   10:26  44.8   23:17   8.1   0.0  0.00   3.9  19.2   16:31   WSW
10  41.9  49.3   14:22  34.5   06:50  23.1   0.0  0.00   3.3  19.7   13:28   WSW
11  40.0  50.2   16:05  29.7   07:16  25.0   0.0  0.00   1.2  11.0   11:49    SW
12  54.0  63.7   13:52  44.2   07:37  11.0   0.0  0.00   2.3  14.5   15:25   SSW
13  63.1  70.3   16:16  55.4   00:00   1.9   0.0  0.00   3.7  15.4   11:15   SSW
14  68.8  75.2   15:41  59.2   21:35   0.0   3.8  0.47   3.6  26.2   03:43   SSW
15  56.5  60.6   01:37  53.8   07:11   8.5   0.0  0.79   0.7  12.8   03:22   WSW
16  51.3  56.3   00:00  39.9   23:59  13.7   0.0  0.51   1.3   9.2   15:19   WNW
17  39.3  47.3   13:11  30.2   23:46  25.7   0.0  0.00   3.3  18.3   14:07     W
18  36.4  50.0   15:48  25.3   06:51  28.6   0.0  0.00   0.8  11.0   13:53    SE
19  53.0  63.7   16:16  35.1   00:00  12.0   0.0  0.00   1.9  15.0   17:46   SSW
20  58.4  63.3   00:49  53.1   23:36   6.6   0.0  0.55   0.6  11.4   00:12   WSW
21  54.3  56.8   13:24  52.5   05:49  10.7   0.0  0.16   0.2   4.5   15:38    NW
22  57.5  65.1   13:36  48.4   23:45   7.5   0.0  0.98   2.2  19.2   20:37   WSW
23  47.4  49.6   13:29  45.1   22:42  17.6   0.0  0.00   3.9  13.2   00:13     W
24  44.8  50.4   15:21  36.9   23:50  20.2   0.0  0.00   0.7   8.3   10:21    SW
25  45.7  62.2   14:23  33.8   04:28  19.3   0.0  0.00   0.9  13.2   13:33   SSW
26  56.5  68.9   15:05  40.1   02:33   8.5   0.0  0.00   1.3  12.3   12:28    SE
27  51.8  63.1   00:01  42.8   23:07  13.2   0.0  1.14   2.0  10.1   00:54   WSW
28  46.0  50.2   17:21  41.4   04:16  19.0   0.0  1.73   0.9   7.6   11:59   NNE
29  40.3  46.9   00:00  35.6   19:07  24.7   0.0  0.20   2.3  15.4   21:25   WSW
30  36.7  42.4   15:22  30.6   23:50  28.3   0.0  0.00   3.1  15.0   01:20   WSW
----------------------------------------------------------------------------------
    49.9  75.2    14    25.3    18   455.8   3.8  7.04   1.6  26.2    14      SW

Max >=  80.0:  0
Max <=  32.0:  0
Min <=  32.0:  4
Min <=   0.0:  0
Max Rain: 1.73 on day 28
Days of Rain: 11 (>= 0.01 in)  10 (>= 0.10 in)  2 (>= 1.00 in)
Heat Base: 65.0  Cool Base: 65.0  Method: Integration